{"id":7449,"date":"2016-03-14T14:36:48","date_gmt":"2016-03-14T14:36:48","guid":{"rendered":"https:\/\/www.aspb.cat\/areas\/salut-ambiental\/allotjaments-infantils-i-juvenils\/"},"modified":"2024-02-21T16:37:42","modified_gmt":"2024-02-21T16:37:42","slug":"cambio-climatico","status":"publish","type":"page","link":"https:\/\/www.aspb.cat\/es\/areas\/salut-ambiental\/cambio-climatico\/","title":{"rendered":"Cambio clim\u00e1tico"},"content":{"rendered":"<p>Las consecuencias del cambio clim\u00e1tico son cada vez m\u00e1s evidentes y muestran la importante interdependencia entre el bienestar de las personas y los ecosistemas. El cambio clim\u00e1tico se considera la mayor amenaza para la salud de este siglo. Al mismo tiempo, la situaci\u00f3n actual de emergencia clim\u00e1tica exige transformaciones profundas de los actuales modelos de consumo, energ\u00e9tico, de movilidad, agroalimentario y sociocultural, entre otros. Estos cambios urgentes suponen tambi\u00e9n una oportunidad sin precedentes para redefinir a los principales determinantes sociales y ambientales de la salud.<\/p>\n<p>La <em>Ag\u00e8ncia de Salut P\u00fablica de Barcelona<\/em> estudia y realiza el seguimiento de los impactos del cambio clim\u00e1tico sobre la salud y sus determinantes. Tambi\u00e9n promueve pol\u00edticas, programas e intervenciones de mitigaci\u00f3n y adaptaci\u00f3n al cambio clim\u00e1tico justas y saludables y eval\u00faa sus efectos sobre la salud y el bienestar de la poblaci\u00f3n.<\/p>\n","protected":false},"excerpt":{"rendered":"<p>Las consecuencias del cambio clim\u00e1tico son cada vez m\u00e1s evidentes y muestran la importante interdependencia [&hellip;]\n","protected":false},"author":3,"featured_media":53261,"parent":4247,"menu_order":117,"comment_status":"closed","ping_status":"closed","template":"","meta":{"_acf_changed":false,"_monsterinsights_skip_tracking":false,"_monsterinsights_sitenote_active":false,"_monsterinsights_sitenote_note":"","_monsterinsights_sitenote_category":0,"footnotes":""},"class_list":["post-7449","page","type-page","status-publish","has-post-thumbnail","hentry","publish","author-as20pb16-x22","impar","primero"],"acf":[],"yoast_head":"<!-- This site is optimized with the Yoast SEO Premium plugin v27.5 (Yoast SEO v27.5) - https:\/\/yoast.com\/product\/yoast-seo-premium-wordpress\/ -->\n<title>Cambio clim\u00e1tico - ASPB<\/title>\n<meta name=\"robots\" content=\"index, follow, max-snippet:-1, max-image-preview:large, max-video-preview:-1\" \/>\n<link rel=\"canonical\" href=\"https:\/\/www.aspb.cat\/es\/areas\/salut-ambiental\/cambio-climatico\/\" \/>\n<meta property=\"og:locale\" content=\"es_ES\" \/>\n<meta property=\"og:type\" content=\"article\" \/>\n<meta property=\"og:title\" content=\"Cambio clim\u00e1tico\" \/>\n<meta property=\"og:description\" content=\"Las consecuencias del cambio clim\u00e1tico son cada vez m\u00e1s evidentes y muestran la importante interdependencia [&hellip;]\" \/>\n<meta property=\"og:url\" content=\"https:\/\/www.aspb.cat\/es\/areas\/salut-ambiental\/cambio-climatico\/\" \/>\n<meta property=\"og:site_name\" content=\"ASPB\" \/>\n<meta property=\"article:publisher\" content=\"https:\/\/www.facebook.com\/salutpublicabcn\" \/>\n<meta property=\"article:modified_time\" content=\"2024-02-21T16:37:42+00:00\" \/>\n<meta property=\"og:image\" content=\"https:\/\/www.aspb.cat\/wp-content\/uploads\/2024\/02\/canvi-climatic-area-aspb-02-1.jpg\" \/>\n\t<meta property=\"og:image:width\" content=\"730\" \/>\n\t<meta property=\"og:image:height\" content=\"469\" \/>\n\t<meta property=\"og:image:type\" content=\"image\/jpeg\" \/>\n<meta name=\"twitter:card\" content=\"summary_large_image\" \/>\n<meta name=\"twitter:site\" content=\"@salutpublicabcn\" \/>\n<meta name=\"twitter:label1\" content=\"Tiempo de lectura\" \/>\n\t<meta name=\"twitter:data1\" content=\"1 minuto\" \/>\n<script type=\"application\/ld+json\" class=\"yoast-schema-graph\">{\"@context\":\"https:\\\/\\\/schema.org\",\"@graph\":[{\"@type\":\"WebPage\",\"@id\":\"https:\\\/\\\/www.aspb.cat\\\/es\\\/areas\\\/salut-ambiental\\\/cambio-climatico\\\/\",\"url\":\"https:\\\/\\\/www.aspb.cat\\\/es\\\/areas\\\/salut-ambiental\\\/cambio-climatico\\\/\",\"name\":\"Cambio clim\u00e1tico - ASPB\",\"isPartOf\":{\"@id\":\"https:\\\/\\\/www.aspb.cat\\\/#website\"},\"primaryImageOfPage\":{\"@id\":\"https:\\\/\\\/www.aspb.cat\\\/es\\\/areas\\\/salut-ambiental\\\/cambio-climatico\\\/#primaryimage\"},\"image\":{\"@id\":\"https:\\\/\\\/www.aspb.cat\\\/es\\\/areas\\\/salut-ambiental\\\/cambio-climatico\\\/#primaryimage\"},\"thumbnailUrl\":\"https:\\\/\\\/www.aspb.cat\\\/wp-content\\\/uploads\\\/2024\\\/02\\\/canvi-climatic-area-aspb-02-1.jpg\",\"datePublished\":\"2016-03-14T14:36:48+00:00\",\"dateModified\":\"2024-02-21T16:37:42+00:00\",\"breadcrumb\":{\"@id\":\"https:\\\/\\\/www.aspb.cat\\\/es\\\/areas\\\/salut-ambiental\\\/cambio-climatico\\\/#breadcrumb\"},\"inLanguage\":\"es\",\"potentialAction\":[{\"@type\":\"ReadAction\",\"target\":[\"https:\\\/\\\/www.aspb.cat\\\/es\\\/areas\\\/salut-ambiental\\\/cambio-climatico\\\/\"]}]},{\"@type\":\"ImageObject\",\"inLanguage\":\"es\",\"@id\":\"https:\\\/\\\/www.aspb.cat\\\/es\\\/areas\\\/salut-ambiental\\\/cambio-climatico\\\/#primaryimage\",\"url\":\"https:\\\/\\\/www.aspb.cat\\\/wp-content\\\/uploads\\\/2024\\\/02\\\/canvi-climatic-area-aspb-02-1.jpg\",\"contentUrl\":\"https:\\\/\\\/www.aspb.cat\\\/wp-content\\\/uploads\\\/2024\\\/02\\\/canvi-climatic-area-aspb-02-1.jpg\",\"width\":730,\"height\":469},{\"@type\":\"BreadcrumbList\",\"@id\":\"https:\\\/\\\/www.aspb.cat\\\/es\\\/areas\\\/salut-ambiental\\\/cambio-climatico\\\/#breadcrumb\",\"itemListElement\":[{\"@type\":\"ListItem\",\"position\":1,\"name\":\"Inici\",\"item\":\"https:\\\/\\\/www.aspb.cat\\\/es\\\/\"},{\"@type\":\"ListItem\",\"position\":2,\"name\":\"\u00c1reas\",\"item\":\"https:\\\/\\\/www.aspb.cat\\\/es\\\/areas\\\/\"},{\"@type\":\"ListItem\",\"position\":3,\"name\":\"Salud ambiental\",\"item\":\"https:\\\/\\\/www.aspb.cat\\\/es\\\/areas\\\/salut-ambiental\\\/\"},{\"@type\":\"ListItem\",\"position\":4,\"name\":\"Cambio clim\u00e1tico\"}]},{\"@type\":\"WebSite\",\"@id\":\"https:\\\/\\\/www.aspb.cat\\\/#website\",\"url\":\"https:\\\/\\\/www.aspb.cat\\\/\",\"name\":\"ASPB\",\"description\":\"Just another WordPress site\",\"potentialAction\":[{\"@type\":\"SearchAction\",\"target\":{\"@type\":\"EntryPoint\",\"urlTemplate\":\"https:\\\/\\\/www.aspb.cat\\\/?s={search_term_string}\"},\"query-input\":{\"@type\":\"PropertyValueSpecification\",\"valueRequired\":true,\"valueName\":\"search_term_string\"}}],\"inLanguage\":\"es\"}]}<\/script>\n<!-- \/ Yoast SEO Premium plugin. -->","yoast_head_json":{"title":"Cambio clim\u00e1tico - ASPB","robots":{"index":"index","follow":"follow","max-snippet":"max-snippet:-1","max-image-preview":"max-image-preview:large","max-video-preview":"max-video-preview:-1"},"canonical":"https:\/\/www.aspb.cat\/es\/areas\/salut-ambiental\/cambio-climatico\/","og_locale":"es_ES","og_type":"article","og_title":"Cambio clim\u00e1tico","og_description":"Las consecuencias del cambio clim\u00e1tico son cada vez m\u00e1s evidentes y muestran la importante interdependencia [&hellip;]","og_url":"https:\/\/www.aspb.cat\/es\/areas\/salut-ambiental\/cambio-climatico\/","og_site_name":"ASPB","article_publisher":"https:\/\/www.facebook.com\/salutpublicabcn","article_modified_time":"2024-02-21T16:37:42+00:00","og_image":[{"width":730,"height":469,"url":"https:\/\/www.aspb.cat\/wp-content\/uploads\/2024\/02\/canvi-climatic-area-aspb-02-1.jpg","type":"image\/jpeg"}],"twitter_card":"summary_large_image","twitter_site":"@salutpublicabcn","twitter_misc":{"Tiempo de lectura":"1 minuto"},"schema":{"@context":"https:\/\/schema.org","@graph":[{"@type":"WebPage","@id":"https:\/\/www.aspb.cat\/es\/areas\/salut-ambiental\/cambio-climatico\/","url":"https:\/\/www.aspb.cat\/es\/areas\/salut-ambiental\/cambio-climatico\/","name":"Cambio clim\u00e1tico - ASPB","isPartOf":{"@id":"https:\/\/www.aspb.cat\/#website"},"primaryImageOfPage":{"@id":"https:\/\/www.aspb.cat\/es\/areas\/salut-ambiental\/cambio-climatico\/#primaryimage"},"image":{"@id":"https:\/\/www.aspb.cat\/es\/areas\/salut-ambiental\/cambio-climatico\/#primaryimage"},"thumbnailUrl":"https:\/\/www.aspb.cat\/wp-content\/uploads\/2024\/02\/canvi-climatic-area-aspb-02-1.jpg","datePublished":"2016-03-14T14:36:48+00:00","dateModified":"2024-02-21T16:37:42+00:00","breadcrumb":{"@id":"https:\/\/www.aspb.cat\/es\/areas\/salut-ambiental\/cambio-climatico\/#breadcrumb"},"inLanguage":"es","potentialAction":[{"@type":"ReadAction","target":["https:\/\/www.aspb.cat\/es\/areas\/salut-ambiental\/cambio-climatico\/"]}]},{"@type":"ImageObject","inLanguage":"es","@id":"https:\/\/www.aspb.cat\/es\/areas\/salut-ambiental\/cambio-climatico\/#primaryimage","url":"https:\/\/www.aspb.cat\/wp-content\/uploads\/2024\/02\/canvi-climatic-area-aspb-02-1.jpg","contentUrl":"https:\/\/www.aspb.cat\/wp-content\/uploads\/2024\/02\/canvi-climatic-area-aspb-02-1.jpg","width":730,"height":469},{"@type":"BreadcrumbList","@id":"https:\/\/www.aspb.cat\/es\/areas\/salut-ambiental\/cambio-climatico\/#breadcrumb","itemListElement":[{"@type":"ListItem","position":1,"name":"Inici","item":"https:\/\/www.aspb.cat\/es\/"},{"@type":"ListItem","position":2,"name":"\u00c1reas","item":"https:\/\/www.aspb.cat\/es\/areas\/"},{"@type":"ListItem","position":3,"name":"Salud ambiental","item":"https:\/\/www.aspb.cat\/es\/areas\/salut-ambiental\/"},{"@type":"ListItem","position":4,"name":"Cambio clim\u00e1tico"}]},{"@type":"WebSite","@id":"https:\/\/www.aspb.cat\/#website","url":"https:\/\/www.aspb.cat\/","name":"ASPB","description":"Just another WordPress site","potentialAction":[{"@type":"SearchAction","target":{"@type":"EntryPoint","urlTemplate":"https:\/\/www.aspb.cat\/?s={search_term_string}"},"query-input":{"@type":"PropertyValueSpecification","valueRequired":true,"valueName":"search_term_string"}}],"inLanguage":"es"}]}},"_links":{"self":[{"href":"https:\/\/www.aspb.cat\/es\/wp-json\/wp\/v2\/pages\/7449","targetHints":{"allow":["GET"]}}],"collection":[{"href":"https:\/\/www.aspb.cat\/es\/wp-json\/wp\/v2\/pages"}],"about":[{"href":"https:\/\/www.aspb.cat\/es\/wp-json\/wp\/v2\/types\/page"}],"author":[{"embeddable":true,"href":"https:\/\/www.aspb.cat\/es\/wp-json\/wp\/v2\/users\/3"}],"replies":[{"embeddable":true,"href":"https:\/\/www.aspb.cat\/es\/wp-json\/wp\/v2\/comments?post=7449"}],"version-history":[{"count":5,"href":"https:\/\/www.aspb.cat\/es\/wp-json\/wp\/v2\/pages\/7449\/revisions"}],"predecessor-version":[{"id":53581,"href":"https:\/\/www.aspb.cat\/es\/wp-json\/wp\/v2\/pages\/7449\/revisions\/53581"}],"up":[{"embeddable":true,"href":"https:\/\/www.aspb.cat\/es\/wp-json\/wp\/v2\/pages\/4247"}],"wp:featuredmedia":[{"embeddable":true,"href":"https:\/\/www.aspb.cat\/es\/wp-json\/wp\/v2\/media\/53261"}],"wp:attachment":[{"href":"https:\/\/www.aspb.cat\/es\/wp-json\/wp\/v2\/media?parent=7449"}],"curies":[{"name":"wp","href":"https:\/\/api.w.org\/{rel}","templated":true}]}}

Cambio climático

<p>Las consecuencias del cambio climático son cada vez más evidentes y muestran la importante interdependencia entre el bienestar de las personas y los ecosistemas. El cambio climático se considera la mayor amenaza para la salud de este siglo. Al mismo tiempo, la situación actual de emergencia climática exige transformaciones profundas de los actuales modelos de consumo, energético, de movilidad, agroalimentario y sociocultural, entre otros. Estos cambios urgentes suponen también una oportunidad sin precedentes para redefinir a los principales determinantes sociales y ambientales de la salud.</p>
<p>La <em>Agència de Salut Pública de Barcelona</em> estudia y realiza el seguimiento de los impactos del cambio climático sobre la salud y sus determinantes. También promueve políticas, programas e intervenciones de mitigación y adaptación al cambio climático justas y saludables y evalúa sus efectos sobre la salud y el bienestar de la población.</p>

<p>Las consecuencias del cambio climático son cada vez más evidentes y muestran la importante interdependencia [&hellip;]

<!-- This site is optimized with the Yoast SEO Premium plugin v27.5 (Yoast SEO v27.5) - https://yoast.com/product/yoast-seo-premium-wordpress/ -->
<title>Cambio climático - ASPB</title>
<meta name="robots" content="index, follow, max-snippet:-1, max-image-preview:large, max-video-preview:-1" />
<link rel="canonical" href="https://www.aspb.cat/es/areas/salut-ambiental/cambio-climatico/" />
<meta property="og:locale" content="es_ES" />
<meta property="og:type" content="article" />
<meta property="og:title" content="Cambio climático" />
<meta property="og:description" content="Las consecuencias del cambio climático son cada vez más evidentes y muestran la importante interdependencia [&hellip;]" />
<meta property="og:url" content="https://www.aspb.cat/es/areas/salut-ambiental/cambio-climatico/" />
<meta property="og:site_name" content="ASPB" />
<meta property="article:publisher" content="https://www.facebook.com/salutpublicabcn" />
<meta property="article:modified_time" content="2024-02-21T16:37:42+00:00" />
<meta property="og:image" content="https://www.aspb.cat/wp-content/uploads/2024/02/canvi-climatic-area-aspb-02-1.jpg" />
	<meta property="og:image:width" content="730" />
	<meta property="og:image:height" content="469" />
	<meta property="og:image:type" content="image/jpeg" />
<meta name="twitter:card" content="summary_large_image" />
<meta name="twitter:site" content="@salutpublicabcn" />
<meta name="twitter:label1" content="Tiempo de lectura" />
	<meta name="twitter:data1" content="1 minuto" />
<script type="application/ld+json" class="yoast-schema-graph">{"@context":"https:\/\/schema.org","@graph":[{"@type":"WebPage","@id":"https:\/\/www.aspb.cat\/es\/areas\/salut-ambiental\/cambio-climatico\/","url":"https:\/\/www.aspb.cat\/es\/areas\/salut-ambiental\/cambio-climatico\/","name":"Cambio climático - ASPB","isPartOf":{"@id":"https:\/\/www.aspb.cat\/#website"},"primaryImageOfPage":{"@id":"https:\/\/www.aspb.cat\/es\/areas\/salut-ambiental\/cambio-climatico\/#primaryimage"},"image":{"@id":"https:\/\/www.aspb.cat\/es\/areas\/salut-ambiental\/cambio-climatico\/#primaryimage"},"thumbnailUrl":"https:\/\/www.aspb.cat\/wp-content\/uploads\/2024\/02\/canvi-climatic-area-aspb-02-1.jpg","datePublished":"2016-03-14T14:36:48+00:00","dateModified":"2024-02-21T16:37:42+00:00","breadcrumb":{"@id":"https:\/\/www.aspb.cat\/es\/areas\/salut-ambiental\/cambio-climatico\/#breadcrumb"},"inLanguage":"es","potentialAction":[{"@type":"ReadAction","target":["https:\/\/www.aspb.cat\/es\/areas\/salut-ambiental\/cambio-climatico\/"]}]},{"@type":"ImageObject","inLanguage":"es","@id":"https:\/\/www.aspb.cat\/es\/areas\/salut-ambiental\/cambio-climatico\/#primaryimage","url":"https:\/\/www.aspb.cat\/wp-content\/uploads\/2024\/02\/canvi-climatic-area-aspb-02-1.jpg","contentUrl":"https:\/\/www.aspb.cat\/wp-content\/uploads\/2024\/02\/canvi-climatic-area-aspb-02-1.jpg","width":730,"height":469},{"@type":"BreadcrumbList","@id":"https:\/\/www.aspb.cat\/es\/areas\/salut-ambiental\/cambio-climatico\/#breadcrumb","itemListElement":[{"@type":"ListItem","position":1,"name":"Inici","item":"https:\/\/www.aspb.cat\/es\/"},{"@type":"ListItem","position":2,"name":"Áreas","item":"https:\/\/www.aspb.cat\/es\/areas\/"},{"@type":"ListItem","position":3,"name":"Salud ambiental","item":"https:\/\/www.aspb.cat\/es\/areas\/salut-ambiental\/"},{"@type":"ListItem","position":4,"name":"Cambio climático"}]},{"@type":"WebSite","@id":"https:\/\/www.aspb.cat\/#website","url":"https:\/\/www.aspb.cat\/","name":"ASPB","description":"Just another WordPress site","potentialAction":[{"@type":"SearchAction","target":{"@type":"EntryPoint","urlTemplate":"https:\/\/www.aspb.cat\/?s={search_term_string}"},"query-input":{"@type":"PropertyValueSpecification","valueRequired":true,"valueName":"search_term_string"}}],"inLanguage":"es"}]}</script>
<!-- / Yoast SEO Premium plugin. -->

Cambio climático - ASPB

Las consecuencias del cambio climático son cada vez más evidentes y muestran la importante interdependencia [&hellip;]

Áreas
