{"id":7178,"date":"2016-02-02T15:31:26","date_gmt":"2016-02-02T15:31:26","guid":{"rendered":"https:\/\/www.aspb.cat\/la-agencia\/comunicacio-i-imatge\/"},"modified":"2025-10-02T11:31:28","modified_gmt":"2025-10-02T11:31:28","slug":"imagen-corporativa","status":"publish","type":"page","link":"https:\/\/www.aspb.cat\/es\/la-agencia\/imagen-corporativa\/","title":{"rendered":"Imagen corporativa"},"content":{"rendered":"<p>En la <em>Ag\u00e8ncia de Salut P\u00fablica de Barcelona<\/em> (ASPB) nos relacionamos con la comunidad a trav\u00e9s de la comunicaci\u00f3n, que tambi\u00e9n utilizamos en la relaci\u00f3n con las personas que forman parte de la organizaci\u00f3n. La comunicaci\u00f3n est\u00e1 a nuestro servicio y vela por el desempe\u00f1o de nuestra misi\u00f3n y de la visi\u00f3n de futuro que gu\u00eda nuestras actuaciones. Las personas a las que se dirigen nuestras acciones comunicativas son la ciudadan\u00eda de Barcelona y las personas que la representan, las personas usuarias de nuestros servicios, los medios de comunicaci\u00f3n, las organizaciones aliadas y las personas que forman parte de nuestro equipo profesional. En este sentido, la nueva web tiene un papel clave y es una herramienta que contribuye a la consecuci\u00f3n de una comunicaci\u00f3n bidireccional.<\/p>\n<p>Queremos transmitir nuestra misi\u00f3n, visi\u00f3n y valores -aprobados en Junta de Gobierno-, as\u00ed como los objetivos a partir de los cuales definimos nuestras propias estrategias y actuaciones. Y tambi\u00e9n queremos ser una organizaci\u00f3n orientada a la ciudadan\u00eda; por eso, fundamentamos nuestras acciones en los siguientes valores:<\/p>\n<ul>\n<li>La transparencia y participaci\u00f3n.<\/li>\n<li>La actuaci\u00f3n fundamentada en la evidencia y la evaluaci\u00f3n.<\/li>\n<li>La capacidad de respuesta.<\/li>\n<li>La eficiencia en el uso de recursos.<\/li>\n<\/ul>\n<p>Utilice esta web como una puerta de entrada a nuestra organizaci\u00f3n y descubra qu\u00e9 podemos hacer para las personas que viven, trabajan o visitan Barcelona. Nosotros responderemos oportunamente a cada requerimiento que nos haga.<\/p>\n\n\n<div class=\"figure\"><\/div>\n","protected":false},"excerpt":{"rendered":"<p>En la Ag\u00e8ncia de Salut P\u00fablica de Barcelona (ASPB) nos relacionamos con la comunidad a [&hellip;]\n","protected":false},"author":3,"featured_media":0,"parent":4214,"menu_order":229,"comment_status":"closed","ping_status":"closed","template":"","meta":{"_acf_changed":false,"_monsterinsights_skip_tracking":false,"_monsterinsights_sitenote_active":false,"_monsterinsights_sitenote_note":"","_monsterinsights_sitenote_category":0,"footnotes":""},"class_list":["post-7178","page","type-page","status-publish","hentry","publish","author-as20pb16-x22","impar","primero"],"acf":[],"yoast_head":"<!-- This site is optimized with the Yoast SEO Premium plugin v27.5 (Yoast SEO v27.5) - https:\/\/yoast.com\/product\/yoast-seo-premium-wordpress\/ -->\n<title>Imagen corporativa - ASPB<\/title>\n<meta name=\"robots\" content=\"index, follow, max-snippet:-1, max-image-preview:large, max-video-preview:-1\" \/>\n<link rel=\"canonical\" href=\"https:\/\/www.aspb.cat\/es\/la-agencia\/imagen-corporativa\/\" \/>\n<meta property=\"og:locale\" content=\"es_ES\" \/>\n<meta property=\"og:type\" content=\"article\" \/>\n<meta property=\"og:title\" content=\"Imagen corporativa\" \/>\n<meta property=\"og:description\" content=\"En la Ag\u00e8ncia de Salut P\u00fablica de Barcelona (ASPB) nos relacionamos con la comunidad a [&hellip;]\" \/>\n<meta property=\"og:url\" content=\"https:\/\/www.aspb.cat\/es\/la-agencia\/imagen-corporativa\/\" \/>\n<meta property=\"og:site_name\" content=\"ASPB\" \/>\n<meta property=\"article:publisher\" content=\"https:\/\/www.facebook.com\/salutpublicabcn\" \/>\n<meta property=\"article:modified_time\" content=\"2025-10-02T11:31:28+00:00\" \/>\n<meta name=\"twitter:card\" content=\"summary_large_image\" \/>\n<meta name=\"twitter:site\" content=\"@salutpublicabcn\" \/>\n<meta name=\"twitter:label1\" content=\"Tiempo de lectura\" \/>\n\t<meta name=\"twitter:data1\" content=\"2 minutos\" \/>\n<script type=\"application\/ld+json\" class=\"yoast-schema-graph\">{\"@context\":\"https:\\\/\\\/schema.org\",\"@graph\":[{\"@type\":\"WebPage\",\"@id\":\"https:\\\/\\\/www.aspb.cat\\\/es\\\/la-agencia\\\/imagen-corporativa\\\/\",\"url\":\"https:\\\/\\\/www.aspb.cat\\\/es\\\/la-agencia\\\/imagen-corporativa\\\/\",\"name\":\"Imagen corporativa - ASPB\",\"isPartOf\":{\"@id\":\"https:\\\/\\\/www.aspb.cat\\\/#website\"},\"datePublished\":\"2016-02-02T15:31:26+00:00\",\"dateModified\":\"2025-10-02T11:31:28+00:00\",\"breadcrumb\":{\"@id\":\"https:\\\/\\\/www.aspb.cat\\\/es\\\/la-agencia\\\/imagen-corporativa\\\/#breadcrumb\"},\"inLanguage\":\"es\",\"potentialAction\":[{\"@type\":\"ReadAction\",\"target\":[\"https:\\\/\\\/www.aspb.cat\\\/es\\\/la-agencia\\\/imagen-corporativa\\\/\"]}]},{\"@type\":\"BreadcrumbList\",\"@id\":\"https:\\\/\\\/www.aspb.cat\\\/es\\\/la-agencia\\\/imagen-corporativa\\\/#breadcrumb\",\"itemListElement\":[{\"@type\":\"ListItem\",\"position\":1,\"name\":\"Inici\",\"item\":\"https:\\\/\\\/www.aspb.cat\\\/es\\\/\"},{\"@type\":\"ListItem\",\"position\":2,\"name\":\"La Agencia\",\"item\":\"https:\\\/\\\/www.aspb.cat\\\/es\\\/la-agencia\\\/\"},{\"@type\":\"ListItem\",\"position\":3,\"name\":\"Imagen corporativa\"}]},{\"@type\":\"WebSite\",\"@id\":\"https:\\\/\\\/www.aspb.cat\\\/#website\",\"url\":\"https:\\\/\\\/www.aspb.cat\\\/\",\"name\":\"ASPB\",\"description\":\"Just another WordPress site\",\"potentialAction\":[{\"@type\":\"SearchAction\",\"target\":{\"@type\":\"EntryPoint\",\"urlTemplate\":\"https:\\\/\\\/www.aspb.cat\\\/?s={search_term_string}\"},\"query-input\":{\"@type\":\"PropertyValueSpecification\",\"valueRequired\":true,\"valueName\":\"search_term_string\"}}],\"inLanguage\":\"es\"}]}<\/script>\n<!-- \/ Yoast SEO Premium plugin. -->","yoast_head_json":{"title":"Imagen corporativa - ASPB","robots":{"index":"index","follow":"follow","max-snippet":"max-snippet:-1","max-image-preview":"max-image-preview:large","max-video-preview":"max-video-preview:-1"},"canonical":"https:\/\/www.aspb.cat\/es\/la-agencia\/imagen-corporativa\/","og_locale":"es_ES","og_type":"article","og_title":"Imagen corporativa","og_description":"En la Ag\u00e8ncia de Salut P\u00fablica de Barcelona (ASPB) nos relacionamos con la comunidad a [&hellip;]","og_url":"https:\/\/www.aspb.cat\/es\/la-agencia\/imagen-corporativa\/","og_site_name":"ASPB","article_publisher":"https:\/\/www.facebook.com\/salutpublicabcn","article_modified_time":"2025-10-02T11:31:28+00:00","twitter_card":"summary_large_image","twitter_site":"@salutpublicabcn","twitter_misc":{"Tiempo de lectura":"2 minutos"},"schema":{"@context":"https:\/\/schema.org","@graph":[{"@type":"WebPage","@id":"https:\/\/www.aspb.cat\/es\/la-agencia\/imagen-corporativa\/","url":"https:\/\/www.aspb.cat\/es\/la-agencia\/imagen-corporativa\/","name":"Imagen corporativa - ASPB","isPartOf":{"@id":"https:\/\/www.aspb.cat\/#website"},"datePublished":"2016-02-02T15:31:26+00:00","dateModified":"2025-10-02T11:31:28+00:00","breadcrumb":{"@id":"https:\/\/www.aspb.cat\/es\/la-agencia\/imagen-corporativa\/#breadcrumb"},"inLanguage":"es","potentialAction":[{"@type":"ReadAction","target":["https:\/\/www.aspb.cat\/es\/la-agencia\/imagen-corporativa\/"]}]},{"@type":"BreadcrumbList","@id":"https:\/\/www.aspb.cat\/es\/la-agencia\/imagen-corporativa\/#breadcrumb","itemListElement":[{"@type":"ListItem","position":1,"name":"Inici","item":"https:\/\/www.aspb.cat\/es\/"},{"@type":"ListItem","position":2,"name":"La Agencia","item":"https:\/\/www.aspb.cat\/es\/la-agencia\/"},{"@type":"ListItem","position":3,"name":"Imagen corporativa"}]},{"@type":"WebSite","@id":"https:\/\/www.aspb.cat\/#website","url":"https:\/\/www.aspb.cat\/","name":"ASPB","description":"Just another WordPress site","potentialAction":[{"@type":"SearchAction","target":{"@type":"EntryPoint","urlTemplate":"https:\/\/www.aspb.cat\/?s={search_term_string}"},"query-input":{"@type":"PropertyValueSpecification","valueRequired":true,"valueName":"search_term_string"}}],"inLanguage":"es"}]}},"_links":{"self":[{"href":"https:\/\/www.aspb.cat\/es\/wp-json\/wp\/v2\/pages\/7178","targetHints":{"allow":["GET"]}}],"collection":[{"href":"https:\/\/www.aspb.cat\/es\/wp-json\/wp\/v2\/pages"}],"about":[{"href":"https:\/\/www.aspb.cat\/es\/wp-json\/wp\/v2\/types\/page"}],"author":[{"embeddable":true,"href":"https:\/\/www.aspb.cat\/es\/wp-json\/wp\/v2\/users\/3"}],"replies":[{"embeddable":true,"href":"https:\/\/www.aspb.cat\/es\/wp-json\/wp\/v2\/comments?post=7178"}],"version-history":[{"count":15,"href":"https:\/\/www.aspb.cat\/es\/wp-json\/wp\/v2\/pages\/7178\/revisions"}],"predecessor-version":[{"id":60251,"href":"https:\/\/www.aspb.cat\/es\/wp-json\/wp\/v2\/pages\/7178\/revisions\/60251"}],"up":[{"embeddable":true,"href":"https:\/\/www.aspb.cat\/es\/wp-json\/wp\/v2\/pages\/4214"}],"wp:attachment":[{"href":"https:\/\/www.aspb.cat\/es\/wp-json\/wp\/v2\/media?parent=7178"}],"curies":[{"name":"wp","href":"https:\/\/api.w.org\/{rel}","templated":true}]}}

<p>En la <em>Agència de Salut Pública de Barcelona</em> (ASPB) nos relacionamos con la comunidad a través de la comunicación, que también utilizamos en la relación con las personas que forman parte de la organización. La comunicación está a nuestro servicio y vela por el desempeño de nuestra misión y de la visión de futuro que guía nuestras actuaciones. Las personas a las que se dirigen nuestras acciones comunicativas son la ciudadanía de Barcelona y las personas que la representan, las personas usuarias de nuestros servicios, los medios de comunicación, las organizaciones aliadas y las personas que forman parte de nuestro equipo profesional. En este sentido, la nueva web tiene un papel clave y es una herramienta que contribuye a la consecución de una comunicación bidireccional.</p>
<p>Queremos transmitir nuestra misión, visión y valores -aprobados en Junta de Gobierno-, así como los objetivos a partir de los cuales definimos nuestras propias estrategias y actuaciones. Y también queremos ser una organización orientada a la ciudadanía; por eso, fundamentamos nuestras acciones en los siguientes valores:</p>
<ul>
<li>La transparencia y participación.</li>
<li>La actuación fundamentada en la evidencia y la evaluación.</li>
<li>La capacidad de respuesta.</li>
<li>La eficiencia en el uso de recursos.</li>
</ul>
<p>Utilice esta web como una puerta de entrada a nuestra organización y descubra qué podemos hacer para las personas que viven, trabajan o visitan Barcelona. Nosotros responderemos oportunamente a cada requerimiento que nos haga.</p>


<div class="figure"></div>

<p>En la Agència de Salut Pública de Barcelona (ASPB) nos relacionamos con la comunidad a [&hellip;]

<!-- This site is optimized with the Yoast SEO Premium plugin v27.5 (Yoast SEO v27.5) - https://yoast.com/product/yoast-seo-premium-wordpress/ -->
<title>Imagen corporativa - ASPB</title>
<meta name="robots" content="index, follow, max-snippet:-1, max-image-preview:large, max-video-preview:-1" />
<link rel="canonical" href="https://www.aspb.cat/es/la-agencia/imagen-corporativa/" />
<meta property="og:locale" content="es_ES" />
<meta property="og:type" content="article" />
<meta property="og:title" content="Imagen corporativa" />
<meta property="og:description" content="En la Agència de Salut Pública de Barcelona (ASPB) nos relacionamos con la comunidad a [&hellip;]" />
<meta property="og:url" content="https://www.aspb.cat/es/la-agencia/imagen-corporativa/" />
<meta property="og:site_name" content="ASPB" />
<meta property="article:publisher" content="https://www.facebook.com/salutpublicabcn" />
<meta property="article:modified_time" content="2025-10-02T11:31:28+00:00" />
<meta name="twitter:card" content="summary_large_image" />
<meta name="twitter:site" content="@salutpublicabcn" />
<meta name="twitter:label1" content="Tiempo de lectura" />
	<meta name="twitter:data1" content="2 minutos" />
<script type="application/ld+json" class="yoast-schema-graph">{"@context":"https:\/\/schema.org","@graph":[{"@type":"WebPage","@id":"https:\/\/www.aspb.cat\/es\/la-agencia\/imagen-corporativa\/","url":"https:\/\/www.aspb.cat\/es\/la-agencia\/imagen-corporativa\/","name":"Imagen corporativa - ASPB","isPartOf":{"@id":"https:\/\/www.aspb.cat\/#website"},"datePublished":"2016-02-02T15:31:26+00:00","dateModified":"2025-10-02T11:31:28+00:00","breadcrumb":{"@id":"https:\/\/www.aspb.cat\/es\/la-agencia\/imagen-corporativa\/#breadcrumb"},"inLanguage":"es","potentialAction":[{"@type":"ReadAction","target":["https:\/\/www.aspb.cat\/es\/la-agencia\/imagen-corporativa\/"]}]},{"@type":"BreadcrumbList","@id":"https:\/\/www.aspb.cat\/es\/la-agencia\/imagen-corporativa\/#breadcrumb","itemListElement":[{"@type":"ListItem","position":1,"name":"Inici","item":"https:\/\/www.aspb.cat\/es\/"},{"@type":"ListItem","position":2,"name":"La Agencia","item":"https:\/\/www.aspb.cat\/es\/la-agencia\/"},{"@type":"ListItem","position":3,"name":"Imagen corporativa"}]},{"@type":"WebSite","@id":"https:\/\/www.aspb.cat\/#website","url":"https:\/\/www.aspb.cat\/","name":"ASPB","description":"Just another WordPress site","potentialAction":[{"@type":"SearchAction","target":{"@type":"EntryPoint","urlTemplate":"https:\/\/www.aspb.cat\/?s={search_term_string}"},"query-input":{"@type":"PropertyValueSpecification","valueRequired":true,"valueName":"search_term_string"}}],"inLanguage":"es"}]}</script>
<!-- / Yoast SEO Premium plugin. -->

En la Agència de Salut Pública de Barcelona (ASPB) nos relacionamos con la comunidad a [&hellip;]
