{"id":16140,"date":"2019-08-30T09:26:58","date_gmt":"2019-08-30T09:26:58","guid":{"rendered":"https:\/\/www.aspb.cat\/?page_id=16140"},"modified":"2026-04-20T06:24:30","modified_gmt":"2026-04-20T06:24:30","slug":"treballar-aspb","status":"publish","type":"page","link":"https:\/\/www.aspb.cat\/es\/la-agencia\/treballar-aspb\/","title":{"rendered":"Treballar a l&#8217;ASPB"},"content":{"rendered":"<p>Com a organitzaci\u00f3 p\u00fablica, l\u2019Ag\u00e8ncia de Salut P\u00fablica de Barcelona selecciona el seu nou personal en base als requisits constitucionals d\u2019igualtat, m\u00e8rit i capacitat, aix\u00ed com al de publicitat. Altrament, participa en estructures de recerca que seleccionen personal que s\u2019adscriu temporalment a l\u2019Ag\u00e8ncia.<\/p>\n<p>Les ofertes i convocat\u00f2ries es fan p\u00fabliques aqu\u00ed.<\/p>\n<p><strong>Per consultar l&#8217;estat de les borses cliqueu <a href=\"https:\/\/seuelectronica.ajuntament.barcelona.cat\/ca\/consulta-i-estat-de-les-borses-de-treball\" target=\"_blank\" rel=\"noopener noreferrer\"> aqu\u00ed <\/a><\/strong><\/p>\n<div class=\"moure_faqs_aqui\"><\/div>\n<div class=\"moure_faqs_aqui\"><\/div>\n","protected":false},"excerpt":{"rendered":"<p>Com a organitzaci\u00f3 p\u00fablica, l\u2019Ag\u00e8ncia de Salut P\u00fablica de Barcelona selecciona el seu nou personal [&hellip;]\n","protected":false},"author":21,"featured_media":0,"parent":4214,"menu_order":232,"comment_status":"closed","ping_status":"closed","template":"","meta":{"_acf_changed":false,"_monsterinsights_skip_tracking":false,"_monsterinsights_sitenote_active":false,"_monsterinsights_sitenote_note":"","_monsterinsights_sitenote_category":0,"footnotes":""},"class_list":["post-16140","page","type-page","status-publish","hentry","publish","author-ext_acaillab","impar","primero"],"acf":[],"yoast_head":"<!-- This site is optimized with the Yoast SEO Premium plugin v27.5 (Yoast SEO v27.5) - https:\/\/yoast.com\/product\/yoast-seo-premium-wordpress\/ -->\n<title>Treballar a l&#039;ASPB - ASPB - Ag\u00e8ncia de Salut P\u00fablica de Barcelona<\/title>\n<meta name=\"description\" content=\"Com a organitzaci\u00f3 p\u00fablica, l\u2019Ag\u00e8ncia de Salut P\u00fablica de Barcelona selecciona el seu nou personal en base als requisits constitucionals d\u2019igualtat, m\u00e8rit i capacitat, aix\u00ed com al de publicitat.\" \/>\n<meta name=\"robots\" content=\"index, follow, max-snippet:-1, max-image-preview:large, max-video-preview:-1\" \/>\n<link rel=\"canonical\" href=\"https:\/\/www.aspb.cat\/es\/la-agencia\/treballar-aspb\/\" \/>\n<meta property=\"og:locale\" content=\"es_ES\" \/>\n<meta property=\"og:type\" content=\"article\" \/>\n<meta property=\"og:title\" content=\"Treballar a l&#039;ASPB\" \/>\n<meta property=\"og:description\" content=\"Com a organitzaci\u00f3 p\u00fablica, l\u2019Ag\u00e8ncia de Salut P\u00fablica de Barcelona selecciona el seu nou personal en base als requisits constitucionals d\u2019igualtat, m\u00e8rit i capacitat, aix\u00ed com al de publicitat.\" \/>\n<meta property=\"og:url\" content=\"https:\/\/www.aspb.cat\/es\/la-agencia\/treballar-aspb\/\" \/>\n<meta property=\"og:site_name\" content=\"ASPB\" \/>\n<meta property=\"article:publisher\" content=\"https:\/\/www.facebook.com\/salutpublicabcn\" \/>\n<meta property=\"article:modified_time\" content=\"2026-04-20T06:24:30+00:00\" \/>\n<meta name=\"twitter:card\" content=\"summary_large_image\" \/>\n<meta name=\"twitter:site\" content=\"@salutpublicabcn\" \/>\n<meta name=\"twitter:label1\" content=\"Tiempo de lectura\" \/>\n\t<meta name=\"twitter:data1\" content=\"1 minuto\" \/>\n<script type=\"application\/ld+json\" class=\"yoast-schema-graph\">{\"@context\":\"https:\\\/\\\/schema.org\",\"@graph\":[{\"@type\":\"WebPage\",\"@id\":\"https:\\\/\\\/www.aspb.cat\\\/es\\\/la-agencia\\\/treballar-aspb\\\/\",\"url\":\"https:\\\/\\\/www.aspb.cat\\\/es\\\/la-agencia\\\/treballar-aspb\\\/\",\"name\":\"Treballar a l'ASPB - ASPB - Ag\u00e8ncia de Salut P\u00fablica de Barcelona\",\"isPartOf\":{\"@id\":\"https:\\\/\\\/www.aspb.cat\\\/#website\"},\"datePublished\":\"2019-08-30T09:26:58+00:00\",\"dateModified\":\"2026-04-20T06:24:30+00:00\",\"description\":\"Com a organitzaci\u00f3 p\u00fablica, l\u2019Ag\u00e8ncia de Salut P\u00fablica de Barcelona selecciona el seu nou personal en base als requisits constitucionals d\u2019igualtat, m\u00e8rit i capacitat, aix\u00ed com al de publicitat.\",\"breadcrumb\":{\"@id\":\"https:\\\/\\\/www.aspb.cat\\\/es\\\/la-agencia\\\/treballar-aspb\\\/#breadcrumb\"},\"inLanguage\":\"es\",\"potentialAction\":[{\"@type\":\"ReadAction\",\"target\":[\"https:\\\/\\\/www.aspb.cat\\\/es\\\/la-agencia\\\/treballar-aspb\\\/\"]}]},{\"@type\":\"BreadcrumbList\",\"@id\":\"https:\\\/\\\/www.aspb.cat\\\/es\\\/la-agencia\\\/treballar-aspb\\\/#breadcrumb\",\"itemListElement\":[{\"@type\":\"ListItem\",\"position\":1,\"name\":\"Inici\",\"item\":\"https:\\\/\\\/www.aspb.cat\\\/es\\\/\"},{\"@type\":\"ListItem\",\"position\":2,\"name\":\"La Agencia\",\"item\":\"https:\\\/\\\/www.aspb.cat\\\/es\\\/la-agencia\\\/\"},{\"@type\":\"ListItem\",\"position\":3,\"name\":\"Treballar a l&#8217;ASPB\"}]},{\"@type\":\"WebSite\",\"@id\":\"https:\\\/\\\/www.aspb.cat\\\/#website\",\"url\":\"https:\\\/\\\/www.aspb.cat\\\/\",\"name\":\"ASPB\",\"description\":\"Just another WordPress site\",\"potentialAction\":[{\"@type\":\"SearchAction\",\"target\":{\"@type\":\"EntryPoint\",\"urlTemplate\":\"https:\\\/\\\/www.aspb.cat\\\/?s={search_term_string}\"},\"query-input\":{\"@type\":\"PropertyValueSpecification\",\"valueRequired\":true,\"valueName\":\"search_term_string\"}}],\"inLanguage\":\"es\"}]}<\/script>\n<!-- \/ Yoast SEO Premium plugin. -->","yoast_head_json":{"title":"Treballar a l'ASPB - ASPB - Ag\u00e8ncia de Salut P\u00fablica de Barcelona","description":"Com a organitzaci\u00f3 p\u00fablica, l\u2019Ag\u00e8ncia de Salut P\u00fablica de Barcelona selecciona el seu nou personal en base als requisits constitucionals d\u2019igualtat, m\u00e8rit i capacitat, aix\u00ed com al de publicitat.","robots":{"index":"index","follow":"follow","max-snippet":"max-snippet:-1","max-image-preview":"max-image-preview:large","max-video-preview":"max-video-preview:-1"},"canonical":"https:\/\/www.aspb.cat\/es\/la-agencia\/treballar-aspb\/","og_locale":"es_ES","og_type":"article","og_title":"Treballar a l'ASPB","og_description":"Com a organitzaci\u00f3 p\u00fablica, l\u2019Ag\u00e8ncia de Salut P\u00fablica de Barcelona selecciona el seu nou personal en base als requisits constitucionals d\u2019igualtat, m\u00e8rit i capacitat, aix\u00ed com al de publicitat.","og_url":"https:\/\/www.aspb.cat\/es\/la-agencia\/treballar-aspb\/","og_site_name":"ASPB","article_publisher":"https:\/\/www.facebook.com\/salutpublicabcn","article_modified_time":"2026-04-20T06:24:30+00:00","twitter_card":"summary_large_image","twitter_site":"@salutpublicabcn","twitter_misc":{"Tiempo de lectura":"1 minuto"},"schema":{"@context":"https:\/\/schema.org","@graph":[{"@type":"WebPage","@id":"https:\/\/www.aspb.cat\/es\/la-agencia\/treballar-aspb\/","url":"https:\/\/www.aspb.cat\/es\/la-agencia\/treballar-aspb\/","name":"Treballar a l'ASPB - ASPB - Ag\u00e8ncia de Salut P\u00fablica de Barcelona","isPartOf":{"@id":"https:\/\/www.aspb.cat\/#website"},"datePublished":"2019-08-30T09:26:58+00:00","dateModified":"2026-04-20T06:24:30+00:00","description":"Com a organitzaci\u00f3 p\u00fablica, l\u2019Ag\u00e8ncia de Salut P\u00fablica de Barcelona selecciona el seu nou personal en base als requisits constitucionals d\u2019igualtat, m\u00e8rit i capacitat, aix\u00ed com al de publicitat.","breadcrumb":{"@id":"https:\/\/www.aspb.cat\/es\/la-agencia\/treballar-aspb\/#breadcrumb"},"inLanguage":"es","potentialAction":[{"@type":"ReadAction","target":["https:\/\/www.aspb.cat\/es\/la-agencia\/treballar-aspb\/"]}]},{"@type":"BreadcrumbList","@id":"https:\/\/www.aspb.cat\/es\/la-agencia\/treballar-aspb\/#breadcrumb","itemListElement":[{"@type":"ListItem","position":1,"name":"Inici","item":"https:\/\/www.aspb.cat\/es\/"},{"@type":"ListItem","position":2,"name":"La Agencia","item":"https:\/\/www.aspb.cat\/es\/la-agencia\/"},{"@type":"ListItem","position":3,"name":"Treballar a l&#8217;ASPB"}]},{"@type":"WebSite","@id":"https:\/\/www.aspb.cat\/#website","url":"https:\/\/www.aspb.cat\/","name":"ASPB","description":"Just another WordPress site","potentialAction":[{"@type":"SearchAction","target":{"@type":"EntryPoint","urlTemplate":"https:\/\/www.aspb.cat\/?s={search_term_string}"},"query-input":{"@type":"PropertyValueSpecification","valueRequired":true,"valueName":"search_term_string"}}],"inLanguage":"es"}]}},"_links":{"self":[{"href":"https:\/\/www.aspb.cat\/es\/wp-json\/wp\/v2\/pages\/16140","targetHints":{"allow":["GET"]}}],"collection":[{"href":"https:\/\/www.aspb.cat\/es\/wp-json\/wp\/v2\/pages"}],"about":[{"href":"https:\/\/www.aspb.cat\/es\/wp-json\/wp\/v2\/types\/page"}],"author":[{"embeddable":true,"href":"https:\/\/www.aspb.cat\/es\/wp-json\/wp\/v2\/users\/21"}],"replies":[{"embeddable":true,"href":"https:\/\/www.aspb.cat\/es\/wp-json\/wp\/v2\/comments?post=16140"}],"version-history":[{"count":2,"href":"https:\/\/www.aspb.cat\/es\/wp-json\/wp\/v2\/pages\/16140\/revisions"}],"predecessor-version":[{"id":55692,"href":"https:\/\/www.aspb.cat\/es\/wp-json\/wp\/v2\/pages\/16140\/revisions\/55692"}],"up":[{"embeddable":true,"href":"https:\/\/www.aspb.cat\/es\/wp-json\/wp\/v2\/pages\/4214"}],"wp:attachment":[{"href":"https:\/\/www.aspb.cat\/es\/wp-json\/wp\/v2\/media?parent=16140"}],"curies":[{"name":"wp","href":"https:\/\/api.w.org\/{rel}","templated":true}]}}

<p>Com a organització pública, l’Agència de Salut Pública de Barcelona selecciona el seu nou personal en base als requisits constitucionals d’igualtat, mèrit i capacitat, així com al de publicitat. Altrament, participa en estructures de recerca que seleccionen personal que s’adscriu temporalment a l’Agència.</p>
<p>Les ofertes i convocatòries es fan públiques aquí.</p>
<p><strong>Per consultar l&#8217;estat de les borses cliqueu <a href="https://seuelectronica.ajuntament.barcelona.cat/ca/consulta-i-estat-de-les-borses-de-treball" target="_blank" rel="noopener noreferrer"> aquí </a></strong></p>
<div class="moure_faqs_aqui"></div>
<div class="moure_faqs_aqui"></div>

<p>Com a organització pública, l’Agència de Salut Pública de Barcelona selecciona el seu nou personal [&hellip;]

<!-- This site is optimized with the Yoast SEO Premium plugin v27.5 (Yoast SEO v27.5) - https://yoast.com/product/yoast-seo-premium-wordpress/ -->
<title>Treballar a l&#039;ASPB - ASPB - Agència de Salut Pública de Barcelona</title>
<meta name="description" content="Com a organització pública, l’Agència de Salut Pública de Barcelona selecciona el seu nou personal en base als requisits constitucionals d’igualtat, mèrit i capacitat, així com al de publicitat." />
<meta name="robots" content="index, follow, max-snippet:-1, max-image-preview:large, max-video-preview:-1" />
<link rel="canonical" href="https://www.aspb.cat/es/la-agencia/treballar-aspb/" />
<meta property="og:locale" content="es_ES" />
<meta property="og:type" content="article" />
<meta property="og:title" content="Treballar a l&#039;ASPB" />
<meta property="og:description" content="Com a organització pública, l’Agència de Salut Pública de Barcelona selecciona el seu nou personal en base als requisits constitucionals d’igualtat, mèrit i capacitat, així com al de publicitat." />
<meta property="og:url" content="https://www.aspb.cat/es/la-agencia/treballar-aspb/" />
<meta property="og:site_name" content="ASPB" />
<meta property="article:publisher" content="https://www.facebook.com/salutpublicabcn" />
<meta property="article:modified_time" content="2026-04-20T06:24:30+00:00" />
<meta name="twitter:card" content="summary_large_image" />
<meta name="twitter:site" content="@salutpublicabcn" />
<meta name="twitter:label1" content="Tiempo de lectura" />
	<meta name="twitter:data1" content="1 minuto" />
<script type="application/ld+json" class="yoast-schema-graph">{"@context":"https:\/\/schema.org","@graph":[{"@type":"WebPage","@id":"https:\/\/www.aspb.cat\/es\/la-agencia\/treballar-aspb\/","url":"https:\/\/www.aspb.cat\/es\/la-agencia\/treballar-aspb\/","name":"Treballar a l'ASPB - ASPB - Agència de Salut Pública de Barcelona","isPartOf":{"@id":"https:\/\/www.aspb.cat\/#website"},"datePublished":"2019-08-30T09:26:58+00:00","dateModified":"2026-04-20T06:24:30+00:00","description":"Com a organització pública, l’Agència de Salut Pública de Barcelona selecciona el seu nou personal en base als requisits constitucionals d’igualtat, mèrit i capacitat, així com al de publicitat.","breadcrumb":{"@id":"https:\/\/www.aspb.cat\/es\/la-agencia\/treballar-aspb\/#breadcrumb"},"inLanguage":"es","potentialAction":[{"@type":"ReadAction","target":["https:\/\/www.aspb.cat\/es\/la-agencia\/treballar-aspb\/"]}]},{"@type":"BreadcrumbList","@id":"https:\/\/www.aspb.cat\/es\/la-agencia\/treballar-aspb\/#breadcrumb","itemListElement":[{"@type":"ListItem","position":1,"name":"Inici","item":"https:\/\/www.aspb.cat\/es\/"},{"@type":"ListItem","position":2,"name":"La Agencia","item":"https:\/\/www.aspb.cat\/es\/la-agencia\/"},{"@type":"ListItem","position":3,"name":"Treballar a l&#8217;ASPB"}]},{"@type":"WebSite","@id":"https:\/\/www.aspb.cat\/#website","url":"https:\/\/www.aspb.cat\/","name":"ASPB","description":"Just another WordPress site","potentialAction":[{"@type":"SearchAction","target":{"@type":"EntryPoint","urlTemplate":"https:\/\/www.aspb.cat\/?s={search_term_string}"},"query-input":{"@type":"PropertyValueSpecification","valueRequired":true,"valueName":"search_term_string"}}],"inLanguage":"es"}]}</script>
<!-- / Yoast SEO Premium plugin. -->

Treballar a l'ASPB - ASPB - Agència de Salut Pública de Barcelona

Com a organització pública, l’Agència de Salut Pública de Barcelona selecciona el seu nou personal en base als requisits constitucionals d’igualtat, mèrit i capacitat, així com al de publicitat.
