{"id":57060,"date":"2025-01-09T18:26:57","date_gmt":"2025-01-09T18:26:57","guid":{"rendered":"https:\/\/www.aspb.cat\/documents\/sessio-cientifica-us-temps-salut\/"},"modified":"2025-01-09T18:26:57","modified_gmt":"2025-01-09T18:26:57","slug":"sessio-cientifica-us-temps-salut","status":"publish","type":"documento","link":"https:\/\/www.aspb.cat\/es\/documentos\/sessio-cientifica-us-temps-salut\/","title":{"rendered":"\u00das del temps i salut"},"content":{"rendered":"<div class=\"video_wrapper\"><iframe width=\"560\" height=\"315\" src=\"https:\/\/www.youtube.com\/embed\/uRxuYYIRrK8\" title=\"YouTube video player\" frameborder=\"0\" allow=\"accelerometer; autoplay; clipboard-write; encrypted-media; gyroscope; picture-in-picture\" allowfullscreen><\/iframe><\/div>\n\n\n\n<div style=\"height:30px\" aria-hidden=\"true\" class=\"wp-block-spacer\"><\/div>\n\n\n<h4>Pon\u00e8ncies<\/h4>\n<ul>\n<li><strong>\u00das del temps en la Inf\u00e0ncia<\/strong> <br \/>Elisa Stinus, Institut Inf\u00e0ncia i Adolesc\u00e8ncia de Barcelona<\/li>\n<li><b><strong>Pobresa de temps i salut<\/strong><\/b> <br \/>Luc\u00eda Artazcoz. Observatori de la Salut P\u00fablica. Ag\u00e8ncia de Salut P\u00fablica de Barcelona<\/li>\n<li><strong> Barcelona Time Use Initiative<\/strong> <br \/>Marta Junqu\u00e9, Barcelona Time Use Initiative<\/li>\n<\/ul>\n<div class=\"wp-block-spacer\" style=\"height: 30px;\" aria-hidden=\"true\">\u00a0<\/div>\n<p style=\"text-align: center;\"><a href=\"https:\/\/www.youtube.com\/playlist?list=PLJpPY7X6uuoB62E2Ri9Kavjl3KDQOKm18\" target=\"_blank\" rel=\"noopener\"><span class=\"boton\">Veure totes les sessions cient\u00edfiques<\/span><\/a><\/p>","protected":false},"featured_media":57061,"template":"","tema":[166,186,192,202,291],"tipusdocument":[339],"class_list":["post-57060","documento","type-documento","status-publish","has-post-thumbnail","hentry","tema-investigacion-docencia","tema-etapas-vida","tema-entornos","tema-vivir-salud","tema-sesiones-cientificas-es","tipusdocument-sesiones-cientificas","publish","author-ext_acaillab","impar","primero"],"acf":[],"yoast_head":"<!-- This site is optimized with the Yoast SEO Premium plugin v27.5 (Yoast SEO v27.5) - https:\/\/yoast.com\/product\/yoast-seo-premium-wordpress\/ -->\n<title>\u00das del temps i salut - ASPB<\/title>\n<meta name=\"robots\" content=\"index, follow, max-snippet:-1, max-image-preview:large, max-video-preview:-1\" \/>\n<link rel=\"canonical\" href=\"https:\/\/www.aspb.cat\/es\/documentos\/sessio-cientifica-us-temps-salut\/\" \/>\n<meta property=\"og:locale\" content=\"es_ES\" \/>\n<meta property=\"og:type\" content=\"article\" \/>\n<meta property=\"og:title\" content=\"\u00das del temps i salut\" \/>\n<meta property=\"og:description\" content=\"Pon\u00e8ncies \u00das del temps en la Inf\u00e0ncia Elisa Stinus, Institut Inf\u00e0ncia i Adolesc\u00e8ncia de Barcelona [&hellip;]\" \/>\n<meta property=\"og:url\" content=\"https:\/\/www.aspb.cat\/es\/documentos\/sessio-cientifica-us-temps-salut\/\" \/>\n<meta property=\"og:site_name\" content=\"ASPB\" \/>\n<meta property=\"article:publisher\" content=\"https:\/\/www.facebook.com\/salutpublicabcn\" \/>\n<meta name=\"twitter:card\" content=\"summary_large_image\" \/>\n<meta name=\"twitter:site\" content=\"@salutpublicabcn\" \/>\n<script type=\"application\/ld+json\" class=\"yoast-schema-graph\">{\"@context\":\"https:\\\/\\\/schema.org\",\"@graph\":[{\"@type\":\"WebPage\",\"@id\":\"https:\\\/\\\/www.aspb.cat\\\/es\\\/documentos\\\/sessio-cientifica-us-temps-salut\\\/\",\"url\":\"https:\\\/\\\/www.aspb.cat\\\/es\\\/documentos\\\/sessio-cientifica-us-temps-salut\\\/\",\"name\":\"\u00das del temps i salut - ASPB\",\"isPartOf\":{\"@id\":\"https:\\\/\\\/www.aspb.cat\\\/#website\"},\"primaryImageOfPage\":{\"@id\":\"https:\\\/\\\/www.aspb.cat\\\/es\\\/documentos\\\/sessio-cientifica-us-temps-salut\\\/#primaryimage\"},\"image\":{\"@id\":\"https:\\\/\\\/www.aspb.cat\\\/es\\\/documentos\\\/sessio-cientifica-us-temps-salut\\\/#primaryimage\"},\"thumbnailUrl\":\"https:\\\/\\\/www.aspb.cat\\\/wp-content\\\/uploads\\\/2023\\\/12\\\/ASPB-sessio-cientifica-us-temps-salut-230124_NOT.jpg\",\"datePublished\":\"2025-01-09T18:26:57+00:00\",\"breadcrumb\":{\"@id\":\"https:\\\/\\\/www.aspb.cat\\\/es\\\/documentos\\\/sessio-cientifica-us-temps-salut\\\/#breadcrumb\"},\"inLanguage\":\"es\",\"potentialAction\":[{\"@type\":\"ReadAction\",\"target\":[\"https:\\\/\\\/www.aspb.cat\\\/es\\\/documentos\\\/sessio-cientifica-us-temps-salut\\\/\"]}]},{\"@type\":\"ImageObject\",\"inLanguage\":\"es\",\"@id\":\"https:\\\/\\\/www.aspb.cat\\\/es\\\/documentos\\\/sessio-cientifica-us-temps-salut\\\/#primaryimage\",\"url\":\"https:\\\/\\\/www.aspb.cat\\\/wp-content\\\/uploads\\\/2023\\\/12\\\/ASPB-sessio-cientifica-us-temps-salut-230124_NOT.jpg\",\"contentUrl\":\"https:\\\/\\\/www.aspb.cat\\\/wp-content\\\/uploads\\\/2023\\\/12\\\/ASPB-sessio-cientifica-us-temps-salut-230124_NOT.jpg\",\"width\":1217,\"height\":765},{\"@type\":\"BreadcrumbList\",\"@id\":\"https:\\\/\\\/www.aspb.cat\\\/es\\\/documentos\\\/sessio-cientifica-us-temps-salut\\\/#breadcrumb\",\"itemListElement\":[{\"@type\":\"ListItem\",\"position\":1,\"name\":\"Inici\",\"item\":\"https:\\\/\\\/www.aspb.cat\\\/es\\\/\"},{\"@type\":\"ListItem\",\"position\":2,\"name\":\"Documents\",\"item\":\"https:\\\/\\\/www.aspb.cat\\\/documents\\\/\"},{\"@type\":\"ListItem\",\"position\":3,\"name\":\"\u00das del temps i salut\"}]},{\"@type\":\"WebSite\",\"@id\":\"https:\\\/\\\/www.aspb.cat\\\/#website\",\"url\":\"https:\\\/\\\/www.aspb.cat\\\/\",\"name\":\"ASPB\",\"description\":\"Just another WordPress site\",\"potentialAction\":[{\"@type\":\"SearchAction\",\"target\":{\"@type\":\"EntryPoint\",\"urlTemplate\":\"https:\\\/\\\/www.aspb.cat\\\/?s={search_term_string}\"},\"query-input\":{\"@type\":\"PropertyValueSpecification\",\"valueRequired\":true,\"valueName\":\"search_term_string\"}}],\"inLanguage\":\"es\"}]}<\/script>\n<!-- \/ Yoast SEO Premium plugin. -->","yoast_head_json":{"title":"\u00das del temps i salut - ASPB","robots":{"index":"index","follow":"follow","max-snippet":"max-snippet:-1","max-image-preview":"max-image-preview:large","max-video-preview":"max-video-preview:-1"},"canonical":"https:\/\/www.aspb.cat\/es\/documentos\/sessio-cientifica-us-temps-salut\/","og_locale":"es_ES","og_type":"article","og_title":"\u00das del temps i salut","og_description":"Pon\u00e8ncies \u00das del temps en la Inf\u00e0ncia Elisa Stinus, Institut Inf\u00e0ncia i Adolesc\u00e8ncia de Barcelona [&hellip;]","og_url":"https:\/\/www.aspb.cat\/es\/documentos\/sessio-cientifica-us-temps-salut\/","og_site_name":"ASPB","article_publisher":"https:\/\/www.facebook.com\/salutpublicabcn","twitter_card":"summary_large_image","twitter_site":"@salutpublicabcn","schema":{"@context":"https:\/\/schema.org","@graph":[{"@type":"WebPage","@id":"https:\/\/www.aspb.cat\/es\/documentos\/sessio-cientifica-us-temps-salut\/","url":"https:\/\/www.aspb.cat\/es\/documentos\/sessio-cientifica-us-temps-salut\/","name":"\u00das del temps i salut - ASPB","isPartOf":{"@id":"https:\/\/www.aspb.cat\/#website"},"primaryImageOfPage":{"@id":"https:\/\/www.aspb.cat\/es\/documentos\/sessio-cientifica-us-temps-salut\/#primaryimage"},"image":{"@id":"https:\/\/www.aspb.cat\/es\/documentos\/sessio-cientifica-us-temps-salut\/#primaryimage"},"thumbnailUrl":"https:\/\/www.aspb.cat\/wp-content\/uploads\/2023\/12\/ASPB-sessio-cientifica-us-temps-salut-230124_NOT.jpg","datePublished":"2025-01-09T18:26:57+00:00","breadcrumb":{"@id":"https:\/\/www.aspb.cat\/es\/documentos\/sessio-cientifica-us-temps-salut\/#breadcrumb"},"inLanguage":"es","potentialAction":[{"@type":"ReadAction","target":["https:\/\/www.aspb.cat\/es\/documentos\/sessio-cientifica-us-temps-salut\/"]}]},{"@type":"ImageObject","inLanguage":"es","@id":"https:\/\/www.aspb.cat\/es\/documentos\/sessio-cientifica-us-temps-salut\/#primaryimage","url":"https:\/\/www.aspb.cat\/wp-content\/uploads\/2023\/12\/ASPB-sessio-cientifica-us-temps-salut-230124_NOT.jpg","contentUrl":"https:\/\/www.aspb.cat\/wp-content\/uploads\/2023\/12\/ASPB-sessio-cientifica-us-temps-salut-230124_NOT.jpg","width":1217,"height":765},{"@type":"BreadcrumbList","@id":"https:\/\/www.aspb.cat\/es\/documentos\/sessio-cientifica-us-temps-salut\/#breadcrumb","itemListElement":[{"@type":"ListItem","position":1,"name":"Inici","item":"https:\/\/www.aspb.cat\/es\/"},{"@type":"ListItem","position":2,"name":"Documents","item":"https:\/\/www.aspb.cat\/documents\/"},{"@type":"ListItem","position":3,"name":"\u00das del temps i salut"}]},{"@type":"WebSite","@id":"https:\/\/www.aspb.cat\/#website","url":"https:\/\/www.aspb.cat\/","name":"ASPB","description":"Just another WordPress site","potentialAction":[{"@type":"SearchAction","target":{"@type":"EntryPoint","urlTemplate":"https:\/\/www.aspb.cat\/?s={search_term_string}"},"query-input":{"@type":"PropertyValueSpecification","valueRequired":true,"valueName":"search_term_string"}}],"inLanguage":"es"}]}},"_links":{"self":[{"href":"https:\/\/www.aspb.cat\/es\/wp-json\/wp\/v2\/documento\/57060","targetHints":{"allow":["GET"]}}],"collection":[{"href":"https:\/\/www.aspb.cat\/es\/wp-json\/wp\/v2\/documento"}],"about":[{"href":"https:\/\/www.aspb.cat\/es\/wp-json\/wp\/v2\/types\/documento"}],"version-history":[{"count":0,"href":"https:\/\/www.aspb.cat\/es\/wp-json\/wp\/v2\/documento\/57060\/revisions"}],"wp:featuredmedia":[{"embeddable":true,"href":"https:\/\/www.aspb.cat\/es\/wp-json\/wp\/v2\/media\/57061"}],"wp:attachment":[{"href":"https:\/\/www.aspb.cat\/es\/wp-json\/wp\/v2\/media?parent=57060"}],"wp:term":[{"taxonomy":"tema","embeddable":true,"href":"https:\/\/www.aspb.cat\/es\/wp-json\/wp\/v2\/tema?post=57060"},{"taxonomy":"tipusdocument","embeddable":true,"href":"https:\/\/www.aspb.cat\/es\/wp-json\/wp\/v2\/tipusdocument?post=57060"}],"curies":[{"name":"wp","href":"https:\/\/api.w.org\/{rel}","templated":true}]}}

Ús del temps i salut

<div class="video_wrapper"><iframe width="560" height="315" src="https://www.youtube.com/embed/uRxuYYIRrK8" title="YouTube video player" frameborder="0" allow="accelerometer; autoplay; clipboard-write; encrypted-media; gyroscope; picture-in-picture" allowfullscreen></iframe></div>



<div style="height:30px" aria-hidden="true" class="wp-block-spacer"></div>


<h4>Ponències</h4>
<ul>
<li><strong>Ús del temps en la Infància</strong> <br />Elisa Stinus, Institut Infància i Adolescència de Barcelona</li>
<li><b><strong>Pobresa de temps i salut</strong></b> <br />Lucía Artazcoz. Observatori de la Salut Pública. Agència de Salut Pública de Barcelona</li>
<li><strong> Barcelona Time Use Initiative</strong> <br />Marta Junqué, Barcelona Time Use Initiative</li>
</ul>
<div class="wp-block-spacer" style="height: 30px;" aria-hidden="true"> </div>
<p style="text-align: center;"><a href="https://www.youtube.com/playlist?list=PLJpPY7X6uuoB62E2Ri9Kavjl3KDQOKm18" target="_blank" rel="noopener"><span class="boton">Veure totes les sessions científiques</span></a></p>

<!-- This site is optimized with the Yoast SEO Premium plugin v27.5 (Yoast SEO v27.5) - https://yoast.com/product/yoast-seo-premium-wordpress/ -->
<title>Ús del temps i salut - ASPB</title>
<meta name="robots" content="index, follow, max-snippet:-1, max-image-preview:large, max-video-preview:-1" />
<link rel="canonical" href="https://www.aspb.cat/es/documentos/sessio-cientifica-us-temps-salut/" />
<meta property="og:locale" content="es_ES" />
<meta property="og:type" content="article" />
<meta property="og:title" content="Ús del temps i salut" />
<meta property="og:description" content="Ponències Ús del temps en la Infància Elisa Stinus, Institut Infància i Adolescència de Barcelona [&hellip;]" />
<meta property="og:url" content="https://www.aspb.cat/es/documentos/sessio-cientifica-us-temps-salut/" />
<meta property="og:site_name" content="ASPB" />
<meta property="article:publisher" content="https://www.facebook.com/salutpublicabcn" />
<meta name="twitter:card" content="summary_large_image" />
<meta name="twitter:site" content="@salutpublicabcn" />
<script type="application/ld+json" class="yoast-schema-graph">{"@context":"https:\/\/schema.org","@graph":[{"@type":"WebPage","@id":"https:\/\/www.aspb.cat\/es\/documentos\/sessio-cientifica-us-temps-salut\/","url":"https:\/\/www.aspb.cat\/es\/documentos\/sessio-cientifica-us-temps-salut\/","name":"Ús del temps i salut - ASPB","isPartOf":{"@id":"https:\/\/www.aspb.cat\/#website"},"primaryImageOfPage":{"@id":"https:\/\/www.aspb.cat\/es\/documentos\/sessio-cientifica-us-temps-salut\/#primaryimage"},"image":{"@id":"https:\/\/www.aspb.cat\/es\/documentos\/sessio-cientifica-us-temps-salut\/#primaryimage"},"thumbnailUrl":"https:\/\/www.aspb.cat\/wp-content\/uploads\/2023\/12\/ASPB-sessio-cientifica-us-temps-salut-230124_NOT.jpg","datePublished":"2025-01-09T18:26:57+00:00","breadcrumb":{"@id":"https:\/\/www.aspb.cat\/es\/documentos\/sessio-cientifica-us-temps-salut\/#breadcrumb"},"inLanguage":"es","potentialAction":[{"@type":"ReadAction","target":["https:\/\/www.aspb.cat\/es\/documentos\/sessio-cientifica-us-temps-salut\/"]}]},{"@type":"ImageObject","inLanguage":"es","@id":"https:\/\/www.aspb.cat\/es\/documentos\/sessio-cientifica-us-temps-salut\/#primaryimage","url":"https:\/\/www.aspb.cat\/wp-content\/uploads\/2023\/12\/ASPB-sessio-cientifica-us-temps-salut-230124_NOT.jpg","contentUrl":"https:\/\/www.aspb.cat\/wp-content\/uploads\/2023\/12\/ASPB-sessio-cientifica-us-temps-salut-230124_NOT.jpg","width":1217,"height":765},{"@type":"BreadcrumbList","@id":"https:\/\/www.aspb.cat\/es\/documentos\/sessio-cientifica-us-temps-salut\/#breadcrumb","itemListElement":[{"@type":"ListItem","position":1,"name":"Inici","item":"https:\/\/www.aspb.cat\/es\/"},{"@type":"ListItem","position":2,"name":"Documents","item":"https:\/\/www.aspb.cat\/documents\/"},{"@type":"ListItem","position":3,"name":"Ús del temps i salut"}]},{"@type":"WebSite","@id":"https:\/\/www.aspb.cat\/#website","url":"https:\/\/www.aspb.cat\/","name":"ASPB","description":"Just another WordPress site","potentialAction":[{"@type":"SearchAction","target":{"@type":"EntryPoint","urlTemplate":"https:\/\/www.aspb.cat\/?s={search_term_string}"},"query-input":{"@type":"PropertyValueSpecification","valueRequired":true,"valueName":"search_term_string"}}],"inLanguage":"es"}]}</script>
<!-- / Yoast SEO Premium plugin. -->

Ús del temps i salut - ASPB

Ponències Ús del temps en la Infància Elisa Stinus, Institut Infància i Adolescència de Barcelona [&hellip;]
