{"id":56498,"date":"2024-11-26T11:20:47","date_gmt":"2024-11-26T11:20:47","guid":{"rendered":"https:\/\/www.aspb.cat\/documents\/mortalitat-atribuible-calor-barcelona-2016-2023\/"},"modified":"2026-03-18T17:04:26","modified_gmt":"2026-03-18T17:04:26","slug":"mortalidad-atribuible-calor-barcelona","status":"publish","type":"documento","link":"https:\/\/www.aspb.cat\/es\/documentos\/mortalidad-atribuible-calor-barcelona\/","title":{"rendered":"Mortalidad atribuible al calor en la ciudad de Barcelona"},"content":{"rendered":"<p class=\"p1\">La exposici\u00f3n a elevadas temperaturas tiene un impacto directo sobre la salud, aumenta el riesgo de cuadros cl\u00ednicos espec\u00edficos como los golpes de calor, y puede agravar las enfermedades cr\u00f3nicas e incluso producir la muerte.<\/p>\n<p class=\"p1\">Este informe presenta los resultados de la asociaci\u00f3n entre el calor y la mortalidad, as\u00ed como el impacto que ha tenido el calor y el calor intenso sobre la mortalidad del verano de 2025 en la ciudad de Barcelona. Adem\u00e1s, se incluyen los resultados correspondientes al per\u00edodo 2016-2025 para contextualizar la evoluci\u00f3n a lo largo del tiempo.<\/p>\n<p class=\"p1\">Durante los meses de mayo a septiembre de 2025, se estima que el calor produjo unas 370 muertes. Respecto al total de las muertes de estos meses, un 8% se deben al calor. De \u00e9stas, alrededor de 60 muertes se produjeron durante los d\u00edas de superaci\u00f3n del umbral de calor intenso. Por lo general, las mujeres y las personas de 75 o m\u00e1s a\u00f1os fueron los grupos con un mayor impacto en la mortalidad por el calor, as\u00ed como por el calor intenso.<\/p>\n<div class=\"moure_faqs_aqui\"><\/div>\n","protected":false},"featured_media":59601,"template":"","tema":[154,382],"tipusdocument":[167],"class_list":["post-56498","documento","type-documento","status-publish","has-post-thumbnail","hentry","tema-salud-ambiental","tema-cambio-climatico","tipusdocument-informes","publish","author-ext_acaillab","impar","primero"],"acf":[],"yoast_head":"<!-- This site is optimized with the Yoast SEO Premium plugin v27.5 (Yoast SEO v27.5) - https:\/\/yoast.com\/product\/yoast-seo-premium-wordpress\/ -->\n<title>Mortalidad atribuible al calor en la ciudad de Barcelona - ASPB<\/title>\n<meta name=\"robots\" content=\"index, follow, max-snippet:-1, max-image-preview:large, max-video-preview:-1\" \/>\n<link rel=\"canonical\" href=\"https:\/\/www.aspb.cat\/es\/documentos\/mortalidad-atribuible-calor-barcelona\/\" \/>\n<meta property=\"og:locale\" content=\"es_ES\" \/>\n<meta property=\"og:type\" content=\"article\" \/>\n<meta property=\"og:title\" content=\"Mortalidad atribuible al calor en la ciudad de Barcelona\" \/>\n<meta property=\"og:description\" content=\"La exposici\u00f3n a elevadas temperaturas tiene un impacto directo sobre la salud, aumenta el riesgo [&hellip;]\" \/>\n<meta property=\"og:url\" content=\"https:\/\/www.aspb.cat\/es\/documentos\/mortalidad-atribuible-calor-barcelona\/\" \/>\n<meta property=\"og:site_name\" content=\"ASPB\" \/>\n<meta property=\"article:publisher\" content=\"https:\/\/www.facebook.com\/salutpublicabcn\" \/>\n<meta property=\"article:modified_time\" content=\"2026-03-18T17:04:26+00:00\" \/>\n<meta property=\"og:image\" content=\"https:\/\/www.aspb.cat\/wp-content\/uploads\/2024\/11\/Mortalitat-atribuible-calor-Barcelona-2024_DOC-1.jpg\" \/>\n\t<meta property=\"og:image:width\" content=\"595\" \/>\n\t<meta property=\"og:image:height\" content=\"842\" \/>\n\t<meta property=\"og:image:type\" content=\"image\/jpeg\" \/>\n<meta name=\"twitter:card\" content=\"summary_large_image\" \/>\n<meta name=\"twitter:site\" content=\"@salutpublicabcn\" \/>\n<meta name=\"twitter:label1\" content=\"Tiempo de lectura\" \/>\n\t<meta name=\"twitter:data1\" content=\"2 minutos\" \/>\n<script type=\"application\/ld+json\" class=\"yoast-schema-graph\">{\"@context\":\"https:\\\/\\\/schema.org\",\"@graph\":[{\"@type\":\"WebPage\",\"@id\":\"https:\\\/\\\/www.aspb.cat\\\/es\\\/documentos\\\/mortalidad-atribuible-calor-barcelona\\\/\",\"url\":\"https:\\\/\\\/www.aspb.cat\\\/es\\\/documentos\\\/mortalidad-atribuible-calor-barcelona\\\/\",\"name\":\"Mortalidad atribuible al calor en la ciudad de Barcelona - ASPB\",\"isPartOf\":{\"@id\":\"https:\\\/\\\/www.aspb.cat\\\/#website\"},\"primaryImageOfPage\":{\"@id\":\"https:\\\/\\\/www.aspb.cat\\\/es\\\/documentos\\\/mortalidad-atribuible-calor-barcelona\\\/#primaryimage\"},\"image\":{\"@id\":\"https:\\\/\\\/www.aspb.cat\\\/es\\\/documentos\\\/mortalidad-atribuible-calor-barcelona\\\/#primaryimage\"},\"thumbnailUrl\":\"https:\\\/\\\/www.aspb.cat\\\/wp-content\\\/uploads\\\/2024\\\/11\\\/Mortalitat-atribuible-calor-Barcelona-2024_DOC-1.jpg\",\"datePublished\":\"2024-11-26T11:20:47+00:00\",\"dateModified\":\"2026-03-18T17:04:26+00:00\",\"breadcrumb\":{\"@id\":\"https:\\\/\\\/www.aspb.cat\\\/es\\\/documentos\\\/mortalidad-atribuible-calor-barcelona\\\/#breadcrumb\"},\"inLanguage\":\"es\",\"potentialAction\":[{\"@type\":\"ReadAction\",\"target\":[\"https:\\\/\\\/www.aspb.cat\\\/es\\\/documentos\\\/mortalidad-atribuible-calor-barcelona\\\/\"]}]},{\"@type\":\"ImageObject\",\"inLanguage\":\"es\",\"@id\":\"https:\\\/\\\/www.aspb.cat\\\/es\\\/documentos\\\/mortalidad-atribuible-calor-barcelona\\\/#primaryimage\",\"url\":\"https:\\\/\\\/www.aspb.cat\\\/wp-content\\\/uploads\\\/2024\\\/11\\\/Mortalitat-atribuible-calor-Barcelona-2024_DOC-1.jpg\",\"contentUrl\":\"https:\\\/\\\/www.aspb.cat\\\/wp-content\\\/uploads\\\/2024\\\/11\\\/Mortalitat-atribuible-calor-Barcelona-2024_DOC-1.jpg\",\"width\":595,\"height\":842},{\"@type\":\"BreadcrumbList\",\"@id\":\"https:\\\/\\\/www.aspb.cat\\\/es\\\/documentos\\\/mortalidad-atribuible-calor-barcelona\\\/#breadcrumb\",\"itemListElement\":[{\"@type\":\"ListItem\",\"position\":1,\"name\":\"Inici\",\"item\":\"https:\\\/\\\/www.aspb.cat\\\/es\\\/\"},{\"@type\":\"ListItem\",\"position\":2,\"name\":\"Documents\",\"item\":\"https:\\\/\\\/www.aspb.cat\\\/documents\\\/\"},{\"@type\":\"ListItem\",\"position\":3,\"name\":\"Mortalidad atribuible al calor en la ciudad de Barcelona\"}]},{\"@type\":\"WebSite\",\"@id\":\"https:\\\/\\\/www.aspb.cat\\\/#website\",\"url\":\"https:\\\/\\\/www.aspb.cat\\\/\",\"name\":\"ASPB\",\"description\":\"Just another WordPress site\",\"potentialAction\":[{\"@type\":\"SearchAction\",\"target\":{\"@type\":\"EntryPoint\",\"urlTemplate\":\"https:\\\/\\\/www.aspb.cat\\\/?s={search_term_string}\"},\"query-input\":{\"@type\":\"PropertyValueSpecification\",\"valueRequired\":true,\"valueName\":\"search_term_string\"}}],\"inLanguage\":\"es\"}]}<\/script>\n<!-- \/ Yoast SEO Premium plugin. -->","yoast_head_json":{"title":"Mortalidad atribuible al calor en la ciudad de Barcelona - ASPB","robots":{"index":"index","follow":"follow","max-snippet":"max-snippet:-1","max-image-preview":"max-image-preview:large","max-video-preview":"max-video-preview:-1"},"canonical":"https:\/\/www.aspb.cat\/es\/documentos\/mortalidad-atribuible-calor-barcelona\/","og_locale":"es_ES","og_type":"article","og_title":"Mortalidad atribuible al calor en la ciudad de Barcelona","og_description":"La exposici\u00f3n a elevadas temperaturas tiene un impacto directo sobre la salud, aumenta el riesgo [&hellip;]","og_url":"https:\/\/www.aspb.cat\/es\/documentos\/mortalidad-atribuible-calor-barcelona\/","og_site_name":"ASPB","article_publisher":"https:\/\/www.facebook.com\/salutpublicabcn","article_modified_time":"2026-03-18T17:04:26+00:00","og_image":[{"width":595,"height":842,"url":"https:\/\/www.aspb.cat\/wp-content\/uploads\/2024\/11\/Mortalitat-atribuible-calor-Barcelona-2024_DOC-1.jpg","type":"image\/jpeg"}],"twitter_card":"summary_large_image","twitter_site":"@salutpublicabcn","twitter_misc":{"Tiempo de lectura":"2 minutos"},"schema":{"@context":"https:\/\/schema.org","@graph":[{"@type":"WebPage","@id":"https:\/\/www.aspb.cat\/es\/documentos\/mortalidad-atribuible-calor-barcelona\/","url":"https:\/\/www.aspb.cat\/es\/documentos\/mortalidad-atribuible-calor-barcelona\/","name":"Mortalidad atribuible al calor en la ciudad de Barcelona - ASPB","isPartOf":{"@id":"https:\/\/www.aspb.cat\/#website"},"primaryImageOfPage":{"@id":"https:\/\/www.aspb.cat\/es\/documentos\/mortalidad-atribuible-calor-barcelona\/#primaryimage"},"image":{"@id":"https:\/\/www.aspb.cat\/es\/documentos\/mortalidad-atribuible-calor-barcelona\/#primaryimage"},"thumbnailUrl":"https:\/\/www.aspb.cat\/wp-content\/uploads\/2024\/11\/Mortalitat-atribuible-calor-Barcelona-2024_DOC-1.jpg","datePublished":"2024-11-26T11:20:47+00:00","dateModified":"2026-03-18T17:04:26+00:00","breadcrumb":{"@id":"https:\/\/www.aspb.cat\/es\/documentos\/mortalidad-atribuible-calor-barcelona\/#breadcrumb"},"inLanguage":"es","potentialAction":[{"@type":"ReadAction","target":["https:\/\/www.aspb.cat\/es\/documentos\/mortalidad-atribuible-calor-barcelona\/"]}]},{"@type":"ImageObject","inLanguage":"es","@id":"https:\/\/www.aspb.cat\/es\/documentos\/mortalidad-atribuible-calor-barcelona\/#primaryimage","url":"https:\/\/www.aspb.cat\/wp-content\/uploads\/2024\/11\/Mortalitat-atribuible-calor-Barcelona-2024_DOC-1.jpg","contentUrl":"https:\/\/www.aspb.cat\/wp-content\/uploads\/2024\/11\/Mortalitat-atribuible-calor-Barcelona-2024_DOC-1.jpg","width":595,"height":842},{"@type":"BreadcrumbList","@id":"https:\/\/www.aspb.cat\/es\/documentos\/mortalidad-atribuible-calor-barcelona\/#breadcrumb","itemListElement":[{"@type":"ListItem","position":1,"name":"Inici","item":"https:\/\/www.aspb.cat\/es\/"},{"@type":"ListItem","position":2,"name":"Documents","item":"https:\/\/www.aspb.cat\/documents\/"},{"@type":"ListItem","position":3,"name":"Mortalidad atribuible al calor en la ciudad de Barcelona"}]},{"@type":"WebSite","@id":"https:\/\/www.aspb.cat\/#website","url":"https:\/\/www.aspb.cat\/","name":"ASPB","description":"Just another WordPress site","potentialAction":[{"@type":"SearchAction","target":{"@type":"EntryPoint","urlTemplate":"https:\/\/www.aspb.cat\/?s={search_term_string}"},"query-input":{"@type":"PropertyValueSpecification","valueRequired":true,"valueName":"search_term_string"}}],"inLanguage":"es"}]}},"_links":{"self":[{"href":"https:\/\/www.aspb.cat\/es\/wp-json\/wp\/v2\/documento\/56498","targetHints":{"allow":["GET"]}}],"collection":[{"href":"https:\/\/www.aspb.cat\/es\/wp-json\/wp\/v2\/documento"}],"about":[{"href":"https:\/\/www.aspb.cat\/es\/wp-json\/wp\/v2\/types\/documento"}],"version-history":[{"count":9,"href":"https:\/\/www.aspb.cat\/es\/wp-json\/wp\/v2\/documento\/56498\/revisions"}],"predecessor-version":[{"id":63051,"href":"https:\/\/www.aspb.cat\/es\/wp-json\/wp\/v2\/documento\/56498\/revisions\/63051"}],"wp:featuredmedia":[{"embeddable":true,"href":"https:\/\/www.aspb.cat\/es\/wp-json\/wp\/v2\/media\/59601"}],"wp:attachment":[{"href":"https:\/\/www.aspb.cat\/es\/wp-json\/wp\/v2\/media?parent=56498"}],"wp:term":[{"taxonomy":"tema","embeddable":true,"href":"https:\/\/www.aspb.cat\/es\/wp-json\/wp\/v2\/tema?post=56498"},{"taxonomy":"tipusdocument","embeddable":true,"href":"https:\/\/www.aspb.cat\/es\/wp-json\/wp\/v2\/tipusdocument?post=56498"}],"curies":[{"name":"wp","href":"https:\/\/api.w.org\/{rel}","templated":true}]}}

<p class="p1">La exposición a elevadas temperaturas tiene un impacto directo sobre la salud, aumenta el riesgo de cuadros clínicos específicos como los golpes de calor, y puede agravar las enfermedades crónicas e incluso producir la muerte.</p>
<p class="p1">Este informe presenta los resultados de la asociación entre el calor y la mortalidad, así como el impacto que ha tenido el calor y el calor intenso sobre la mortalidad del verano de 2025 en la ciudad de Barcelona. Además, se incluyen los resultados correspondientes al período 2016-2025 para contextualizar la evolución a lo largo del tiempo.</p>
<p class="p1">Durante los meses de mayo a septiembre de 2025, se estima que el calor produjo unas 370 muertes. Respecto al total de las muertes de estos meses, un 8% se deben al calor. De éstas, alrededor de 60 muertes se produjeron durante los días de superación del umbral de calor intenso. Por lo general, las mujeres y las personas de 75 o más años fueron los grupos con un mayor impacto en la mortalidad por el calor, así como por el calor intenso.</p>
<div class="moure_faqs_aqui"></div>

<!-- This site is optimized with the Yoast SEO Premium plugin v27.5 (Yoast SEO v27.5) - https://yoast.com/product/yoast-seo-premium-wordpress/ -->
<title>Mortalidad atribuible al calor en la ciudad de Barcelona - ASPB</title>
<meta name="robots" content="index, follow, max-snippet:-1, max-image-preview:large, max-video-preview:-1" />
<link rel="canonical" href="https://www.aspb.cat/es/documentos/mortalidad-atribuible-calor-barcelona/" />
<meta property="og:locale" content="es_ES" />
<meta property="og:type" content="article" />
<meta property="og:title" content="Mortalidad atribuible al calor en la ciudad de Barcelona" />
<meta property="og:description" content="La exposición a elevadas temperaturas tiene un impacto directo sobre la salud, aumenta el riesgo [&hellip;]" />
<meta property="og:url" content="https://www.aspb.cat/es/documentos/mortalidad-atribuible-calor-barcelona/" />
<meta property="og:site_name" content="ASPB" />
<meta property="article:publisher" content="https://www.facebook.com/salutpublicabcn" />
<meta property="article:modified_time" content="2026-03-18T17:04:26+00:00" />
<meta property="og:image" content="https://www.aspb.cat/wp-content/uploads/2024/11/Mortalitat-atribuible-calor-Barcelona-2024_DOC-1.jpg" />
	<meta property="og:image:width" content="595" />
	<meta property="og:image:height" content="842" />
	<meta property="og:image:type" content="image/jpeg" />
<meta name="twitter:card" content="summary_large_image" />
<meta name="twitter:site" content="@salutpublicabcn" />
<meta name="twitter:label1" content="Tiempo de lectura" />
	<meta name="twitter:data1" content="2 minutos" />
<script type="application/ld+json" class="yoast-schema-graph">{"@context":"https:\/\/schema.org","@graph":[{"@type":"WebPage","@id":"https:\/\/www.aspb.cat\/es\/documentos\/mortalidad-atribuible-calor-barcelona\/","url":"https:\/\/www.aspb.cat\/es\/documentos\/mortalidad-atribuible-calor-barcelona\/","name":"Mortalidad atribuible al calor en la ciudad de Barcelona - ASPB","isPartOf":{"@id":"https:\/\/www.aspb.cat\/#website"},"primaryImageOfPage":{"@id":"https:\/\/www.aspb.cat\/es\/documentos\/mortalidad-atribuible-calor-barcelona\/#primaryimage"},"image":{"@id":"https:\/\/www.aspb.cat\/es\/documentos\/mortalidad-atribuible-calor-barcelona\/#primaryimage"},"thumbnailUrl":"https:\/\/www.aspb.cat\/wp-content\/uploads\/2024\/11\/Mortalitat-atribuible-calor-Barcelona-2024_DOC-1.jpg","datePublished":"2024-11-26T11:20:47+00:00","dateModified":"2026-03-18T17:04:26+00:00","breadcrumb":{"@id":"https:\/\/www.aspb.cat\/es\/documentos\/mortalidad-atribuible-calor-barcelona\/#breadcrumb"},"inLanguage":"es","potentialAction":[{"@type":"ReadAction","target":["https:\/\/www.aspb.cat\/es\/documentos\/mortalidad-atribuible-calor-barcelona\/"]}]},{"@type":"ImageObject","inLanguage":"es","@id":"https:\/\/www.aspb.cat\/es\/documentos\/mortalidad-atribuible-calor-barcelona\/#primaryimage","url":"https:\/\/www.aspb.cat\/wp-content\/uploads\/2024\/11\/Mortalitat-atribuible-calor-Barcelona-2024_DOC-1.jpg","contentUrl":"https:\/\/www.aspb.cat\/wp-content\/uploads\/2024\/11\/Mortalitat-atribuible-calor-Barcelona-2024_DOC-1.jpg","width":595,"height":842},{"@type":"BreadcrumbList","@id":"https:\/\/www.aspb.cat\/es\/documentos\/mortalidad-atribuible-calor-barcelona\/#breadcrumb","itemListElement":[{"@type":"ListItem","position":1,"name":"Inici","item":"https:\/\/www.aspb.cat\/es\/"},{"@type":"ListItem","position":2,"name":"Documents","item":"https:\/\/www.aspb.cat\/documents\/"},{"@type":"ListItem","position":3,"name":"Mortalidad atribuible al calor en la ciudad de Barcelona"}]},{"@type":"WebSite","@id":"https:\/\/www.aspb.cat\/#website","url":"https:\/\/www.aspb.cat\/","name":"ASPB","description":"Just another WordPress site","potentialAction":[{"@type":"SearchAction","target":{"@type":"EntryPoint","urlTemplate":"https:\/\/www.aspb.cat\/?s={search_term_string}"},"query-input":{"@type":"PropertyValueSpecification","valueRequired":true,"valueName":"search_term_string"}}],"inLanguage":"es"}]}</script>
<!-- / Yoast SEO Premium plugin. -->

La exposición a elevadas temperaturas tiene un impacto directo sobre la salud, aumenta el riesgo [&hellip;]
