{"id":53486,"date":"2020-07-21T14:26:01","date_gmt":"2020-07-21T14:26:01","guid":{"rendered":"https:\/\/www.aspb.cat\/documents\/aspb-qualitat-aire-durant-covid19\/"},"modified":"2024-02-21T16:34:13","modified_gmt":"2024-02-21T16:34:13","slug":"aspb-calidad-aire-durante-covid19","status":"publish","type":"documento","link":"https:\/\/www.aspb.cat\/es\/documentos\/aspb-calidad-aire-durante-covid19\/","title":{"rendered":"Calidad del aire durante la COVID-19"},"content":{"rendered":"\n<p>Durante la COVID, los niveles de los principales contaminantes en la ciudad han disminuido de forma importante por la reducci\u00f3n del tr\u00e1fico motorizado durante el confinamiento. Respirar un aire limpio de forma permanente permite mejorar la salud de las personas y la reducci\u00f3n del tr\u00e1fico motorizado en la ciudad tiene otros co-beneficios como la reducci\u00f3n del ruido y la recuperaci\u00f3n del espacio p\u00fablico para las personas.<\/p>\n\n\n\n<div class=\"figure\"><\/div>\n","protected":false},"featured_media":53487,"template":"","tema":[322,153,154,288],"tipusdocument":[155],"class_list":["post-53486","documento","type-documento","status-publish","has-post-thumbnail","hentry","tema-covid-salud-ambiental-es","tema-calidad-aire","tema-salud-ambiental","tema-covid19-es","tipusdocument-material-divulgativo","publish","author-ext_acaillab","impar","primero"],"acf":[],"yoast_head":"<!-- This site is optimized with the Yoast SEO Premium plugin v27.5 (Yoast SEO v27.5) - https:\/\/yoast.com\/product\/yoast-seo-premium-wordpress\/ -->\n<title>Calidad del aire durante la COVID-19 - ASPB<\/title>\n<meta name=\"robots\" content=\"index, follow, max-snippet:-1, max-image-preview:large, max-video-preview:-1\" \/>\n<link rel=\"canonical\" href=\"https:\/\/www.aspb.cat\/es\/documents\/aspb-calidad-aire-durante-covid19\/\" \/>\n<meta property=\"og:locale\" content=\"es_ES\" \/>\n<meta property=\"og:type\" content=\"article\" \/>\n<meta property=\"og:title\" content=\"Calidad del aire durante la COVID-19\" \/>\n<meta property=\"og:description\" content=\"Durante la COVID, los niveles de los principales contaminantes en la ciudad han disminuido de [&hellip;]\" \/>\n<meta property=\"og:url\" content=\"https:\/\/www.aspb.cat\/es\/documents\/aspb-calidad-aire-durante-covid19\/\" \/>\n<meta property=\"og:site_name\" content=\"ASPB\" \/>\n<meta property=\"article:publisher\" content=\"https:\/\/www.facebook.com\/salutpublicabcn\" \/>\n<meta property=\"article:modified_time\" content=\"2024-02-21T16:34:13+00:00\" \/>\n<meta property=\"og:image\" content=\"https:\/\/www.aspb.cat\/wp-content\/uploads\/2020\/07\/ASPB_Qualitat-aire-durant-COVID19-04.jpg\" \/>\n\t<meta property=\"og:image:width\" content=\"1437\" \/>\n\t<meta property=\"og:image:height\" content=\"2034\" \/>\n\t<meta property=\"og:image:type\" content=\"image\/jpeg\" \/>\n<meta name=\"twitter:card\" content=\"summary_large_image\" \/>\n<meta name=\"twitter:site\" content=\"@salutpublicabcn\" \/>\n<meta name=\"twitter:label1\" content=\"Tiempo de lectura\" \/>\n\t<meta name=\"twitter:data1\" content=\"1 minuto\" \/>\n<script type=\"application\/ld+json\" class=\"yoast-schema-graph\">{\"@context\":\"https:\\\/\\\/schema.org\",\"@graph\":[{\"@type\":\"WebPage\",\"@id\":\"https:\\\/\\\/www.aspb.cat\\\/es\\\/documents\\\/aspb-calidad-aire-durante-covid19\\\/\",\"url\":\"https:\\\/\\\/www.aspb.cat\\\/es\\\/documents\\\/aspb-calidad-aire-durante-covid19\\\/\",\"name\":\"Calidad del aire durante la COVID-19 - ASPB\",\"isPartOf\":{\"@id\":\"https:\\\/\\\/www.aspb.cat\\\/#website\"},\"primaryImageOfPage\":{\"@id\":\"https:\\\/\\\/www.aspb.cat\\\/es\\\/documents\\\/aspb-calidad-aire-durante-covid19\\\/#primaryimage\"},\"image\":{\"@id\":\"https:\\\/\\\/www.aspb.cat\\\/es\\\/documents\\\/aspb-calidad-aire-durante-covid19\\\/#primaryimage\"},\"thumbnailUrl\":\"https:\\\/\\\/www.aspb.cat\\\/wp-content\\\/uploads\\\/2020\\\/07\\\/ASPB_Qualitat-aire-durant-COVID19-04.jpg\",\"datePublished\":\"2020-07-21T14:26:01+00:00\",\"dateModified\":\"2024-02-21T16:34:13+00:00\",\"breadcrumb\":{\"@id\":\"https:\\\/\\\/www.aspb.cat\\\/es\\\/documents\\\/aspb-calidad-aire-durante-covid19\\\/#breadcrumb\"},\"inLanguage\":\"es\",\"potentialAction\":[{\"@type\":\"ReadAction\",\"target\":[\"https:\\\/\\\/www.aspb.cat\\\/es\\\/documents\\\/aspb-calidad-aire-durante-covid19\\\/\"]}]},{\"@type\":\"ImageObject\",\"inLanguage\":\"es\",\"@id\":\"https:\\\/\\\/www.aspb.cat\\\/es\\\/documents\\\/aspb-calidad-aire-durante-covid19\\\/#primaryimage\",\"url\":\"https:\\\/\\\/www.aspb.cat\\\/wp-content\\\/uploads\\\/2020\\\/07\\\/ASPB_Qualitat-aire-durant-COVID19-04.jpg\",\"contentUrl\":\"https:\\\/\\\/www.aspb.cat\\\/wp-content\\\/uploads\\\/2020\\\/07\\\/ASPB_Qualitat-aire-durant-COVID19-04.jpg\",\"width\":1437,\"height\":2034},{\"@type\":\"BreadcrumbList\",\"@id\":\"https:\\\/\\\/www.aspb.cat\\\/es\\\/documents\\\/aspb-calidad-aire-durante-covid19\\\/#breadcrumb\",\"itemListElement\":[{\"@type\":\"ListItem\",\"position\":1,\"name\":\"Inici\",\"item\":\"https:\\\/\\\/www.aspb.cat\\\/es\\\/\"},{\"@type\":\"ListItem\",\"position\":2,\"name\":\"Documents\",\"item\":\"https:\\\/\\\/www.aspb.cat\\\/documents\\\/\"},{\"@type\":\"ListItem\",\"position\":3,\"name\":\"Calidad del aire durante la COVID-19\"}]},{\"@type\":\"WebSite\",\"@id\":\"https:\\\/\\\/www.aspb.cat\\\/#website\",\"url\":\"https:\\\/\\\/www.aspb.cat\\\/\",\"name\":\"ASPB\",\"description\":\"Just another WordPress site\",\"potentialAction\":[{\"@type\":\"SearchAction\",\"target\":{\"@type\":\"EntryPoint\",\"urlTemplate\":\"https:\\\/\\\/www.aspb.cat\\\/?s={search_term_string}\"},\"query-input\":{\"@type\":\"PropertyValueSpecification\",\"valueRequired\":true,\"valueName\":\"search_term_string\"}}],\"inLanguage\":\"es\"}]}<\/script>\n<!-- \/ Yoast SEO Premium plugin. -->","yoast_head_json":{"title":"Calidad del aire durante la COVID-19 - ASPB","robots":{"index":"index","follow":"follow","max-snippet":"max-snippet:-1","max-image-preview":"max-image-preview:large","max-video-preview":"max-video-preview:-1"},"canonical":"https:\/\/www.aspb.cat\/es\/documents\/aspb-calidad-aire-durante-covid19\/","og_locale":"es_ES","og_type":"article","og_title":"Calidad del aire durante la COVID-19","og_description":"Durante la COVID, los niveles de los principales contaminantes en la ciudad han disminuido de [&hellip;]","og_url":"https:\/\/www.aspb.cat\/es\/documents\/aspb-calidad-aire-durante-covid19\/","og_site_name":"ASPB","article_publisher":"https:\/\/www.facebook.com\/salutpublicabcn","article_modified_time":"2024-02-21T16:34:13+00:00","og_image":[{"width":1437,"height":2034,"url":"https:\/\/www.aspb.cat\/wp-content\/uploads\/2020\/07\/ASPB_Qualitat-aire-durant-COVID19-04.jpg","type":"image\/jpeg"}],"twitter_card":"summary_large_image","twitter_site":"@salutpublicabcn","twitter_misc":{"Tiempo de lectura":"1 minuto"},"schema":{"@context":"https:\/\/schema.org","@graph":[{"@type":"WebPage","@id":"https:\/\/www.aspb.cat\/es\/documents\/aspb-calidad-aire-durante-covid19\/","url":"https:\/\/www.aspb.cat\/es\/documents\/aspb-calidad-aire-durante-covid19\/","name":"Calidad del aire durante la COVID-19 - ASPB","isPartOf":{"@id":"https:\/\/www.aspb.cat\/#website"},"primaryImageOfPage":{"@id":"https:\/\/www.aspb.cat\/es\/documents\/aspb-calidad-aire-durante-covid19\/#primaryimage"},"image":{"@id":"https:\/\/www.aspb.cat\/es\/documents\/aspb-calidad-aire-durante-covid19\/#primaryimage"},"thumbnailUrl":"https:\/\/www.aspb.cat\/wp-content\/uploads\/2020\/07\/ASPB_Qualitat-aire-durant-COVID19-04.jpg","datePublished":"2020-07-21T14:26:01+00:00","dateModified":"2024-02-21T16:34:13+00:00","breadcrumb":{"@id":"https:\/\/www.aspb.cat\/es\/documents\/aspb-calidad-aire-durante-covid19\/#breadcrumb"},"inLanguage":"es","potentialAction":[{"@type":"ReadAction","target":["https:\/\/www.aspb.cat\/es\/documents\/aspb-calidad-aire-durante-covid19\/"]}]},{"@type":"ImageObject","inLanguage":"es","@id":"https:\/\/www.aspb.cat\/es\/documents\/aspb-calidad-aire-durante-covid19\/#primaryimage","url":"https:\/\/www.aspb.cat\/wp-content\/uploads\/2020\/07\/ASPB_Qualitat-aire-durant-COVID19-04.jpg","contentUrl":"https:\/\/www.aspb.cat\/wp-content\/uploads\/2020\/07\/ASPB_Qualitat-aire-durant-COVID19-04.jpg","width":1437,"height":2034},{"@type":"BreadcrumbList","@id":"https:\/\/www.aspb.cat\/es\/documents\/aspb-calidad-aire-durante-covid19\/#breadcrumb","itemListElement":[{"@type":"ListItem","position":1,"name":"Inici","item":"https:\/\/www.aspb.cat\/es\/"},{"@type":"ListItem","position":2,"name":"Documents","item":"https:\/\/www.aspb.cat\/documents\/"},{"@type":"ListItem","position":3,"name":"Calidad del aire durante la COVID-19"}]},{"@type":"WebSite","@id":"https:\/\/www.aspb.cat\/#website","url":"https:\/\/www.aspb.cat\/","name":"ASPB","description":"Just another WordPress site","potentialAction":[{"@type":"SearchAction","target":{"@type":"EntryPoint","urlTemplate":"https:\/\/www.aspb.cat\/?s={search_term_string}"},"query-input":{"@type":"PropertyValueSpecification","valueRequired":true,"valueName":"search_term_string"}}],"inLanguage":"es"}]}},"_links":{"self":[{"href":"https:\/\/www.aspb.cat\/es\/wp-json\/wp\/v2\/documento\/53486","targetHints":{"allow":["GET"]}}],"collection":[{"href":"https:\/\/www.aspb.cat\/es\/wp-json\/wp\/v2\/documento"}],"about":[{"href":"https:\/\/www.aspb.cat\/es\/wp-json\/wp\/v2\/types\/documento"}],"version-history":[{"count":2,"href":"https:\/\/www.aspb.cat\/es\/wp-json\/wp\/v2\/documento\/53486\/revisions"}],"predecessor-version":[{"id":53577,"href":"https:\/\/www.aspb.cat\/es\/wp-json\/wp\/v2\/documento\/53486\/revisions\/53577"}],"wp:featuredmedia":[{"embeddable":true,"href":"https:\/\/www.aspb.cat\/es\/wp-json\/wp\/v2\/media\/53487"}],"wp:attachment":[{"href":"https:\/\/www.aspb.cat\/es\/wp-json\/wp\/v2\/media?parent=53486"}],"wp:term":[{"taxonomy":"tema","embeddable":true,"href":"https:\/\/www.aspb.cat\/es\/wp-json\/wp\/v2\/tema?post=53486"},{"taxonomy":"tipusdocument","embeddable":true,"href":"https:\/\/www.aspb.cat\/es\/wp-json\/wp\/v2\/tipusdocument?post=53486"}],"curies":[{"name":"wp","href":"https:\/\/api.w.org\/{rel}","templated":true}]}}

<p>Durante la COVID, los niveles de los principales contaminantes en la ciudad han disminuido de forma importante por la reducción del tráfico motorizado durante el confinamiento. Respirar un aire limpio de forma permanente permite mejorar la salud de las personas y la reducción del tráfico motorizado en la ciudad tiene otros co-beneficios como la reducción del ruido y la recuperación del espacio público para las personas.</p>



<div class="figure"></div>
