{"id":51936,"date":"2023-10-10T12:39:59","date_gmt":"2023-10-10T12:39:59","guid":{"rendered":"https:\/\/www.aspb.cat\/documents\/infografia_salut_mental_adolescents_fresc_2021\/"},"modified":"2023-11-14T09:23:44","modified_gmt":"2023-11-14T09:23:44","slug":"infografia_salut_mental_adolescents_fresc_2021","status":"publish","type":"documento","link":"https:\/\/www.aspb.cat\/es\/documentos\/infografia_salut_mental_adolescents_fresc_2021\/","title":{"rendered":"Infograf\u00eda Salud mental en adolescentes en Barcelona (FRESC 2021)"},"content":{"rendered":"\n<div class=\"figure\"><\/div>\n\n\n<p>La <em>Ag\u00e8ncia de Salut p\u00fablica de Barcelona<\/em> ha elaborado un informe sobre la salud mental en adolescentes en Barcelona que analiza los resultados obtenidos en la \u00faltima encuesta de Factores de Riesgo en Estudiantes de Secundaria (FRESC) 2021. En esta infograf\u00eda encontrar\u00e1 un resumen de los datos y conclusiones principales.<\/p>","protected":false},"featured_media":51938,"template":"","tema":[150,186,199,202,351,369],"tipusdocument":[155],"class_list":["post-51936","documento","type-documento","status-publish","has-post-thumbnail","hentry","tema-salud-cifras-es","tema-etapas-vida","tema-encuesta-fresc","tema-vivir-salud","tema-adolescencia-es","tema-bienestar-emocional","tipusdocument-material-divulgativo","publish","author-ext_acaillab","impar","primero"],"acf":[],"yoast_head":"<!-- This site is optimized with the Yoast SEO Premium plugin v27.5 (Yoast SEO v27.5) - https:\/\/yoast.com\/product\/yoast-seo-premium-wordpress\/ -->\n<title>Infograf\u00eda Salud mental en adolescentes en Barcelona (FRESC 2021) - ASPB<\/title>\n<meta name=\"robots\" content=\"index, follow, max-snippet:-1, max-image-preview:large, max-video-preview:-1\" \/>\n<link rel=\"canonical\" href=\"https:\/\/www.aspb.cat\/es\/documents\/infografia_salut_mental_adolescents_fresc_2021\/\" \/>\n<meta property=\"og:locale\" content=\"es_ES\" \/>\n<meta property=\"og:type\" content=\"article\" \/>\n<meta property=\"og:title\" content=\"Infograf\u00eda Salud mental en adolescentes en Barcelona (FRESC 2021)\" \/>\n<meta property=\"og:description\" content=\"La Ag\u00e8ncia de Salut p\u00fablica de Barcelona ha elaborado un informe sobre la salud mental [&hellip;]\" \/>\n<meta property=\"og:url\" content=\"https:\/\/www.aspb.cat\/es\/documents\/infografia_salut_mental_adolescents_fresc_2021\/\" \/>\n<meta property=\"og:site_name\" content=\"ASPB\" \/>\n<meta property=\"article:publisher\" content=\"https:\/\/www.facebook.com\/salutpublicabcn\" \/>\n<meta property=\"article:modified_time\" content=\"2023-11-14T09:23:44+00:00\" \/>\n<meta property=\"og:image\" content=\"https:\/\/www.aspb.cat\/wp-content\/uploads\/2023\/10\/Infografia_FRESC_salut_mental_adolescents_2021.jpg\" \/>\n\t<meta property=\"og:image:width\" content=\"595\" \/>\n\t<meta property=\"og:image:height\" content=\"842\" \/>\n\t<meta property=\"og:image:type\" content=\"image\/jpeg\" \/>\n<meta name=\"twitter:card\" content=\"summary_large_image\" \/>\n<meta name=\"twitter:site\" content=\"@salutpublicabcn\" \/>\n<meta name=\"twitter:label1\" content=\"Tiempo de lectura\" \/>\n\t<meta name=\"twitter:data1\" content=\"1 minuto\" \/>\n<script type=\"application\/ld+json\" class=\"yoast-schema-graph\">{\"@context\":\"https:\\\/\\\/schema.org\",\"@graph\":[{\"@type\":\"WebPage\",\"@id\":\"https:\\\/\\\/www.aspb.cat\\\/es\\\/documents\\\/infografia_salut_mental_adolescents_fresc_2021\\\/\",\"url\":\"https:\\\/\\\/www.aspb.cat\\\/es\\\/documents\\\/infografia_salut_mental_adolescents_fresc_2021\\\/\",\"name\":\"Infograf\u00eda Salud mental en adolescentes en Barcelona (FRESC 2021) - ASPB\",\"isPartOf\":{\"@id\":\"https:\\\/\\\/www.aspb.cat\\\/#website\"},\"primaryImageOfPage\":{\"@id\":\"https:\\\/\\\/www.aspb.cat\\\/es\\\/documents\\\/infografia_salut_mental_adolescents_fresc_2021\\\/#primaryimage\"},\"image\":{\"@id\":\"https:\\\/\\\/www.aspb.cat\\\/es\\\/documents\\\/infografia_salut_mental_adolescents_fresc_2021\\\/#primaryimage\"},\"thumbnailUrl\":\"https:\\\/\\\/www.aspb.cat\\\/wp-content\\\/uploads\\\/2023\\\/10\\\/Infografia_FRESC_salut_mental_adolescents_2021.jpg\",\"datePublished\":\"2023-10-10T12:39:59+00:00\",\"dateModified\":\"2023-11-14T09:23:44+00:00\",\"breadcrumb\":{\"@id\":\"https:\\\/\\\/www.aspb.cat\\\/es\\\/documents\\\/infografia_salut_mental_adolescents_fresc_2021\\\/#breadcrumb\"},\"inLanguage\":\"es\",\"potentialAction\":[{\"@type\":\"ReadAction\",\"target\":[\"https:\\\/\\\/www.aspb.cat\\\/es\\\/documents\\\/infografia_salut_mental_adolescents_fresc_2021\\\/\"]}]},{\"@type\":\"ImageObject\",\"inLanguage\":\"es\",\"@id\":\"https:\\\/\\\/www.aspb.cat\\\/es\\\/documents\\\/infografia_salut_mental_adolescents_fresc_2021\\\/#primaryimage\",\"url\":\"https:\\\/\\\/www.aspb.cat\\\/wp-content\\\/uploads\\\/2023\\\/10\\\/Infografia_FRESC_salut_mental_adolescents_2021.jpg\",\"contentUrl\":\"https:\\\/\\\/www.aspb.cat\\\/wp-content\\\/uploads\\\/2023\\\/10\\\/Infografia_FRESC_salut_mental_adolescents_2021.jpg\",\"width\":595,\"height\":842,\"caption\":\"Infografia salut mental en adolescents FRESC 2021\"},{\"@type\":\"BreadcrumbList\",\"@id\":\"https:\\\/\\\/www.aspb.cat\\\/es\\\/documents\\\/infografia_salut_mental_adolescents_fresc_2021\\\/#breadcrumb\",\"itemListElement\":[{\"@type\":\"ListItem\",\"position\":1,\"name\":\"Inici\",\"item\":\"https:\\\/\\\/www.aspb.cat\\\/es\\\/\"},{\"@type\":\"ListItem\",\"position\":2,\"name\":\"Documents\",\"item\":\"https:\\\/\\\/www.aspb.cat\\\/documents\\\/\"},{\"@type\":\"ListItem\",\"position\":3,\"name\":\"Infograf\u00eda Salud mental en adolescentes en Barcelona (FRESC 2021)\"}]},{\"@type\":\"WebSite\",\"@id\":\"https:\\\/\\\/www.aspb.cat\\\/#website\",\"url\":\"https:\\\/\\\/www.aspb.cat\\\/\",\"name\":\"ASPB\",\"description\":\"Just another WordPress site\",\"potentialAction\":[{\"@type\":\"SearchAction\",\"target\":{\"@type\":\"EntryPoint\",\"urlTemplate\":\"https:\\\/\\\/www.aspb.cat\\\/?s={search_term_string}\"},\"query-input\":{\"@type\":\"PropertyValueSpecification\",\"valueRequired\":true,\"valueName\":\"search_term_string\"}}],\"inLanguage\":\"es\"}]}<\/script>\n<!-- \/ Yoast SEO Premium plugin. -->","yoast_head_json":{"title":"Infograf\u00eda Salud mental en adolescentes en Barcelona (FRESC 2021) - ASPB","robots":{"index":"index","follow":"follow","max-snippet":"max-snippet:-1","max-image-preview":"max-image-preview:large","max-video-preview":"max-video-preview:-1"},"canonical":"https:\/\/www.aspb.cat\/es\/documents\/infografia_salut_mental_adolescents_fresc_2021\/","og_locale":"es_ES","og_type":"article","og_title":"Infograf\u00eda Salud mental en adolescentes en Barcelona (FRESC 2021)","og_description":"La Ag\u00e8ncia de Salut p\u00fablica de Barcelona ha elaborado un informe sobre la salud mental [&hellip;]","og_url":"https:\/\/www.aspb.cat\/es\/documents\/infografia_salut_mental_adolescents_fresc_2021\/","og_site_name":"ASPB","article_publisher":"https:\/\/www.facebook.com\/salutpublicabcn","article_modified_time":"2023-11-14T09:23:44+00:00","og_image":[{"width":595,"height":842,"url":"https:\/\/www.aspb.cat\/wp-content\/uploads\/2023\/10\/Infografia_FRESC_salut_mental_adolescents_2021.jpg","type":"image\/jpeg"}],"twitter_card":"summary_large_image","twitter_site":"@salutpublicabcn","twitter_misc":{"Tiempo de lectura":"1 minuto"},"schema":{"@context":"https:\/\/schema.org","@graph":[{"@type":"WebPage","@id":"https:\/\/www.aspb.cat\/es\/documents\/infografia_salut_mental_adolescents_fresc_2021\/","url":"https:\/\/www.aspb.cat\/es\/documents\/infografia_salut_mental_adolescents_fresc_2021\/","name":"Infograf\u00eda Salud mental en adolescentes en Barcelona (FRESC 2021) - ASPB","isPartOf":{"@id":"https:\/\/www.aspb.cat\/#website"},"primaryImageOfPage":{"@id":"https:\/\/www.aspb.cat\/es\/documents\/infografia_salut_mental_adolescents_fresc_2021\/#primaryimage"},"image":{"@id":"https:\/\/www.aspb.cat\/es\/documents\/infografia_salut_mental_adolescents_fresc_2021\/#primaryimage"},"thumbnailUrl":"https:\/\/www.aspb.cat\/wp-content\/uploads\/2023\/10\/Infografia_FRESC_salut_mental_adolescents_2021.jpg","datePublished":"2023-10-10T12:39:59+00:00","dateModified":"2023-11-14T09:23:44+00:00","breadcrumb":{"@id":"https:\/\/www.aspb.cat\/es\/documents\/infografia_salut_mental_adolescents_fresc_2021\/#breadcrumb"},"inLanguage":"es","potentialAction":[{"@type":"ReadAction","target":["https:\/\/www.aspb.cat\/es\/documents\/infografia_salut_mental_adolescents_fresc_2021\/"]}]},{"@type":"ImageObject","inLanguage":"es","@id":"https:\/\/www.aspb.cat\/es\/documents\/infografia_salut_mental_adolescents_fresc_2021\/#primaryimage","url":"https:\/\/www.aspb.cat\/wp-content\/uploads\/2023\/10\/Infografia_FRESC_salut_mental_adolescents_2021.jpg","contentUrl":"https:\/\/www.aspb.cat\/wp-content\/uploads\/2023\/10\/Infografia_FRESC_salut_mental_adolescents_2021.jpg","width":595,"height":842,"caption":"Infografia salut mental en adolescents FRESC 2021"},{"@type":"BreadcrumbList","@id":"https:\/\/www.aspb.cat\/es\/documents\/infografia_salut_mental_adolescents_fresc_2021\/#breadcrumb","itemListElement":[{"@type":"ListItem","position":1,"name":"Inici","item":"https:\/\/www.aspb.cat\/es\/"},{"@type":"ListItem","position":2,"name":"Documents","item":"https:\/\/www.aspb.cat\/documents\/"},{"@type":"ListItem","position":3,"name":"Infograf\u00eda Salud mental en adolescentes en Barcelona (FRESC 2021)"}]},{"@type":"WebSite","@id":"https:\/\/www.aspb.cat\/#website","url":"https:\/\/www.aspb.cat\/","name":"ASPB","description":"Just another WordPress site","potentialAction":[{"@type":"SearchAction","target":{"@type":"EntryPoint","urlTemplate":"https:\/\/www.aspb.cat\/?s={search_term_string}"},"query-input":{"@type":"PropertyValueSpecification","valueRequired":true,"valueName":"search_term_string"}}],"inLanguage":"es"}]}},"_links":{"self":[{"href":"https:\/\/www.aspb.cat\/es\/wp-json\/wp\/v2\/documento\/51936","targetHints":{"allow":["GET"]}}],"collection":[{"href":"https:\/\/www.aspb.cat\/es\/wp-json\/wp\/v2\/documento"}],"about":[{"href":"https:\/\/www.aspb.cat\/es\/wp-json\/wp\/v2\/types\/documento"}],"version-history":[{"count":3,"href":"https:\/\/www.aspb.cat\/es\/wp-json\/wp\/v2\/documento\/51936\/revisions"}],"predecessor-version":[{"id":52018,"href":"https:\/\/www.aspb.cat\/es\/wp-json\/wp\/v2\/documento\/51936\/revisions\/52018"}],"wp:featuredmedia":[{"embeddable":true,"href":"https:\/\/www.aspb.cat\/es\/wp-json\/wp\/v2\/media\/51938"}],"wp:attachment":[{"href":"https:\/\/www.aspb.cat\/es\/wp-json\/wp\/v2\/media?parent=51936"}],"wp:term":[{"taxonomy":"tema","embeddable":true,"href":"https:\/\/www.aspb.cat\/es\/wp-json\/wp\/v2\/tema?post=51936"},{"taxonomy":"tipusdocument","embeddable":true,"href":"https:\/\/www.aspb.cat\/es\/wp-json\/wp\/v2\/tipusdocument?post=51936"}],"curies":[{"name":"wp","href":"https:\/\/api.w.org\/{rel}","templated":true}]}}

Infografía Salud mental en adolescentes en Barcelona (FRESC 2021)

<div class="figure"></div>


<p>La <em>Agència de Salut pública de Barcelona</em> ha elaborado un informe sobre la salud mental en adolescentes en Barcelona que analiza los resultados obtenidos en la última encuesta de Factores de Riesgo en Estudiantes de Secundaria (FRESC) 2021. En esta infografía encontrará un resumen de los datos y conclusiones principales.</p>

<!-- This site is optimized with the Yoast SEO Premium plugin v27.5 (Yoast SEO v27.5) - https://yoast.com/product/yoast-seo-premium-wordpress/ -->
<title>Infografía Salud mental en adolescentes en Barcelona (FRESC 2021) - ASPB</title>
<meta name="robots" content="index, follow, max-snippet:-1, max-image-preview:large, max-video-preview:-1" />
<link rel="canonical" href="https://www.aspb.cat/es/documents/infografia_salut_mental_adolescents_fresc_2021/" />
<meta property="og:locale" content="es_ES" />
<meta property="og:type" content="article" />
<meta property="og:title" content="Infografía Salud mental en adolescentes en Barcelona (FRESC 2021)" />
<meta property="og:description" content="La Agència de Salut pública de Barcelona ha elaborado un informe sobre la salud mental [&hellip;]" />
<meta property="og:url" content="https://www.aspb.cat/es/documents/infografia_salut_mental_adolescents_fresc_2021/" />
<meta property="og:site_name" content="ASPB" />
<meta property="article:publisher" content="https://www.facebook.com/salutpublicabcn" />
<meta property="article:modified_time" content="2023-11-14T09:23:44+00:00" />
<meta property="og:image" content="https://www.aspb.cat/wp-content/uploads/2023/10/Infografia_FRESC_salut_mental_adolescents_2021.jpg" />
	<meta property="og:image:width" content="595" />
	<meta property="og:image:height" content="842" />
	<meta property="og:image:type" content="image/jpeg" />
<meta name="twitter:card" content="summary_large_image" />
<meta name="twitter:site" content="@salutpublicabcn" />
<meta name="twitter:label1" content="Tiempo de lectura" />
	<meta name="twitter:data1" content="1 minuto" />
<script type="application/ld+json" class="yoast-schema-graph">{"@context":"https:\/\/schema.org","@graph":[{"@type":"WebPage","@id":"https:\/\/www.aspb.cat\/es\/documents\/infografia_salut_mental_adolescents_fresc_2021\/","url":"https:\/\/www.aspb.cat\/es\/documents\/infografia_salut_mental_adolescents_fresc_2021\/","name":"Infografía Salud mental en adolescentes en Barcelona (FRESC 2021) - ASPB","isPartOf":{"@id":"https:\/\/www.aspb.cat\/#website"},"primaryImageOfPage":{"@id":"https:\/\/www.aspb.cat\/es\/documents\/infografia_salut_mental_adolescents_fresc_2021\/#primaryimage"},"image":{"@id":"https:\/\/www.aspb.cat\/es\/documents\/infografia_salut_mental_adolescents_fresc_2021\/#primaryimage"},"thumbnailUrl":"https:\/\/www.aspb.cat\/wp-content\/uploads\/2023\/10\/Infografia_FRESC_salut_mental_adolescents_2021.jpg","datePublished":"2023-10-10T12:39:59+00:00","dateModified":"2023-11-14T09:23:44+00:00","breadcrumb":{"@id":"https:\/\/www.aspb.cat\/es\/documents\/infografia_salut_mental_adolescents_fresc_2021\/#breadcrumb"},"inLanguage":"es","potentialAction":[{"@type":"ReadAction","target":["https:\/\/www.aspb.cat\/es\/documents\/infografia_salut_mental_adolescents_fresc_2021\/"]}]},{"@type":"ImageObject","inLanguage":"es","@id":"https:\/\/www.aspb.cat\/es\/documents\/infografia_salut_mental_adolescents_fresc_2021\/#primaryimage","url":"https:\/\/www.aspb.cat\/wp-content\/uploads\/2023\/10\/Infografia_FRESC_salut_mental_adolescents_2021.jpg","contentUrl":"https:\/\/www.aspb.cat\/wp-content\/uploads\/2023\/10\/Infografia_FRESC_salut_mental_adolescents_2021.jpg","width":595,"height":842,"caption":"Infografia salut mental en adolescents FRESC 2021"},{"@type":"BreadcrumbList","@id":"https:\/\/www.aspb.cat\/es\/documents\/infografia_salut_mental_adolescents_fresc_2021\/#breadcrumb","itemListElement":[{"@type":"ListItem","position":1,"name":"Inici","item":"https:\/\/www.aspb.cat\/es\/"},{"@type":"ListItem","position":2,"name":"Documents","item":"https:\/\/www.aspb.cat\/documents\/"},{"@type":"ListItem","position":3,"name":"Infografía Salud mental en adolescentes en Barcelona (FRESC 2021)"}]},{"@type":"WebSite","@id":"https:\/\/www.aspb.cat\/#website","url":"https:\/\/www.aspb.cat\/","name":"ASPB","description":"Just another WordPress site","potentialAction":[{"@type":"SearchAction","target":{"@type":"EntryPoint","urlTemplate":"https:\/\/www.aspb.cat\/?s={search_term_string}"},"query-input":{"@type":"PropertyValueSpecification","valueRequired":true,"valueName":"search_term_string"}}],"inLanguage":"es"}]}</script>
<!-- / Yoast SEO Premium plugin. -->

Infografía Salud mental en adolescentes en Barcelona (FRESC 2021) - ASPB

La Agència de Salut pública de Barcelona ha elaborado un informe sobre la salud mental [&hellip;]
