{"id":51924,"date":"2023-10-20T10:56:36","date_gmt":"2023-10-20T10:56:36","guid":{"rendered":"https:\/\/www.aspb.cat\/documents\/campanya-vacunacio-grip-covid19\/"},"modified":"2025-10-13T12:40:00","modified_gmt":"2025-10-13T12:40:00","slug":"vacunacion-gripe-covid19","status":"publish","type":"documento","link":"https:\/\/www.aspb.cat\/es\/documentos\/vacunacion-gripe-covid19\/","title":{"rendered":"Campa\u00f1a de vacunaci\u00f3n contra la gripe y la COVID-19"},"content":{"rendered":"<p>Desde el 13 de octubre estar\u00e1 en marcha la <strong><a href=\"https:\/\/canalsalut.gencat.cat\/ca\/salut-a-z\/v\/vacunacions\/tardor\/\" target=\"_blank\" rel=\"noopener\">campa\u00f1a de vacunaci\u00f3n contra la gripe y la COVID-19 en Catalunya<\/a>. <\/strong>En algunas personas, los virus responsables de estas dolencias pueden producir complicaciones graves. Vacunarse es vital para reducir la transmisi\u00f3n de estas enfermedades y prevenir complicaciones.<\/p>\n<p>El per\u00edodo ideal para vacunarse son los meses de octubre a diciembre (aunque la vacunaci\u00f3n tambi\u00e9n se puede realizar hasta el mes de marzo).<\/p>\n<div class=\"moure_faqs_aqui\"><\/div>\n<p>Encontrar\u00e1 m\u00e1s informaci\u00f3n en el<strong> Canal Salut de la Generalitat de Catalunya:<\/strong><\/p>\n<ul>\n<li><a href=\"https:\/\/canalsalut.gencat.cat\/ca\/salut-a-z\/v\/vacunacions\/tardor\/\" target=\"_blank\" rel=\"noreferrer noopener\">Campa\u00f1a de vacunaci\u00f3n de oto\u00f1o 2025-2026<\/a><\/li>\n<\/ul>\n\n\n<div class=\"figure\"><\/div>\n","protected":false},"featured_media":60336,"template":"","tema":[202,371],"tipusdocument":[155],"class_list":["post-51924","documento","type-documento","status-publish","has-post-thumbnail","hentry","tema-vivir-salud","tema-vacunes-es","tipusdocument-material-divulgativo","publish","author-broman","impar","primero"],"acf":[],"yoast_head":"<!-- This site is optimized with the Yoast SEO Premium plugin v27.5 (Yoast SEO v27.5) - https:\/\/yoast.com\/product\/yoast-seo-premium-wordpress\/ -->\n<title>Campa\u00f1a de vacunaci\u00f3n contra la gripe y la COVID-19 - ASPB<\/title>\n<meta name=\"robots\" content=\"index, follow, max-snippet:-1, max-image-preview:large, max-video-preview:-1\" \/>\n<link rel=\"canonical\" href=\"https:\/\/www.aspb.cat\/es\/documentos\/vacunacion-gripe-covid19\/\" \/>\n<meta property=\"og:locale\" content=\"es_ES\" \/>\n<meta property=\"og:type\" content=\"article\" \/>\n<meta property=\"og:title\" content=\"Campa\u00f1a de vacunaci\u00f3n contra la gripe y la COVID-19\" \/>\n<meta property=\"og:description\" content=\"Desde el 13 de octubre estar\u00e1 en marcha la campa\u00f1a de vacunaci\u00f3n contra la gripe [&hellip;]\" \/>\n<meta property=\"og:url\" content=\"https:\/\/www.aspb.cat\/es\/documentos\/vacunacion-gripe-covid19\/\" \/>\n<meta property=\"og:site_name\" content=\"ASPB\" \/>\n<meta property=\"article:publisher\" content=\"https:\/\/www.facebook.com\/salutpublicabcn\" \/>\n<meta property=\"article:modified_time\" content=\"2025-10-13T12:40:00+00:00\" \/>\n<meta property=\"og:image\" content=\"https:\/\/www.aspb.cat\/wp-content\/uploads\/2025\/10\/campanya-vacunacio-grip-covid19-2025-1.jpg\" \/>\n\t<meta property=\"og:image:width\" content=\"1460\" \/>\n\t<meta property=\"og:image:height\" content=\"918\" \/>\n\t<meta property=\"og:image:type\" content=\"image\/jpeg\" \/>\n<meta name=\"twitter:card\" content=\"summary_large_image\" \/>\n<meta name=\"twitter:site\" content=\"@salutpublicabcn\" \/>\n<meta name=\"twitter:label1\" content=\"Tiempo de lectura\" \/>\n\t<meta name=\"twitter:data1\" content=\"1 minuto\" \/>\n<script type=\"application\/ld+json\" class=\"yoast-schema-graph\">{\"@context\":\"https:\\\/\\\/schema.org\",\"@graph\":[{\"@type\":\"WebPage\",\"@id\":\"https:\\\/\\\/www.aspb.cat\\\/es\\\/documentos\\\/vacunacion-gripe-covid19\\\/\",\"url\":\"https:\\\/\\\/www.aspb.cat\\\/es\\\/documentos\\\/vacunacion-gripe-covid19\\\/\",\"name\":\"Campa\u00f1a de vacunaci\u00f3n contra la gripe y la COVID-19 - ASPB\",\"isPartOf\":{\"@id\":\"https:\\\/\\\/www.aspb.cat\\\/#website\"},\"primaryImageOfPage\":{\"@id\":\"https:\\\/\\\/www.aspb.cat\\\/es\\\/documentos\\\/vacunacion-gripe-covid19\\\/#primaryimage\"},\"image\":{\"@id\":\"https:\\\/\\\/www.aspb.cat\\\/es\\\/documentos\\\/vacunacion-gripe-covid19\\\/#primaryimage\"},\"thumbnailUrl\":\"https:\\\/\\\/www.aspb.cat\\\/wp-content\\\/uploads\\\/2025\\\/10\\\/campanya-vacunacio-grip-covid19-2025-1.jpg\",\"datePublished\":\"2023-10-20T10:56:36+00:00\",\"dateModified\":\"2025-10-13T12:40:00+00:00\",\"breadcrumb\":{\"@id\":\"https:\\\/\\\/www.aspb.cat\\\/es\\\/documentos\\\/vacunacion-gripe-covid19\\\/#breadcrumb\"},\"inLanguage\":\"es\",\"potentialAction\":[{\"@type\":\"ReadAction\",\"target\":[\"https:\\\/\\\/www.aspb.cat\\\/es\\\/documentos\\\/vacunacion-gripe-covid19\\\/\"]}]},{\"@type\":\"ImageObject\",\"inLanguage\":\"es\",\"@id\":\"https:\\\/\\\/www.aspb.cat\\\/es\\\/documentos\\\/vacunacion-gripe-covid19\\\/#primaryimage\",\"url\":\"https:\\\/\\\/www.aspb.cat\\\/wp-content\\\/uploads\\\/2025\\\/10\\\/campanya-vacunacio-grip-covid19-2025-1.jpg\",\"contentUrl\":\"https:\\\/\\\/www.aspb.cat\\\/wp-content\\\/uploads\\\/2025\\\/10\\\/campanya-vacunacio-grip-covid19-2025-1.jpg\",\"width\":1460,\"height\":918},{\"@type\":\"BreadcrumbList\",\"@id\":\"https:\\\/\\\/www.aspb.cat\\\/es\\\/documentos\\\/vacunacion-gripe-covid19\\\/#breadcrumb\",\"itemListElement\":[{\"@type\":\"ListItem\",\"position\":1,\"name\":\"Inici\",\"item\":\"https:\\\/\\\/www.aspb.cat\\\/es\\\/\"},{\"@type\":\"ListItem\",\"position\":2,\"name\":\"Documents\",\"item\":\"https:\\\/\\\/www.aspb.cat\\\/documents\\\/\"},{\"@type\":\"ListItem\",\"position\":3,\"name\":\"Campa\u00f1a de vacunaci\u00f3n contra la gripe y la COVID-19\"}]},{\"@type\":\"WebSite\",\"@id\":\"https:\\\/\\\/www.aspb.cat\\\/#website\",\"url\":\"https:\\\/\\\/www.aspb.cat\\\/\",\"name\":\"ASPB\",\"description\":\"Just another WordPress site\",\"potentialAction\":[{\"@type\":\"SearchAction\",\"target\":{\"@type\":\"EntryPoint\",\"urlTemplate\":\"https:\\\/\\\/www.aspb.cat\\\/?s={search_term_string}\"},\"query-input\":{\"@type\":\"PropertyValueSpecification\",\"valueRequired\":true,\"valueName\":\"search_term_string\"}}],\"inLanguage\":\"es\"}]}<\/script>\n<!-- \/ Yoast SEO Premium plugin. -->","yoast_head_json":{"title":"Campa\u00f1a de vacunaci\u00f3n contra la gripe y la COVID-19 - ASPB","robots":{"index":"index","follow":"follow","max-snippet":"max-snippet:-1","max-image-preview":"max-image-preview:large","max-video-preview":"max-video-preview:-1"},"canonical":"https:\/\/www.aspb.cat\/es\/documentos\/vacunacion-gripe-covid19\/","og_locale":"es_ES","og_type":"article","og_title":"Campa\u00f1a de vacunaci\u00f3n contra la gripe y la COVID-19","og_description":"Desde el 13 de octubre estar\u00e1 en marcha la campa\u00f1a de vacunaci\u00f3n contra la gripe [&hellip;]","og_url":"https:\/\/www.aspb.cat\/es\/documentos\/vacunacion-gripe-covid19\/","og_site_name":"ASPB","article_publisher":"https:\/\/www.facebook.com\/salutpublicabcn","article_modified_time":"2025-10-13T12:40:00+00:00","og_image":[{"width":1460,"height":918,"url":"https:\/\/www.aspb.cat\/wp-content\/uploads\/2025\/10\/campanya-vacunacio-grip-covid19-2025-1.jpg","type":"image\/jpeg"}],"twitter_card":"summary_large_image","twitter_site":"@salutpublicabcn","twitter_misc":{"Tiempo de lectura":"1 minuto"},"schema":{"@context":"https:\/\/schema.org","@graph":[{"@type":"WebPage","@id":"https:\/\/www.aspb.cat\/es\/documentos\/vacunacion-gripe-covid19\/","url":"https:\/\/www.aspb.cat\/es\/documentos\/vacunacion-gripe-covid19\/","name":"Campa\u00f1a de vacunaci\u00f3n contra la gripe y la COVID-19 - ASPB","isPartOf":{"@id":"https:\/\/www.aspb.cat\/#website"},"primaryImageOfPage":{"@id":"https:\/\/www.aspb.cat\/es\/documentos\/vacunacion-gripe-covid19\/#primaryimage"},"image":{"@id":"https:\/\/www.aspb.cat\/es\/documentos\/vacunacion-gripe-covid19\/#primaryimage"},"thumbnailUrl":"https:\/\/www.aspb.cat\/wp-content\/uploads\/2025\/10\/campanya-vacunacio-grip-covid19-2025-1.jpg","datePublished":"2023-10-20T10:56:36+00:00","dateModified":"2025-10-13T12:40:00+00:00","breadcrumb":{"@id":"https:\/\/www.aspb.cat\/es\/documentos\/vacunacion-gripe-covid19\/#breadcrumb"},"inLanguage":"es","potentialAction":[{"@type":"ReadAction","target":["https:\/\/www.aspb.cat\/es\/documentos\/vacunacion-gripe-covid19\/"]}]},{"@type":"ImageObject","inLanguage":"es","@id":"https:\/\/www.aspb.cat\/es\/documentos\/vacunacion-gripe-covid19\/#primaryimage","url":"https:\/\/www.aspb.cat\/wp-content\/uploads\/2025\/10\/campanya-vacunacio-grip-covid19-2025-1.jpg","contentUrl":"https:\/\/www.aspb.cat\/wp-content\/uploads\/2025\/10\/campanya-vacunacio-grip-covid19-2025-1.jpg","width":1460,"height":918},{"@type":"BreadcrumbList","@id":"https:\/\/www.aspb.cat\/es\/documentos\/vacunacion-gripe-covid19\/#breadcrumb","itemListElement":[{"@type":"ListItem","position":1,"name":"Inici","item":"https:\/\/www.aspb.cat\/es\/"},{"@type":"ListItem","position":2,"name":"Documents","item":"https:\/\/www.aspb.cat\/documents\/"},{"@type":"ListItem","position":3,"name":"Campa\u00f1a de vacunaci\u00f3n contra la gripe y la COVID-19"}]},{"@type":"WebSite","@id":"https:\/\/www.aspb.cat\/#website","url":"https:\/\/www.aspb.cat\/","name":"ASPB","description":"Just another WordPress site","potentialAction":[{"@type":"SearchAction","target":{"@type":"EntryPoint","urlTemplate":"https:\/\/www.aspb.cat\/?s={search_term_string}"},"query-input":{"@type":"PropertyValueSpecification","valueRequired":true,"valueName":"search_term_string"}}],"inLanguage":"es"}]}},"_links":{"self":[{"href":"https:\/\/www.aspb.cat\/es\/wp-json\/wp\/v2\/documento\/51924","targetHints":{"allow":["GET"]}}],"collection":[{"href":"https:\/\/www.aspb.cat\/es\/wp-json\/wp\/v2\/documento"}],"about":[{"href":"https:\/\/www.aspb.cat\/es\/wp-json\/wp\/v2\/types\/documento"}],"version-history":[{"count":12,"href":"https:\/\/www.aspb.cat\/es\/wp-json\/wp\/v2\/documento\/51924\/revisions"}],"predecessor-version":[{"id":60311,"href":"https:\/\/www.aspb.cat\/es\/wp-json\/wp\/v2\/documento\/51924\/revisions\/60311"}],"wp:featuredmedia":[{"embeddable":true,"href":"https:\/\/www.aspb.cat\/es\/wp-json\/wp\/v2\/media\/60336"}],"wp:attachment":[{"href":"https:\/\/www.aspb.cat\/es\/wp-json\/wp\/v2\/media?parent=51924"}],"wp:term":[{"taxonomy":"tema","embeddable":true,"href":"https:\/\/www.aspb.cat\/es\/wp-json\/wp\/v2\/tema?post=51924"},{"taxonomy":"tipusdocument","embeddable":true,"href":"https:\/\/www.aspb.cat\/es\/wp-json\/wp\/v2\/tipusdocument?post=51924"}],"curies":[{"name":"wp","href":"https:\/\/api.w.org\/{rel}","templated":true}]}}

Campaña de vacunación contra la gripe y la COVID-19

<p>Desde el 13 de octubre estará en marcha la <strong><a href="https://canalsalut.gencat.cat/ca/salut-a-z/v/vacunacions/tardor/" target="_blank" rel="noopener">campaña de vacunación contra la gripe y la COVID-19 en Catalunya</a>. </strong>En algunas personas, los virus responsables de estas dolencias pueden producir complicaciones graves. Vacunarse es vital para reducir la transmisión de estas enfermedades y prevenir complicaciones.</p>
<p>El período ideal para vacunarse son los meses de octubre a diciembre (aunque la vacunación también se puede realizar hasta el mes de marzo).</p>
<div class="moure_faqs_aqui"></div>
<p>Encontrará más información en el<strong> Canal Salut de la Generalitat de Catalunya:</strong></p>
<ul>
<li><a href="https://canalsalut.gencat.cat/ca/salut-a-z/v/vacunacions/tardor/" target="_blank" rel="noreferrer noopener">Campaña de vacunación de otoño 2025-2026</a></li>
</ul>


<div class="figure"></div>

<!-- This site is optimized with the Yoast SEO Premium plugin v27.5 (Yoast SEO v27.5) - https://yoast.com/product/yoast-seo-premium-wordpress/ -->
<title>Campaña de vacunación contra la gripe y la COVID-19 - ASPB</title>
<meta name="robots" content="index, follow, max-snippet:-1, max-image-preview:large, max-video-preview:-1" />
<link rel="canonical" href="https://www.aspb.cat/es/documentos/vacunacion-gripe-covid19/" />
<meta property="og:locale" content="es_ES" />
<meta property="og:type" content="article" />
<meta property="og:title" content="Campaña de vacunación contra la gripe y la COVID-19" />
<meta property="og:description" content="Desde el 13 de octubre estará en marcha la campaña de vacunación contra la gripe [&hellip;]" />
<meta property="og:url" content="https://www.aspb.cat/es/documentos/vacunacion-gripe-covid19/" />
<meta property="og:site_name" content="ASPB" />
<meta property="article:publisher" content="https://www.facebook.com/salutpublicabcn" />
<meta property="article:modified_time" content="2025-10-13T12:40:00+00:00" />
<meta property="og:image" content="https://www.aspb.cat/wp-content/uploads/2025/10/campanya-vacunacio-grip-covid19-2025-1.jpg" />
	<meta property="og:image:width" content="1460" />
	<meta property="og:image:height" content="918" />
	<meta property="og:image:type" content="image/jpeg" />
<meta name="twitter:card" content="summary_large_image" />
<meta name="twitter:site" content="@salutpublicabcn" />
<meta name="twitter:label1" content="Tiempo de lectura" />
	<meta name="twitter:data1" content="1 minuto" />
<script type="application/ld+json" class="yoast-schema-graph">{"@context":"https:\/\/schema.org","@graph":[{"@type":"WebPage","@id":"https:\/\/www.aspb.cat\/es\/documentos\/vacunacion-gripe-covid19\/","url":"https:\/\/www.aspb.cat\/es\/documentos\/vacunacion-gripe-covid19\/","name":"Campaña de vacunación contra la gripe y la COVID-19 - ASPB","isPartOf":{"@id":"https:\/\/www.aspb.cat\/#website"},"primaryImageOfPage":{"@id":"https:\/\/www.aspb.cat\/es\/documentos\/vacunacion-gripe-covid19\/#primaryimage"},"image":{"@id":"https:\/\/www.aspb.cat\/es\/documentos\/vacunacion-gripe-covid19\/#primaryimage"},"thumbnailUrl":"https:\/\/www.aspb.cat\/wp-content\/uploads\/2025\/10\/campanya-vacunacio-grip-covid19-2025-1.jpg","datePublished":"2023-10-20T10:56:36+00:00","dateModified":"2025-10-13T12:40:00+00:00","breadcrumb":{"@id":"https:\/\/www.aspb.cat\/es\/documentos\/vacunacion-gripe-covid19\/#breadcrumb"},"inLanguage":"es","potentialAction":[{"@type":"ReadAction","target":["https:\/\/www.aspb.cat\/es\/documentos\/vacunacion-gripe-covid19\/"]}]},{"@type":"ImageObject","inLanguage":"es","@id":"https:\/\/www.aspb.cat\/es\/documentos\/vacunacion-gripe-covid19\/#primaryimage","url":"https:\/\/www.aspb.cat\/wp-content\/uploads\/2025\/10\/campanya-vacunacio-grip-covid19-2025-1.jpg","contentUrl":"https:\/\/www.aspb.cat\/wp-content\/uploads\/2025\/10\/campanya-vacunacio-grip-covid19-2025-1.jpg","width":1460,"height":918},{"@type":"BreadcrumbList","@id":"https:\/\/www.aspb.cat\/es\/documentos\/vacunacion-gripe-covid19\/#breadcrumb","itemListElement":[{"@type":"ListItem","position":1,"name":"Inici","item":"https:\/\/www.aspb.cat\/es\/"},{"@type":"ListItem","position":2,"name":"Documents","item":"https:\/\/www.aspb.cat\/documents\/"},{"@type":"ListItem","position":3,"name":"Campaña de vacunación contra la gripe y la COVID-19"}]},{"@type":"WebSite","@id":"https:\/\/www.aspb.cat\/#website","url":"https:\/\/www.aspb.cat\/","name":"ASPB","description":"Just another WordPress site","potentialAction":[{"@type":"SearchAction","target":{"@type":"EntryPoint","urlTemplate":"https:\/\/www.aspb.cat\/?s={search_term_string}"},"query-input":{"@type":"PropertyValueSpecification","valueRequired":true,"valueName":"search_term_string"}}],"inLanguage":"es"}]}</script>
<!-- / Yoast SEO Premium plugin. -->

Campaña de vacunación contra la gripe y la COVID-19 - ASPB

Desde el 13 de octubre estará en marcha la campaña de vacunación contra la gripe [&hellip;]
