{"id":51790,"date":"2023-10-01T13:00:00","date_gmt":"2023-10-01T13:00:00","guid":{"rendered":"https:\/\/www.aspb.cat\/documents\/salut-mental-adolescents-barcelona\/"},"modified":"2023-10-23T15:36:56","modified_gmt":"2023-10-23T15:36:56","slug":"salud-mental-adolescentes-barcelona","status":"publish","type":"documento","link":"https:\/\/www.aspb.cat\/es\/documentos\/salud-mental-adolescentes-barcelona\/","title":{"rendered":"Salud mental en adolescentes en Barcelona"},"content":{"rendered":"<p>La poblaci\u00f3n adolescente ha sido un grupo especialmente vulnerable a efectos de la pandemia en su salud mental. La COVID-19 supuso una ruptura de sus espacios de socializaci\u00f3n y de ocio con su grupo de iguales, elementos fundamentales para su desarrollo f\u00edsico y social en esta etapa vital.<\/p>\n<p>Los datos de la encuesta FRESC 2021 constatan un empeoramiento de la salud mental en esta poblaci\u00f3n, con un 20% de las chicas (10,4% en 2.106) y un 11% de los chicos (7,9% en 2.016) con riesgo de mala salud mental, observ\u00e1ndose desigualdades. Se observan peores indicadores de salud mental en las chicas, especialmente en los barrios de nivel socioecon\u00f3mico desfavorecido. Por ejemplo: un 42,9% de las chicas declara malestar emocional respecto al 20,9% de los chicos. Adem\u00e1s, estos indicadores son peores en las chicas nacidas en pa\u00edses extranjeros y tambi\u00e9n se ve un gradiente a medida que aumenta la edad.<\/p>\n<p>Para abordar la salud mental de la poblaci\u00f3n adolescente es importante realizar acciones dirigidas: a la vigilancia de la salud mental y sus determinados, a la promoci\u00f3n de la salud mental junto a pol\u00edticas que incidan sobre las condiciones de vida; a su atenci\u00f3n y cuidado en servicios de atenci\u00f3n primaria y de atenci\u00f3n especializada; ya combatir el estigma asociado.<\/p>\n","protected":false},"featured_media":51792,"template":"","tema":[202,351,369,150,186,199],"tipusdocument":[155],"class_list":["post-51790","documento","type-documento","status-publish","has-post-thumbnail","hentry","tema-vivir-salud","tema-adolescencia-es","tema-bienestar-emocional","tema-salud-cifras-es","tema-etapas-vida","tema-encuesta-fresc","tipusdocument-material-divulgativo","publish","author-ext_acaillab","impar","primero"],"acf":[],"yoast_head":"<!-- This site is optimized with the Yoast SEO Premium plugin v27.5 (Yoast SEO v27.5) - https:\/\/yoast.com\/product\/yoast-seo-premium-wordpress\/ -->\n<title>Salud mental en adolescentes en Barcelona - ASPB<\/title>\n<meta name=\"robots\" content=\"index, follow, max-snippet:-1, max-image-preview:large, max-video-preview:-1\" \/>\n<link rel=\"canonical\" href=\"https:\/\/www.aspb.cat\/es\/documents\/salud-mental-adolescentes-barcelona\/\" \/>\n<meta property=\"og:locale\" content=\"es_ES\" \/>\n<meta property=\"og:type\" content=\"article\" \/>\n<meta property=\"og:title\" content=\"Salud mental en adolescentes en Barcelona\" \/>\n<meta property=\"og:description\" content=\"La poblaci\u00f3n adolescente ha sido un grupo especialmente vulnerable a efectos de la pandemia en [&hellip;]\" \/>\n<meta property=\"og:url\" content=\"https:\/\/www.aspb.cat\/es\/documents\/salud-mental-adolescentes-barcelona\/\" \/>\n<meta property=\"og:site_name\" content=\"ASPB\" \/>\n<meta property=\"article:publisher\" content=\"https:\/\/www.facebook.com\/salutpublicabcn\" \/>\n<meta property=\"article:modified_time\" content=\"2023-10-23T15:36:56+00:00\" \/>\n<meta property=\"og:image\" content=\"https:\/\/www.aspb.cat\/wp-content\/uploads\/2023\/10\/FRESC-salutmental-2021-Doc.jpg\" \/>\n\t<meta property=\"og:image:width\" content=\"595\" \/>\n\t<meta property=\"og:image:height\" content=\"842\" \/>\n\t<meta property=\"og:image:type\" content=\"image\/jpeg\" \/>\n<meta name=\"twitter:card\" content=\"summary_large_image\" \/>\n<meta name=\"twitter:site\" content=\"@salutpublicabcn\" \/>\n<meta name=\"twitter:label1\" content=\"Tiempo de lectura\" \/>\n\t<meta name=\"twitter:data1\" content=\"2 minutos\" \/>\n<script type=\"application\/ld+json\" class=\"yoast-schema-graph\">{\"@context\":\"https:\\\/\\\/schema.org\",\"@graph\":[{\"@type\":\"WebPage\",\"@id\":\"https:\\\/\\\/www.aspb.cat\\\/es\\\/documents\\\/salud-mental-adolescentes-barcelona\\\/\",\"url\":\"https:\\\/\\\/www.aspb.cat\\\/es\\\/documents\\\/salud-mental-adolescentes-barcelona\\\/\",\"name\":\"Salud mental en adolescentes en Barcelona - ASPB\",\"isPartOf\":{\"@id\":\"https:\\\/\\\/www.aspb.cat\\\/#website\"},\"primaryImageOfPage\":{\"@id\":\"https:\\\/\\\/www.aspb.cat\\\/es\\\/documents\\\/salud-mental-adolescentes-barcelona\\\/#primaryimage\"},\"image\":{\"@id\":\"https:\\\/\\\/www.aspb.cat\\\/es\\\/documents\\\/salud-mental-adolescentes-barcelona\\\/#primaryimage\"},\"thumbnailUrl\":\"https:\\\/\\\/www.aspb.cat\\\/wp-content\\\/uploads\\\/2023\\\/10\\\/FRESC-salutmental-2021-Doc.jpg\",\"datePublished\":\"2023-10-01T13:00:00+00:00\",\"dateModified\":\"2023-10-23T15:36:56+00:00\",\"breadcrumb\":{\"@id\":\"https:\\\/\\\/www.aspb.cat\\\/es\\\/documents\\\/salud-mental-adolescentes-barcelona\\\/#breadcrumb\"},\"inLanguage\":\"es\",\"potentialAction\":[{\"@type\":\"ReadAction\",\"target\":[\"https:\\\/\\\/www.aspb.cat\\\/es\\\/documents\\\/salud-mental-adolescentes-barcelona\\\/\"]}]},{\"@type\":\"ImageObject\",\"inLanguage\":\"es\",\"@id\":\"https:\\\/\\\/www.aspb.cat\\\/es\\\/documents\\\/salud-mental-adolescentes-barcelona\\\/#primaryimage\",\"url\":\"https:\\\/\\\/www.aspb.cat\\\/wp-content\\\/uploads\\\/2023\\\/10\\\/FRESC-salutmental-2021-Doc.jpg\",\"contentUrl\":\"https:\\\/\\\/www.aspb.cat\\\/wp-content\\\/uploads\\\/2023\\\/10\\\/FRESC-salutmental-2021-Doc.jpg\",\"width\":595,\"height\":842,\"caption\":\"El laboratori ha ampliat l\u2019acreditaci\u00f3 per abast flexible a l\u2019\u00e0mbit microbiol\u00f2gic amb la nova categoria d\u2019assaig de Norovirus (genogrups I i II) en aliments i escovillons de superf\u00edcies inerts (XX\\\/1\\\/0037) i que s\u2019inclou a La Llista P\u00fablica d\u2019Assaig (LEBA) Ed. 36.\"},{\"@type\":\"BreadcrumbList\",\"@id\":\"https:\\\/\\\/www.aspb.cat\\\/es\\\/documents\\\/salud-mental-adolescentes-barcelona\\\/#breadcrumb\",\"itemListElement\":[{\"@type\":\"ListItem\",\"position\":1,\"name\":\"Inici\",\"item\":\"https:\\\/\\\/www.aspb.cat\\\/es\\\/\"},{\"@type\":\"ListItem\",\"position\":2,\"name\":\"Documents\",\"item\":\"https:\\\/\\\/www.aspb.cat\\\/documents\\\/\"},{\"@type\":\"ListItem\",\"position\":3,\"name\":\"Salud mental en adolescentes en Barcelona\"}]},{\"@type\":\"WebSite\",\"@id\":\"https:\\\/\\\/www.aspb.cat\\\/#website\",\"url\":\"https:\\\/\\\/www.aspb.cat\\\/\",\"name\":\"ASPB\",\"description\":\"Just another WordPress site\",\"potentialAction\":[{\"@type\":\"SearchAction\",\"target\":{\"@type\":\"EntryPoint\",\"urlTemplate\":\"https:\\\/\\\/www.aspb.cat\\\/?s={search_term_string}\"},\"query-input\":{\"@type\":\"PropertyValueSpecification\",\"valueRequired\":true,\"valueName\":\"search_term_string\"}}],\"inLanguage\":\"es\"}]}<\/script>\n<!-- \/ Yoast SEO Premium plugin. -->","yoast_head_json":{"title":"Salud mental en adolescentes en Barcelona - ASPB","robots":{"index":"index","follow":"follow","max-snippet":"max-snippet:-1","max-image-preview":"max-image-preview:large","max-video-preview":"max-video-preview:-1"},"canonical":"https:\/\/www.aspb.cat\/es\/documents\/salud-mental-adolescentes-barcelona\/","og_locale":"es_ES","og_type":"article","og_title":"Salud mental en adolescentes en Barcelona","og_description":"La poblaci\u00f3n adolescente ha sido un grupo especialmente vulnerable a efectos de la pandemia en [&hellip;]","og_url":"https:\/\/www.aspb.cat\/es\/documents\/salud-mental-adolescentes-barcelona\/","og_site_name":"ASPB","article_publisher":"https:\/\/www.facebook.com\/salutpublicabcn","article_modified_time":"2023-10-23T15:36:56+00:00","og_image":[{"width":595,"height":842,"url":"https:\/\/www.aspb.cat\/wp-content\/uploads\/2023\/10\/FRESC-salutmental-2021-Doc.jpg","type":"image\/jpeg"}],"twitter_card":"summary_large_image","twitter_site":"@salutpublicabcn","twitter_misc":{"Tiempo de lectura":"2 minutos"},"schema":{"@context":"https:\/\/schema.org","@graph":[{"@type":"WebPage","@id":"https:\/\/www.aspb.cat\/es\/documents\/salud-mental-adolescentes-barcelona\/","url":"https:\/\/www.aspb.cat\/es\/documents\/salud-mental-adolescentes-barcelona\/","name":"Salud mental en adolescentes en Barcelona - ASPB","isPartOf":{"@id":"https:\/\/www.aspb.cat\/#website"},"primaryImageOfPage":{"@id":"https:\/\/www.aspb.cat\/es\/documents\/salud-mental-adolescentes-barcelona\/#primaryimage"},"image":{"@id":"https:\/\/www.aspb.cat\/es\/documents\/salud-mental-adolescentes-barcelona\/#primaryimage"},"thumbnailUrl":"https:\/\/www.aspb.cat\/wp-content\/uploads\/2023\/10\/FRESC-salutmental-2021-Doc.jpg","datePublished":"2023-10-01T13:00:00+00:00","dateModified":"2023-10-23T15:36:56+00:00","breadcrumb":{"@id":"https:\/\/www.aspb.cat\/es\/documents\/salud-mental-adolescentes-barcelona\/#breadcrumb"},"inLanguage":"es","potentialAction":[{"@type":"ReadAction","target":["https:\/\/www.aspb.cat\/es\/documents\/salud-mental-adolescentes-barcelona\/"]}]},{"@type":"ImageObject","inLanguage":"es","@id":"https:\/\/www.aspb.cat\/es\/documents\/salud-mental-adolescentes-barcelona\/#primaryimage","url":"https:\/\/www.aspb.cat\/wp-content\/uploads\/2023\/10\/FRESC-salutmental-2021-Doc.jpg","contentUrl":"https:\/\/www.aspb.cat\/wp-content\/uploads\/2023\/10\/FRESC-salutmental-2021-Doc.jpg","width":595,"height":842,"caption":"El laboratori ha ampliat l\u2019acreditaci\u00f3 per abast flexible a l\u2019\u00e0mbit microbiol\u00f2gic amb la nova categoria d\u2019assaig de Norovirus (genogrups I i II) en aliments i escovillons de superf\u00edcies inerts (XX\/1\/0037) i que s\u2019inclou a La Llista P\u00fablica d\u2019Assaig (LEBA) Ed. 36."},{"@type":"BreadcrumbList","@id":"https:\/\/www.aspb.cat\/es\/documents\/salud-mental-adolescentes-barcelona\/#breadcrumb","itemListElement":[{"@type":"ListItem","position":1,"name":"Inici","item":"https:\/\/www.aspb.cat\/es\/"},{"@type":"ListItem","position":2,"name":"Documents","item":"https:\/\/www.aspb.cat\/documents\/"},{"@type":"ListItem","position":3,"name":"Salud mental en adolescentes en Barcelona"}]},{"@type":"WebSite","@id":"https:\/\/www.aspb.cat\/#website","url":"https:\/\/www.aspb.cat\/","name":"ASPB","description":"Just another WordPress site","potentialAction":[{"@type":"SearchAction","target":{"@type":"EntryPoint","urlTemplate":"https:\/\/www.aspb.cat\/?s={search_term_string}"},"query-input":{"@type":"PropertyValueSpecification","valueRequired":true,"valueName":"search_term_string"}}],"inLanguage":"es"}]}},"_links":{"self":[{"href":"https:\/\/www.aspb.cat\/es\/wp-json\/wp\/v2\/documento\/51790","targetHints":{"allow":["GET"]}}],"collection":[{"href":"https:\/\/www.aspb.cat\/es\/wp-json\/wp\/v2\/documento"}],"about":[{"href":"https:\/\/www.aspb.cat\/es\/wp-json\/wp\/v2\/types\/documento"}],"version-history":[{"count":2,"href":"https:\/\/www.aspb.cat\/es\/wp-json\/wp\/v2\/documento\/51790\/revisions"}],"predecessor-version":[{"id":51863,"href":"https:\/\/www.aspb.cat\/es\/wp-json\/wp\/v2\/documento\/51790\/revisions\/51863"}],"wp:featuredmedia":[{"embeddable":true,"href":"https:\/\/www.aspb.cat\/es\/wp-json\/wp\/v2\/media\/51792"}],"wp:attachment":[{"href":"https:\/\/www.aspb.cat\/es\/wp-json\/wp\/v2\/media?parent=51790"}],"wp:term":[{"taxonomy":"tema","embeddable":true,"href":"https:\/\/www.aspb.cat\/es\/wp-json\/wp\/v2\/tema?post=51790"},{"taxonomy":"tipusdocument","embeddable":true,"href":"https:\/\/www.aspb.cat\/es\/wp-json\/wp\/v2\/tipusdocument?post=51790"}],"curies":[{"name":"wp","href":"https:\/\/api.w.org\/{rel}","templated":true}]}}

<p>La población adolescente ha sido un grupo especialmente vulnerable a efectos de la pandemia en su salud mental. La COVID-19 supuso una ruptura de sus espacios de socialización y de ocio con su grupo de iguales, elementos fundamentales para su desarrollo físico y social en esta etapa vital.</p>
<p>Los datos de la encuesta FRESC 2021 constatan un empeoramiento de la salud mental en esta población, con un 20% de las chicas (10,4% en 2.106) y un 11% de los chicos (7,9% en 2.016) con riesgo de mala salud mental, observándose desigualdades. Se observan peores indicadores de salud mental en las chicas, especialmente en los barrios de nivel socioeconómico desfavorecido. Por ejemplo: un 42,9% de las chicas declara malestar emocional respecto al 20,9% de los chicos. Además, estos indicadores son peores en las chicas nacidas en países extranjeros y también se ve un gradiente a medida que aumenta la edad.</p>
<p>Para abordar la salud mental de la población adolescente es importante realizar acciones dirigidas: a la vigilancia de la salud mental y sus determinados, a la promoción de la salud mental junto a políticas que incidan sobre las condiciones de vida; a su atención y cuidado en servicios de atención primaria y de atención especializada; ya combatir el estigma asociado.</p>

<!-- This site is optimized with the Yoast SEO Premium plugin v27.5 (Yoast SEO v27.5) - https://yoast.com/product/yoast-seo-premium-wordpress/ -->
<title>Salud mental en adolescentes en Barcelona - ASPB</title>
<meta name="robots" content="index, follow, max-snippet:-1, max-image-preview:large, max-video-preview:-1" />
<link rel="canonical" href="https://www.aspb.cat/es/documents/salud-mental-adolescentes-barcelona/" />
<meta property="og:locale" content="es_ES" />
<meta property="og:type" content="article" />
<meta property="og:title" content="Salud mental en adolescentes en Barcelona" />
<meta property="og:description" content="La población adolescente ha sido un grupo especialmente vulnerable a efectos de la pandemia en [&hellip;]" />
<meta property="og:url" content="https://www.aspb.cat/es/documents/salud-mental-adolescentes-barcelona/" />
<meta property="og:site_name" content="ASPB" />
<meta property="article:publisher" content="https://www.facebook.com/salutpublicabcn" />
<meta property="article:modified_time" content="2023-10-23T15:36:56+00:00" />
<meta property="og:image" content="https://www.aspb.cat/wp-content/uploads/2023/10/FRESC-salutmental-2021-Doc.jpg" />
	<meta property="og:image:width" content="595" />
	<meta property="og:image:height" content="842" />
	<meta property="og:image:type" content="image/jpeg" />
<meta name="twitter:card" content="summary_large_image" />
<meta name="twitter:site" content="@salutpublicabcn" />
<meta name="twitter:label1" content="Tiempo de lectura" />
	<meta name="twitter:data1" content="2 minutos" />
<script type="application/ld+json" class="yoast-schema-graph">{"@context":"https:\/\/schema.org","@graph":[{"@type":"WebPage","@id":"https:\/\/www.aspb.cat\/es\/documents\/salud-mental-adolescentes-barcelona\/","url":"https:\/\/www.aspb.cat\/es\/documents\/salud-mental-adolescentes-barcelona\/","name":"Salud mental en adolescentes en Barcelona - ASPB","isPartOf":{"@id":"https:\/\/www.aspb.cat\/#website"},"primaryImageOfPage":{"@id":"https:\/\/www.aspb.cat\/es\/documents\/salud-mental-adolescentes-barcelona\/#primaryimage"},"image":{"@id":"https:\/\/www.aspb.cat\/es\/documents\/salud-mental-adolescentes-barcelona\/#primaryimage"},"thumbnailUrl":"https:\/\/www.aspb.cat\/wp-content\/uploads\/2023\/10\/FRESC-salutmental-2021-Doc.jpg","datePublished":"2023-10-01T13:00:00+00:00","dateModified":"2023-10-23T15:36:56+00:00","breadcrumb":{"@id":"https:\/\/www.aspb.cat\/es\/documents\/salud-mental-adolescentes-barcelona\/#breadcrumb"},"inLanguage":"es","potentialAction":[{"@type":"ReadAction","target":["https:\/\/www.aspb.cat\/es\/documents\/salud-mental-adolescentes-barcelona\/"]}]},{"@type":"ImageObject","inLanguage":"es","@id":"https:\/\/www.aspb.cat\/es\/documents\/salud-mental-adolescentes-barcelona\/#primaryimage","url":"https:\/\/www.aspb.cat\/wp-content\/uploads\/2023\/10\/FRESC-salutmental-2021-Doc.jpg","contentUrl":"https:\/\/www.aspb.cat\/wp-content\/uploads\/2023\/10\/FRESC-salutmental-2021-Doc.jpg","width":595,"height":842,"caption":"El laboratori ha ampliat l’acreditació per abast flexible a l’àmbit microbiològic amb la nova categoria d’assaig de Norovirus (genogrups I i II) en aliments i escovillons de superfícies inerts (XX\/1\/0037) i que s’inclou a La Llista Pública d’Assaig (LEBA) Ed. 36."},{"@type":"BreadcrumbList","@id":"https:\/\/www.aspb.cat\/es\/documents\/salud-mental-adolescentes-barcelona\/#breadcrumb","itemListElement":[{"@type":"ListItem","position":1,"name":"Inici","item":"https:\/\/www.aspb.cat\/es\/"},{"@type":"ListItem","position":2,"name":"Documents","item":"https:\/\/www.aspb.cat\/documents\/"},{"@type":"ListItem","position":3,"name":"Salud mental en adolescentes en Barcelona"}]},{"@type":"WebSite","@id":"https:\/\/www.aspb.cat\/#website","url":"https:\/\/www.aspb.cat\/","name":"ASPB","description":"Just another WordPress site","potentialAction":[{"@type":"SearchAction","target":{"@type":"EntryPoint","urlTemplate":"https:\/\/www.aspb.cat\/?s={search_term_string}"},"query-input":{"@type":"PropertyValueSpecification","valueRequired":true,"valueName":"search_term_string"}}],"inLanguage":"es"}]}</script>
<!-- / Yoast SEO Premium plugin. -->

La población adolescente ha sido un grupo especialmente vulnerable a efectos de la pandemia en [&hellip;]

El laboratori ha ampliat l’acreditació per abast flexible a l’àmbit microbiològic amb la nova categoria d’assaig de Norovirus (genogrups I i II) en aliments i escovillons de superfícies inerts (XX/1/0037) i que s’inclou a La Llista Pública d’Assaig (LEBA) Ed. 36.
