{"id":51313,"date":"2023-09-06T17:01:03","date_gmt":"2023-09-06T17:01:03","guid":{"rendered":"https:\/\/www.aspb.cat\/documents\/avaluacio-qualitat-aire-programa-protegim-escole\/"},"modified":"2023-09-07T11:01:52","modified_gmt":"2023-09-07T11:01:52","slug":"avaluacio-qualitat-aire-programa-protegim-escoles","status":"publish","type":"documento","link":"https:\/\/www.aspb.cat\/es\/documentos\/avaluacio-qualitat-aire-programa-protegim-escoles\/","title":{"rendered":"Evaluaci\u00f3n de la calidad del aire en el programa \u00abProtejamos las escuelas\u00bb"},"content":{"rendered":"<p>El programa \u00abProtejamos las escuelas\u00bb del Ayuntamiento de Barcelona realiza intervenciones urban\u00edsticas en los entornos escolares con el objetivo de mejorarlos para que sean m\u00e1s seguros y saludables, con m\u00e1s espacios de estancia y de juego, menos accidentalidad y ruido, y tambi\u00e9n menos contaminaci\u00f3n del aire.<\/p>\n<p>Este informe eval\u00faa si el programa ha tenido un impacto en la contaminaci\u00f3n del aire de los entornos escolares de los centros intervenidos durante la edici\u00f3n de 2021.<\/p>\n<p>En un <a href=\"https:\/\/www.aspb.cat\/es\/documents\/evaluacion-programa-protegemos-escuelas\/\" target=\"_blank\" rel=\"noopener\">informe anterior<\/a> la <em>Ag\u00e8ncia de Salut P\u00fablica de Barcelona <\/em>(ASPB) evalu\u00f3 el impacto de esta transformaci\u00f3n de los entornos escolares en t\u00e9rminos de uso, tiempo de estancia, interacci\u00f3n social, juego espont\u00e1neo, percepci\u00f3n de seguridad vial y bienestar de la comunidad educativa.<\/p>\n\n\n<div class=\"figure\"><\/div>\n","protected":false},"featured_media":51314,"template":"","tema":[153,154],"tipusdocument":[167],"class_list":["post-51313","documento","type-documento","status-publish","has-post-thumbnail","hentry","tema-calidad-aire","tema-salud-ambiental","tipusdocument-informes","publish","author-ext_acaillab","impar","primero"],"acf":[],"yoast_head":"<!-- This site is optimized with the Yoast SEO Premium plugin v27.5 (Yoast SEO v27.5) - https:\/\/yoast.com\/product\/yoast-seo-premium-wordpress\/ -->\n<title>Evaluaci\u00f3n de la calidad del aire en el programa &quot;Protejamos las escuelas&quot; - ASPB<\/title>\n<meta name=\"robots\" content=\"index, follow, max-snippet:-1, max-image-preview:large, max-video-preview:-1\" \/>\n<link rel=\"canonical\" href=\"https:\/\/www.aspb.cat\/es\/documents\/avaluacio-qualitat-aire-programa-protegim-escoles\/\" \/>\n<meta property=\"og:locale\" content=\"es_ES\" \/>\n<meta property=\"og:type\" content=\"article\" \/>\n<meta property=\"og:title\" content=\"Evaluaci\u00f3n de la calidad del aire en el programa &quot;Protejamos las escuelas&quot;\" \/>\n<meta property=\"og:description\" content=\"El programa \u00abProtejamos las escuelas\u00bb del Ayuntamiento de Barcelona realiza intervenciones urban\u00edsticas en los entornos [&hellip;]\" \/>\n<meta property=\"og:url\" content=\"https:\/\/www.aspb.cat\/es\/documents\/avaluacio-qualitat-aire-programa-protegim-escoles\/\" \/>\n<meta property=\"og:site_name\" content=\"ASPB\" \/>\n<meta property=\"article:publisher\" content=\"https:\/\/www.facebook.com\/salutpublicabcn\" \/>\n<meta property=\"article:modified_time\" content=\"2023-09-07T11:01:52+00:00\" \/>\n<meta property=\"og:image\" content=\"https:\/\/www.aspb.cat\/wp-content\/uploads\/2023\/09\/Avaluacio-qualitat-aire-programa-Protegim-escole-DOC.jpg\" \/>\n\t<meta property=\"og:image:width\" content=\"595\" \/>\n\t<meta property=\"og:image:height\" content=\"842\" \/>\n\t<meta property=\"og:image:type\" content=\"image\/jpeg\" \/>\n<meta name=\"twitter:card\" content=\"summary_large_image\" \/>\n<meta name=\"twitter:site\" content=\"@salutpublicabcn\" \/>\n<meta name=\"twitter:label1\" content=\"Tiempo de lectura\" \/>\n\t<meta name=\"twitter:data1\" content=\"1 minuto\" \/>\n<script type=\"application\/ld+json\" class=\"yoast-schema-graph\">{\"@context\":\"https:\\\/\\\/schema.org\",\"@graph\":[{\"@type\":\"WebPage\",\"@id\":\"https:\\\/\\\/www.aspb.cat\\\/es\\\/documents\\\/avaluacio-qualitat-aire-programa-protegim-escoles\\\/\",\"url\":\"https:\\\/\\\/www.aspb.cat\\\/es\\\/documents\\\/avaluacio-qualitat-aire-programa-protegim-escoles\\\/\",\"name\":\"Evaluaci\u00f3n de la calidad del aire en el programa \\\"Protejamos las escuelas\\\" - ASPB\",\"isPartOf\":{\"@id\":\"https:\\\/\\\/www.aspb.cat\\\/#website\"},\"primaryImageOfPage\":{\"@id\":\"https:\\\/\\\/www.aspb.cat\\\/es\\\/documents\\\/avaluacio-qualitat-aire-programa-protegim-escoles\\\/#primaryimage\"},\"image\":{\"@id\":\"https:\\\/\\\/www.aspb.cat\\\/es\\\/documents\\\/avaluacio-qualitat-aire-programa-protegim-escoles\\\/#primaryimage\"},\"thumbnailUrl\":\"https:\\\/\\\/www.aspb.cat\\\/wp-content\\\/uploads\\\/2023\\\/09\\\/Avaluacio-qualitat-aire-programa-Protegim-escole-DOC.jpg\",\"datePublished\":\"2023-09-06T17:01:03+00:00\",\"dateModified\":\"2023-09-07T11:01:52+00:00\",\"breadcrumb\":{\"@id\":\"https:\\\/\\\/www.aspb.cat\\\/es\\\/documents\\\/avaluacio-qualitat-aire-programa-protegim-escoles\\\/#breadcrumb\"},\"inLanguage\":\"es\",\"potentialAction\":[{\"@type\":\"ReadAction\",\"target\":[\"https:\\\/\\\/www.aspb.cat\\\/es\\\/documents\\\/avaluacio-qualitat-aire-programa-protegim-escoles\\\/\"]}]},{\"@type\":\"ImageObject\",\"inLanguage\":\"es\",\"@id\":\"https:\\\/\\\/www.aspb.cat\\\/es\\\/documents\\\/avaluacio-qualitat-aire-programa-protegim-escoles\\\/#primaryimage\",\"url\":\"https:\\\/\\\/www.aspb.cat\\\/wp-content\\\/uploads\\\/2023\\\/09\\\/Avaluacio-qualitat-aire-programa-Protegim-escole-DOC.jpg\",\"contentUrl\":\"https:\\\/\\\/www.aspb.cat\\\/wp-content\\\/uploads\\\/2023\\\/09\\\/Avaluacio-qualitat-aire-programa-Protegim-escole-DOC.jpg\",\"width\":595,\"height\":842,\"caption\":\"El laboratori ha ampliat l\u2019acreditaci\u00f3 per abast flexible a l\u2019\u00e0mbit microbiol\u00f2gic amb la nova categoria d\u2019assaig de Norovirus (genogrups I i II) en aliments i escovillons de superf\u00edcies inerts (XX\\\/1\\\/0037) i que s\u2019inclou a La Llista P\u00fablica d\u2019Assaig (LEBA) Ed. 36.\"},{\"@type\":\"BreadcrumbList\",\"@id\":\"https:\\\/\\\/www.aspb.cat\\\/es\\\/documents\\\/avaluacio-qualitat-aire-programa-protegim-escoles\\\/#breadcrumb\",\"itemListElement\":[{\"@type\":\"ListItem\",\"position\":1,\"name\":\"Inici\",\"item\":\"https:\\\/\\\/www.aspb.cat\\\/es\\\/\"},{\"@type\":\"ListItem\",\"position\":2,\"name\":\"Documents\",\"item\":\"https:\\\/\\\/www.aspb.cat\\\/documents\\\/\"},{\"@type\":\"ListItem\",\"position\":3,\"name\":\"Evaluaci\u00f3n de la calidad del aire en el programa &#8220;Protejamos las escuelas&#8221;\"}]},{\"@type\":\"WebSite\",\"@id\":\"https:\\\/\\\/www.aspb.cat\\\/#website\",\"url\":\"https:\\\/\\\/www.aspb.cat\\\/\",\"name\":\"ASPB\",\"description\":\"Just another WordPress site\",\"potentialAction\":[{\"@type\":\"SearchAction\",\"target\":{\"@type\":\"EntryPoint\",\"urlTemplate\":\"https:\\\/\\\/www.aspb.cat\\\/?s={search_term_string}\"},\"query-input\":{\"@type\":\"PropertyValueSpecification\",\"valueRequired\":true,\"valueName\":\"search_term_string\"}}],\"inLanguage\":\"es\"}]}<\/script>\n<!-- \/ Yoast SEO Premium plugin. -->","yoast_head_json":{"title":"Evaluaci\u00f3n de la calidad del aire en el programa \"Protejamos las escuelas\" - ASPB","robots":{"index":"index","follow":"follow","max-snippet":"max-snippet:-1","max-image-preview":"max-image-preview:large","max-video-preview":"max-video-preview:-1"},"canonical":"https:\/\/www.aspb.cat\/es\/documents\/avaluacio-qualitat-aire-programa-protegim-escoles\/","og_locale":"es_ES","og_type":"article","og_title":"Evaluaci\u00f3n de la calidad del aire en el programa \"Protejamos las escuelas\"","og_description":"El programa \u00abProtejamos las escuelas\u00bb del Ayuntamiento de Barcelona realiza intervenciones urban\u00edsticas en los entornos [&hellip;]","og_url":"https:\/\/www.aspb.cat\/es\/documents\/avaluacio-qualitat-aire-programa-protegim-escoles\/","og_site_name":"ASPB","article_publisher":"https:\/\/www.facebook.com\/salutpublicabcn","article_modified_time":"2023-09-07T11:01:52+00:00","og_image":[{"width":595,"height":842,"url":"https:\/\/www.aspb.cat\/wp-content\/uploads\/2023\/09\/Avaluacio-qualitat-aire-programa-Protegim-escole-DOC.jpg","type":"image\/jpeg"}],"twitter_card":"summary_large_image","twitter_site":"@salutpublicabcn","twitter_misc":{"Tiempo de lectura":"1 minuto"},"schema":{"@context":"https:\/\/schema.org","@graph":[{"@type":"WebPage","@id":"https:\/\/www.aspb.cat\/es\/documents\/avaluacio-qualitat-aire-programa-protegim-escoles\/","url":"https:\/\/www.aspb.cat\/es\/documents\/avaluacio-qualitat-aire-programa-protegim-escoles\/","name":"Evaluaci\u00f3n de la calidad del aire en el programa \"Protejamos las escuelas\" - ASPB","isPartOf":{"@id":"https:\/\/www.aspb.cat\/#website"},"primaryImageOfPage":{"@id":"https:\/\/www.aspb.cat\/es\/documents\/avaluacio-qualitat-aire-programa-protegim-escoles\/#primaryimage"},"image":{"@id":"https:\/\/www.aspb.cat\/es\/documents\/avaluacio-qualitat-aire-programa-protegim-escoles\/#primaryimage"},"thumbnailUrl":"https:\/\/www.aspb.cat\/wp-content\/uploads\/2023\/09\/Avaluacio-qualitat-aire-programa-Protegim-escole-DOC.jpg","datePublished":"2023-09-06T17:01:03+00:00","dateModified":"2023-09-07T11:01:52+00:00","breadcrumb":{"@id":"https:\/\/www.aspb.cat\/es\/documents\/avaluacio-qualitat-aire-programa-protegim-escoles\/#breadcrumb"},"inLanguage":"es","potentialAction":[{"@type":"ReadAction","target":["https:\/\/www.aspb.cat\/es\/documents\/avaluacio-qualitat-aire-programa-protegim-escoles\/"]}]},{"@type":"ImageObject","inLanguage":"es","@id":"https:\/\/www.aspb.cat\/es\/documents\/avaluacio-qualitat-aire-programa-protegim-escoles\/#primaryimage","url":"https:\/\/www.aspb.cat\/wp-content\/uploads\/2023\/09\/Avaluacio-qualitat-aire-programa-Protegim-escole-DOC.jpg","contentUrl":"https:\/\/www.aspb.cat\/wp-content\/uploads\/2023\/09\/Avaluacio-qualitat-aire-programa-Protegim-escole-DOC.jpg","width":595,"height":842,"caption":"El laboratori ha ampliat l\u2019acreditaci\u00f3 per abast flexible a l\u2019\u00e0mbit microbiol\u00f2gic amb la nova categoria d\u2019assaig de Norovirus (genogrups I i II) en aliments i escovillons de superf\u00edcies inerts (XX\/1\/0037) i que s\u2019inclou a La Llista P\u00fablica d\u2019Assaig (LEBA) Ed. 36."},{"@type":"BreadcrumbList","@id":"https:\/\/www.aspb.cat\/es\/documents\/avaluacio-qualitat-aire-programa-protegim-escoles\/#breadcrumb","itemListElement":[{"@type":"ListItem","position":1,"name":"Inici","item":"https:\/\/www.aspb.cat\/es\/"},{"@type":"ListItem","position":2,"name":"Documents","item":"https:\/\/www.aspb.cat\/documents\/"},{"@type":"ListItem","position":3,"name":"Evaluaci\u00f3n de la calidad del aire en el programa &#8220;Protejamos las escuelas&#8221;"}]},{"@type":"WebSite","@id":"https:\/\/www.aspb.cat\/#website","url":"https:\/\/www.aspb.cat\/","name":"ASPB","description":"Just another WordPress site","potentialAction":[{"@type":"SearchAction","target":{"@type":"EntryPoint","urlTemplate":"https:\/\/www.aspb.cat\/?s={search_term_string}"},"query-input":{"@type":"PropertyValueSpecification","valueRequired":true,"valueName":"search_term_string"}}],"inLanguage":"es"}]}},"_links":{"self":[{"href":"https:\/\/www.aspb.cat\/es\/wp-json\/wp\/v2\/documento\/51313","targetHints":{"allow":["GET"]}}],"collection":[{"href":"https:\/\/www.aspb.cat\/es\/wp-json\/wp\/v2\/documento"}],"about":[{"href":"https:\/\/www.aspb.cat\/es\/wp-json\/wp\/v2\/types\/documento"}],"version-history":[{"count":9,"href":"https:\/\/www.aspb.cat\/es\/wp-json\/wp\/v2\/documento\/51313\/revisions"}],"predecessor-version":[{"id":51340,"href":"https:\/\/www.aspb.cat\/es\/wp-json\/wp\/v2\/documento\/51313\/revisions\/51340"}],"wp:featuredmedia":[{"embeddable":true,"href":"https:\/\/www.aspb.cat\/es\/wp-json\/wp\/v2\/media\/51314"}],"wp:attachment":[{"href":"https:\/\/www.aspb.cat\/es\/wp-json\/wp\/v2\/media?parent=51313"}],"wp:term":[{"taxonomy":"tema","embeddable":true,"href":"https:\/\/www.aspb.cat\/es\/wp-json\/wp\/v2\/tema?post=51313"},{"taxonomy":"tipusdocument","embeddable":true,"href":"https:\/\/www.aspb.cat\/es\/wp-json\/wp\/v2\/tipusdocument?post=51313"}],"curies":[{"name":"wp","href":"https:\/\/api.w.org\/{rel}","templated":true}]}}

Evaluación de la calidad del aire en el programa «Protejamos las escuelas»

<p>El programa «Protejamos las escuelas» del Ayuntamiento de Barcelona realiza intervenciones urbanísticas en los entornos escolares con el objetivo de mejorarlos para que sean más seguros y saludables, con más espacios de estancia y de juego, menos accidentalidad y ruido, y también menos contaminación del aire.</p>
<p>Este informe evalúa si el programa ha tenido un impacto en la contaminación del aire de los entornos escolares de los centros intervenidos durante la edición de 2021.</p>
<p>En un <a href="https://www.aspb.cat/es/documents/evaluacion-programa-protegemos-escuelas/" target="_blank" rel="noopener">informe anterior</a> la <em>Agència de Salut Pública de Barcelona </em>(ASPB) evaluó el impacto de esta transformación de los entornos escolares en términos de uso, tiempo de estancia, interacción social, juego espontáneo, percepción de seguridad vial y bienestar de la comunidad educativa.</p>


<div class="figure"></div>

<!-- This site is optimized with the Yoast SEO Premium plugin v27.5 (Yoast SEO v27.5) - https://yoast.com/product/yoast-seo-premium-wordpress/ -->
<title>Evaluación de la calidad del aire en el programa &quot;Protejamos las escuelas&quot; - ASPB</title>
<meta name="robots" content="index, follow, max-snippet:-1, max-image-preview:large, max-video-preview:-1" />
<link rel="canonical" href="https://www.aspb.cat/es/documents/avaluacio-qualitat-aire-programa-protegim-escoles/" />
<meta property="og:locale" content="es_ES" />
<meta property="og:type" content="article" />
<meta property="og:title" content="Evaluación de la calidad del aire en el programa &quot;Protejamos las escuelas&quot;" />
<meta property="og:description" content="El programa «Protejamos las escuelas» del Ayuntamiento de Barcelona realiza intervenciones urbanísticas en los entornos [&hellip;]" />
<meta property="og:url" content="https://www.aspb.cat/es/documents/avaluacio-qualitat-aire-programa-protegim-escoles/" />
<meta property="og:site_name" content="ASPB" />
<meta property="article:publisher" content="https://www.facebook.com/salutpublicabcn" />
<meta property="article:modified_time" content="2023-09-07T11:01:52+00:00" />
<meta property="og:image" content="https://www.aspb.cat/wp-content/uploads/2023/09/Avaluacio-qualitat-aire-programa-Protegim-escole-DOC.jpg" />
	<meta property="og:image:width" content="595" />
	<meta property="og:image:height" content="842" />
	<meta property="og:image:type" content="image/jpeg" />
<meta name="twitter:card" content="summary_large_image" />
<meta name="twitter:site" content="@salutpublicabcn" />
<meta name="twitter:label1" content="Tiempo de lectura" />
	<meta name="twitter:data1" content="1 minuto" />
<script type="application/ld+json" class="yoast-schema-graph">{"@context":"https:\/\/schema.org","@graph":[{"@type":"WebPage","@id":"https:\/\/www.aspb.cat\/es\/documents\/avaluacio-qualitat-aire-programa-protegim-escoles\/","url":"https:\/\/www.aspb.cat\/es\/documents\/avaluacio-qualitat-aire-programa-protegim-escoles\/","name":"Evaluación de la calidad del aire en el programa \"Protejamos las escuelas\" - ASPB","isPartOf":{"@id":"https:\/\/www.aspb.cat\/#website"},"primaryImageOfPage":{"@id":"https:\/\/www.aspb.cat\/es\/documents\/avaluacio-qualitat-aire-programa-protegim-escoles\/#primaryimage"},"image":{"@id":"https:\/\/www.aspb.cat\/es\/documents\/avaluacio-qualitat-aire-programa-protegim-escoles\/#primaryimage"},"thumbnailUrl":"https:\/\/www.aspb.cat\/wp-content\/uploads\/2023\/09\/Avaluacio-qualitat-aire-programa-Protegim-escole-DOC.jpg","datePublished":"2023-09-06T17:01:03+00:00","dateModified":"2023-09-07T11:01:52+00:00","breadcrumb":{"@id":"https:\/\/www.aspb.cat\/es\/documents\/avaluacio-qualitat-aire-programa-protegim-escoles\/#breadcrumb"},"inLanguage":"es","potentialAction":[{"@type":"ReadAction","target":["https:\/\/www.aspb.cat\/es\/documents\/avaluacio-qualitat-aire-programa-protegim-escoles\/"]}]},{"@type":"ImageObject","inLanguage":"es","@id":"https:\/\/www.aspb.cat\/es\/documents\/avaluacio-qualitat-aire-programa-protegim-escoles\/#primaryimage","url":"https:\/\/www.aspb.cat\/wp-content\/uploads\/2023\/09\/Avaluacio-qualitat-aire-programa-Protegim-escole-DOC.jpg","contentUrl":"https:\/\/www.aspb.cat\/wp-content\/uploads\/2023\/09\/Avaluacio-qualitat-aire-programa-Protegim-escole-DOC.jpg","width":595,"height":842,"caption":"El laboratori ha ampliat l’acreditació per abast flexible a l’àmbit microbiològic amb la nova categoria d’assaig de Norovirus (genogrups I i II) en aliments i escovillons de superfícies inerts (XX\/1\/0037) i que s’inclou a La Llista Pública d’Assaig (LEBA) Ed. 36."},{"@type":"BreadcrumbList","@id":"https:\/\/www.aspb.cat\/es\/documents\/avaluacio-qualitat-aire-programa-protegim-escoles\/#breadcrumb","itemListElement":[{"@type":"ListItem","position":1,"name":"Inici","item":"https:\/\/www.aspb.cat\/es\/"},{"@type":"ListItem","position":2,"name":"Documents","item":"https:\/\/www.aspb.cat\/documents\/"},{"@type":"ListItem","position":3,"name":"Evaluación de la calidad del aire en el programa &#8220;Protejamos las escuelas&#8221;"}]},{"@type":"WebSite","@id":"https:\/\/www.aspb.cat\/#website","url":"https:\/\/www.aspb.cat\/","name":"ASPB","description":"Just another WordPress site","potentialAction":[{"@type":"SearchAction","target":{"@type":"EntryPoint","urlTemplate":"https:\/\/www.aspb.cat\/?s={search_term_string}"},"query-input":{"@type":"PropertyValueSpecification","valueRequired":true,"valueName":"search_term_string"}}],"inLanguage":"es"}]}</script>
<!-- / Yoast SEO Premium plugin. -->

Evaluación de la calidad del aire en el programa "Protejamos las escuelas" - ASPB

Evaluación de la calidad del aire en el programa "Protejamos las escuelas"

El programa «Protejamos las escuelas» del Ayuntamiento de Barcelona realiza intervenciones urbanísticas en los entornos [&hellip;]

El laboratori ha ampliat l’acreditació per abast flexible a l’àmbit microbiològic amb la nova categoria d’assaig de Norovirus (genogrups I i II) en aliments i escovillons de superfícies inerts (XX/1/0037) i que s’inclou a La Llista Pública d’Assaig (LEBA) Ed. 36.

Evaluación de la calidad del aire en el programa &#8220;Protejamos las escuelas&#8221;
