{"id":51085,"date":"2023-07-20T17:41:31","date_gmt":"2023-07-20T17:41:31","guid":{"rendered":"https:\/\/www.aspb.cat\/documents\/barcelona-salut-barris-28\/"},"modified":"2023-09-04T15:22:54","modified_gmt":"2023-09-04T15:22:54","slug":"barcelona-salut-barris-28","status":"publish","type":"documento","link":"https:\/\/www.aspb.cat\/es\/documentos\/barcelona-salut-barris-28\/","title":{"rendered":"Barcelona Salut als barris. Butllet\u00ed N\u00ba28"},"content":{"rendered":"<p>En el <a href=\"https:\/\/mailchi.mp\/aspb\/barcelona-salut-als-barris-210623\" target=\"_blank\" rel=\"noopener\">bolet\u00edn n\u00famero 28<\/a> de Barcelona Salud en los Barrios (BSaB). En este bolet\u00edn, entre las diferentes experiencias de intervenciones vinculadas con el programa, destacamos TRENCA\/MENTS, las II Jornadas culturales sobre bienestar emocional de la Marina, una propuesta nacida en el barrio para hablar colectivamente sobre los malestares emocionales. Igualmente explicamos el proyecto Realimenta el Carmel. Una iniciativa para visualizar y generar iniciativas de alimentaci\u00f3n saludable que se ha dirigido al vecindario del barrio, ni\u00f1os del Casal Infantil La Torre y j\u00f3venes de la fundaci\u00f3n ADSIS. Tambi\u00e9n le informamos del proyecto Arte y Salud en La Verneda y La Pau. En el marco del proyecto se cre\u00f3 un mural participativo con la tem\u00e1tica de la emergencia Clim\u00e1tica.<\/p>\n","protected":false},"featured_media":51086,"template":"","tema":[190,192],"tipusdocument":[335],"class_list":["post-51085","documento","type-documento","status-publish","has-post-thumbnail","hentry","tema-barris-es","tema-entornos","tipusdocument-boletines","publish","author-ext_acaillab","impar","primero"],"acf":[],"yoast_head":"<!-- This site is optimized with the Yoast SEO Premium plugin v27.5 (Yoast SEO v27.5) - https:\/\/yoast.com\/product\/yoast-seo-premium-wordpress\/ -->\n<title>Barcelona Salut als barris. Butllet\u00ed N\u00ba28 - ASPB<\/title>\n<meta name=\"robots\" content=\"index, follow, max-snippet:-1, max-image-preview:large, max-video-preview:-1\" \/>\n<link rel=\"canonical\" href=\"https:\/\/www.aspb.cat\/es\/documents\/barcelona-salut-barris-28\/\" \/>\n<meta property=\"og:locale\" content=\"es_ES\" \/>\n<meta property=\"og:type\" content=\"article\" \/>\n<meta property=\"og:title\" content=\"Barcelona Salut als barris. Butllet\u00ed N\u00ba28\" \/>\n<meta property=\"og:description\" content=\"En el bolet\u00edn n\u00famero 28 de Barcelona Salud en los Barrios (BSaB). En este bolet\u00edn, [&hellip;]\" \/>\n<meta property=\"og:url\" content=\"https:\/\/www.aspb.cat\/es\/documents\/barcelona-salut-barris-28\/\" \/>\n<meta property=\"og:site_name\" content=\"ASPB\" \/>\n<meta property=\"article:publisher\" content=\"https:\/\/www.facebook.com\/salutpublicabcn\" \/>\n<meta property=\"article:modified_time\" content=\"2023-09-04T15:22:54+00:00\" \/>\n<meta property=\"og:image\" content=\"https:\/\/www.aspb.cat\/wp-content\/uploads\/2023\/07\/BSaB_Butlleti_28-DOC.jpg\" \/>\n\t<meta property=\"og:image:width\" content=\"396\" \/>\n\t<meta property=\"og:image:height\" content=\"562\" \/>\n\t<meta property=\"og:image:type\" content=\"image\/jpeg\" \/>\n<meta name=\"twitter:card\" content=\"summary_large_image\" \/>\n<meta name=\"twitter:site\" content=\"@salutpublicabcn\" \/>\n<meta name=\"twitter:label1\" content=\"Tiempo de lectura\" \/>\n\t<meta name=\"twitter:data1\" content=\"1 minuto\" \/>\n<script type=\"application\/ld+json\" class=\"yoast-schema-graph\">{\"@context\":\"https:\\\/\\\/schema.org\",\"@graph\":[{\"@type\":\"WebPage\",\"@id\":\"https:\\\/\\\/www.aspb.cat\\\/es\\\/documents\\\/barcelona-salut-barris-28\\\/\",\"url\":\"https:\\\/\\\/www.aspb.cat\\\/es\\\/documents\\\/barcelona-salut-barris-28\\\/\",\"name\":\"Barcelona Salut als barris. Butllet\u00ed N\u00ba28 - ASPB\",\"isPartOf\":{\"@id\":\"https:\\\/\\\/www.aspb.cat\\\/#website\"},\"primaryImageOfPage\":{\"@id\":\"https:\\\/\\\/www.aspb.cat\\\/es\\\/documents\\\/barcelona-salut-barris-28\\\/#primaryimage\"},\"image\":{\"@id\":\"https:\\\/\\\/www.aspb.cat\\\/es\\\/documents\\\/barcelona-salut-barris-28\\\/#primaryimage\"},\"thumbnailUrl\":\"https:\\\/\\\/www.aspb.cat\\\/wp-content\\\/uploads\\\/2023\\\/07\\\/BSaB_Butlleti_28-DOC.jpg\",\"datePublished\":\"2023-07-20T17:41:31+00:00\",\"dateModified\":\"2023-09-04T15:22:54+00:00\",\"breadcrumb\":{\"@id\":\"https:\\\/\\\/www.aspb.cat\\\/es\\\/documents\\\/barcelona-salut-barris-28\\\/#breadcrumb\"},\"inLanguage\":\"es\",\"potentialAction\":[{\"@type\":\"ReadAction\",\"target\":[\"https:\\\/\\\/www.aspb.cat\\\/es\\\/documents\\\/barcelona-salut-barris-28\\\/\"]}]},{\"@type\":\"ImageObject\",\"inLanguage\":\"es\",\"@id\":\"https:\\\/\\\/www.aspb.cat\\\/es\\\/documents\\\/barcelona-salut-barris-28\\\/#primaryimage\",\"url\":\"https:\\\/\\\/www.aspb.cat\\\/wp-content\\\/uploads\\\/2023\\\/07\\\/BSaB_Butlleti_28-DOC.jpg\",\"contentUrl\":\"https:\\\/\\\/www.aspb.cat\\\/wp-content\\\/uploads\\\/2023\\\/07\\\/BSaB_Butlleti_28-DOC.jpg\",\"width\":396,\"height\":562},{\"@type\":\"BreadcrumbList\",\"@id\":\"https:\\\/\\\/www.aspb.cat\\\/es\\\/documents\\\/barcelona-salut-barris-28\\\/#breadcrumb\",\"itemListElement\":[{\"@type\":\"ListItem\",\"position\":1,\"name\":\"Inici\",\"item\":\"https:\\\/\\\/www.aspb.cat\\\/es\\\/\"},{\"@type\":\"ListItem\",\"position\":2,\"name\":\"Documents\",\"item\":\"https:\\\/\\\/www.aspb.cat\\\/documents\\\/\"},{\"@type\":\"ListItem\",\"position\":3,\"name\":\"Barcelona Salut als barris. Butllet\u00ed N\u00ba28\"}]},{\"@type\":\"WebSite\",\"@id\":\"https:\\\/\\\/www.aspb.cat\\\/#website\",\"url\":\"https:\\\/\\\/www.aspb.cat\\\/\",\"name\":\"ASPB\",\"description\":\"Just another WordPress site\",\"potentialAction\":[{\"@type\":\"SearchAction\",\"target\":{\"@type\":\"EntryPoint\",\"urlTemplate\":\"https:\\\/\\\/www.aspb.cat\\\/?s={search_term_string}\"},\"query-input\":{\"@type\":\"PropertyValueSpecification\",\"valueRequired\":true,\"valueName\":\"search_term_string\"}}],\"inLanguage\":\"es\"}]}<\/script>\n<!-- \/ Yoast SEO Premium plugin. -->","yoast_head_json":{"title":"Barcelona Salut als barris. Butllet\u00ed N\u00ba28 - ASPB","robots":{"index":"index","follow":"follow","max-snippet":"max-snippet:-1","max-image-preview":"max-image-preview:large","max-video-preview":"max-video-preview:-1"},"canonical":"https:\/\/www.aspb.cat\/es\/documents\/barcelona-salut-barris-28\/","og_locale":"es_ES","og_type":"article","og_title":"Barcelona Salut als barris. Butllet\u00ed N\u00ba28","og_description":"En el bolet\u00edn n\u00famero 28 de Barcelona Salud en los Barrios (BSaB). En este bolet\u00edn, [&hellip;]","og_url":"https:\/\/www.aspb.cat\/es\/documents\/barcelona-salut-barris-28\/","og_site_name":"ASPB","article_publisher":"https:\/\/www.facebook.com\/salutpublicabcn","article_modified_time":"2023-09-04T15:22:54+00:00","og_image":[{"width":396,"height":562,"url":"https:\/\/www.aspb.cat\/wp-content\/uploads\/2023\/07\/BSaB_Butlleti_28-DOC.jpg","type":"image\/jpeg"}],"twitter_card":"summary_large_image","twitter_site":"@salutpublicabcn","twitter_misc":{"Tiempo de lectura":"1 minuto"},"schema":{"@context":"https:\/\/schema.org","@graph":[{"@type":"WebPage","@id":"https:\/\/www.aspb.cat\/es\/documents\/barcelona-salut-barris-28\/","url":"https:\/\/www.aspb.cat\/es\/documents\/barcelona-salut-barris-28\/","name":"Barcelona Salut als barris. Butllet\u00ed N\u00ba28 - ASPB","isPartOf":{"@id":"https:\/\/www.aspb.cat\/#website"},"primaryImageOfPage":{"@id":"https:\/\/www.aspb.cat\/es\/documents\/barcelona-salut-barris-28\/#primaryimage"},"image":{"@id":"https:\/\/www.aspb.cat\/es\/documents\/barcelona-salut-barris-28\/#primaryimage"},"thumbnailUrl":"https:\/\/www.aspb.cat\/wp-content\/uploads\/2023\/07\/BSaB_Butlleti_28-DOC.jpg","datePublished":"2023-07-20T17:41:31+00:00","dateModified":"2023-09-04T15:22:54+00:00","breadcrumb":{"@id":"https:\/\/www.aspb.cat\/es\/documents\/barcelona-salut-barris-28\/#breadcrumb"},"inLanguage":"es","potentialAction":[{"@type":"ReadAction","target":["https:\/\/www.aspb.cat\/es\/documents\/barcelona-salut-barris-28\/"]}]},{"@type":"ImageObject","inLanguage":"es","@id":"https:\/\/www.aspb.cat\/es\/documents\/barcelona-salut-barris-28\/#primaryimage","url":"https:\/\/www.aspb.cat\/wp-content\/uploads\/2023\/07\/BSaB_Butlleti_28-DOC.jpg","contentUrl":"https:\/\/www.aspb.cat\/wp-content\/uploads\/2023\/07\/BSaB_Butlleti_28-DOC.jpg","width":396,"height":562},{"@type":"BreadcrumbList","@id":"https:\/\/www.aspb.cat\/es\/documents\/barcelona-salut-barris-28\/#breadcrumb","itemListElement":[{"@type":"ListItem","position":1,"name":"Inici","item":"https:\/\/www.aspb.cat\/es\/"},{"@type":"ListItem","position":2,"name":"Documents","item":"https:\/\/www.aspb.cat\/documents\/"},{"@type":"ListItem","position":3,"name":"Barcelona Salut als barris. Butllet\u00ed N\u00ba28"}]},{"@type":"WebSite","@id":"https:\/\/www.aspb.cat\/#website","url":"https:\/\/www.aspb.cat\/","name":"ASPB","description":"Just another WordPress site","potentialAction":[{"@type":"SearchAction","target":{"@type":"EntryPoint","urlTemplate":"https:\/\/www.aspb.cat\/?s={search_term_string}"},"query-input":{"@type":"PropertyValueSpecification","valueRequired":true,"valueName":"search_term_string"}}],"inLanguage":"es"}]}},"_links":{"self":[{"href":"https:\/\/www.aspb.cat\/es\/wp-json\/wp\/v2\/documento\/51085","targetHints":{"allow":["GET"]}}],"collection":[{"href":"https:\/\/www.aspb.cat\/es\/wp-json\/wp\/v2\/documento"}],"about":[{"href":"https:\/\/www.aspb.cat\/es\/wp-json\/wp\/v2\/types\/documento"}],"version-history":[{"count":6,"href":"https:\/\/www.aspb.cat\/es\/wp-json\/wp\/v2\/documento\/51085\/revisions"}],"predecessor-version":[{"id":51249,"href":"https:\/\/www.aspb.cat\/es\/wp-json\/wp\/v2\/documento\/51085\/revisions\/51249"}],"wp:featuredmedia":[{"embeddable":true,"href":"https:\/\/www.aspb.cat\/es\/wp-json\/wp\/v2\/media\/51086"}],"wp:attachment":[{"href":"https:\/\/www.aspb.cat\/es\/wp-json\/wp\/v2\/media?parent=51085"}],"wp:term":[{"taxonomy":"tema","embeddable":true,"href":"https:\/\/www.aspb.cat\/es\/wp-json\/wp\/v2\/tema?post=51085"},{"taxonomy":"tipusdocument","embeddable":true,"href":"https:\/\/www.aspb.cat\/es\/wp-json\/wp\/v2\/tipusdocument?post=51085"}],"curies":[{"name":"wp","href":"https:\/\/api.w.org\/{rel}","templated":true}]}}

Barcelona Salut als barris. Butlletí Nº28

<p>En el <a href="https://mailchi.mp/aspb/barcelona-salut-als-barris-210623" target="_blank" rel="noopener">boletín número 28</a> de Barcelona Salud en los Barrios (BSaB). En este boletín, entre las diferentes experiencias de intervenciones vinculadas con el programa, destacamos TRENCA/MENTS, las II Jornadas culturales sobre bienestar emocional de la Marina, una propuesta nacida en el barrio para hablar colectivamente sobre los malestares emocionales. Igualmente explicamos el proyecto Realimenta el Carmel. Una iniciativa para visualizar y generar iniciativas de alimentación saludable que se ha dirigido al vecindario del barrio, niños del Casal Infantil La Torre y jóvenes de la fundación ADSIS. También le informamos del proyecto Arte y Salud en La Verneda y La Pau. En el marco del proyecto se creó un mural participativo con la temática de la emergencia Climática.</p>

<!-- This site is optimized with the Yoast SEO Premium plugin v27.5 (Yoast SEO v27.5) - https://yoast.com/product/yoast-seo-premium-wordpress/ -->
<title>Barcelona Salut als barris. Butlletí Nº28 - ASPB</title>
<meta name="robots" content="index, follow, max-snippet:-1, max-image-preview:large, max-video-preview:-1" />
<link rel="canonical" href="https://www.aspb.cat/es/documents/barcelona-salut-barris-28/" />
<meta property="og:locale" content="es_ES" />
<meta property="og:type" content="article" />
<meta property="og:title" content="Barcelona Salut als barris. Butlletí Nº28" />
<meta property="og:description" content="En el boletín número 28 de Barcelona Salud en los Barrios (BSaB). En este boletín, [&hellip;]" />
<meta property="og:url" content="https://www.aspb.cat/es/documents/barcelona-salut-barris-28/" />
<meta property="og:site_name" content="ASPB" />
<meta property="article:publisher" content="https://www.facebook.com/salutpublicabcn" />
<meta property="article:modified_time" content="2023-09-04T15:22:54+00:00" />
<meta property="og:image" content="https://www.aspb.cat/wp-content/uploads/2023/07/BSaB_Butlleti_28-DOC.jpg" />
	<meta property="og:image:width" content="396" />
	<meta property="og:image:height" content="562" />
	<meta property="og:image:type" content="image/jpeg" />
<meta name="twitter:card" content="summary_large_image" />
<meta name="twitter:site" content="@salutpublicabcn" />
<meta name="twitter:label1" content="Tiempo de lectura" />
	<meta name="twitter:data1" content="1 minuto" />
<script type="application/ld+json" class="yoast-schema-graph">{"@context":"https:\/\/schema.org","@graph":[{"@type":"WebPage","@id":"https:\/\/www.aspb.cat\/es\/documents\/barcelona-salut-barris-28\/","url":"https:\/\/www.aspb.cat\/es\/documents\/barcelona-salut-barris-28\/","name":"Barcelona Salut als barris. Butlletí Nº28 - ASPB","isPartOf":{"@id":"https:\/\/www.aspb.cat\/#website"},"primaryImageOfPage":{"@id":"https:\/\/www.aspb.cat\/es\/documents\/barcelona-salut-barris-28\/#primaryimage"},"image":{"@id":"https:\/\/www.aspb.cat\/es\/documents\/barcelona-salut-barris-28\/#primaryimage"},"thumbnailUrl":"https:\/\/www.aspb.cat\/wp-content\/uploads\/2023\/07\/BSaB_Butlleti_28-DOC.jpg","datePublished":"2023-07-20T17:41:31+00:00","dateModified":"2023-09-04T15:22:54+00:00","breadcrumb":{"@id":"https:\/\/www.aspb.cat\/es\/documents\/barcelona-salut-barris-28\/#breadcrumb"},"inLanguage":"es","potentialAction":[{"@type":"ReadAction","target":["https:\/\/www.aspb.cat\/es\/documents\/barcelona-salut-barris-28\/"]}]},{"@type":"ImageObject","inLanguage":"es","@id":"https:\/\/www.aspb.cat\/es\/documents\/barcelona-salut-barris-28\/#primaryimage","url":"https:\/\/www.aspb.cat\/wp-content\/uploads\/2023\/07\/BSaB_Butlleti_28-DOC.jpg","contentUrl":"https:\/\/www.aspb.cat\/wp-content\/uploads\/2023\/07\/BSaB_Butlleti_28-DOC.jpg","width":396,"height":562},{"@type":"BreadcrumbList","@id":"https:\/\/www.aspb.cat\/es\/documents\/barcelona-salut-barris-28\/#breadcrumb","itemListElement":[{"@type":"ListItem","position":1,"name":"Inici","item":"https:\/\/www.aspb.cat\/es\/"},{"@type":"ListItem","position":2,"name":"Documents","item":"https:\/\/www.aspb.cat\/documents\/"},{"@type":"ListItem","position":3,"name":"Barcelona Salut als barris. Butlletí Nº28"}]},{"@type":"WebSite","@id":"https:\/\/www.aspb.cat\/#website","url":"https:\/\/www.aspb.cat\/","name":"ASPB","description":"Just another WordPress site","potentialAction":[{"@type":"SearchAction","target":{"@type":"EntryPoint","urlTemplate":"https:\/\/www.aspb.cat\/?s={search_term_string}"},"query-input":{"@type":"PropertyValueSpecification","valueRequired":true,"valueName":"search_term_string"}}],"inLanguage":"es"}]}</script>
<!-- / Yoast SEO Premium plugin. -->

Barcelona Salut als barris. Butlletí Nº28 - ASPB

En el boletín número 28 de Barcelona Salud en los Barrios (BSaB). En este boletín, [&hellip;]
