{"id":49870,"date":"2023-04-21T12:05:31","date_gmt":"2023-04-21T12:05:31","guid":{"rendered":"https:\/\/www.aspb.cat\/documents\/salut-mental-barcelona\/"},"modified":"2023-05-15T16:24:45","modified_gmt":"2023-05-15T16:24:45","slug":"salud-mental-barcelona","status":"publish","type":"documento","link":"https:\/\/www.aspb.cat\/es\/documentos\/salud-mental-barcelona\/","title":{"rendered":"La salud mental en Barcelona 2021-2022"},"content":{"rendered":"<p>El informe \u00abLa salut mental a Barcelona, 2021-2022\u00bb muestra datos de la situaci\u00f3n de la salud mental, y sus principales determinantes, en Barcelona. Se muestran diferentes indicadores de la salud mental para cada ciclo de vida atendiendo a los principales ejes de desigualdades. La procedencia de los indicadores son la Encuesta de Salud de Barcelona (ESB) y el Instituto de Medicina Legal y Ciencias Forenses (IMLC). Los indicadores recogidos reflejan el impacto de la crisis socioecon\u00f3mica provocada por la pandemia de la COVID-19 en la salud mental de la poblaci\u00f3n en cada etapa vital. Por una parte, se muestran datos poblacionales de frecuencia y evoluci\u00f3n de la mala salud mental, el malestar mental, el consumo de psicof\u00e1rmacos y de la tasa de suicidio, teniendo en cuenta los principales ejes de desigualdad (sexo, ciclo de vida, clase social, lugar de nacimiento). Por otra parte, se analiza la frecuencia y la distribuci\u00f3n de los principales determinantes de la salud mental para cada ciclo de vida.<\/p>\n","protected":false},"featured_media":49871,"template":"","tema":[149,150,185,186,351,352,369,390],"tipusdocument":[167],"class_list":["post-49870","documento","type-documento","status-publish","has-post-thumbnail","hentry","tema-salud-barcelona","tema-salud-cifras-es","tema-adultesa-es","tema-etapas-vida","tema-adolescencia-es","tema-infancia-es","tema-bienestar-emocional","tema-personas-mayores","tipusdocument-informes","publish","author-ext_acaillab","impar","primero"],"acf":[],"yoast_head":"<!-- This site is optimized with the Yoast SEO Premium plugin v27.5 (Yoast SEO v27.5) - https:\/\/yoast.com\/product\/yoast-seo-premium-wordpress\/ -->\n<title>La salud mental en Barcelona 2021-2022 - ASPB<\/title>\n<meta name=\"robots\" content=\"index, follow, max-snippet:-1, max-image-preview:large, max-video-preview:-1\" \/>\n<link rel=\"canonical\" href=\"https:\/\/www.aspb.cat\/es\/documentos\/salud-mental-barcelona\/\" \/>\n<meta property=\"og:locale\" content=\"es_ES\" \/>\n<meta property=\"og:type\" content=\"article\" \/>\n<meta property=\"og:title\" content=\"La salud mental en Barcelona 2021-2022\" \/>\n<meta property=\"og:description\" content=\"El informe \u00abLa salut mental a Barcelona, 2021-2022\u00bb muestra datos de la situaci\u00f3n de la [&hellip;]\" \/>\n<meta property=\"og:url\" content=\"https:\/\/www.aspb.cat\/es\/documentos\/salud-mental-barcelona\/\" \/>\n<meta property=\"og:site_name\" content=\"ASPB\" \/>\n<meta property=\"article:publisher\" content=\"https:\/\/www.facebook.com\/salutpublicabcn\" \/>\n<meta property=\"article:modified_time\" content=\"2023-05-15T16:24:45+00:00\" \/>\n<meta property=\"og:image\" content=\"https:\/\/www.aspb.cat\/wp-content\/uploads\/2023\/04\/Salut-mental-Barcelona_21-22-DOC-1.jpg\" \/>\n\t<meta property=\"og:image:width\" content=\"595\" \/>\n\t<meta property=\"og:image:height\" content=\"842\" \/>\n\t<meta property=\"og:image:type\" content=\"image\/jpeg\" \/>\n<meta name=\"twitter:card\" content=\"summary_large_image\" \/>\n<meta name=\"twitter:site\" content=\"@salutpublicabcn\" \/>\n<meta name=\"twitter:label1\" content=\"Tiempo de lectura\" \/>\n\t<meta name=\"twitter:data1\" content=\"1 minuto\" \/>\n<script type=\"application\/ld+json\" class=\"yoast-schema-graph\">{\"@context\":\"https:\\\/\\\/schema.org\",\"@graph\":[{\"@type\":\"WebPage\",\"@id\":\"https:\\\/\\\/www.aspb.cat\\\/es\\\/documentos\\\/salud-mental-barcelona\\\/\",\"url\":\"https:\\\/\\\/www.aspb.cat\\\/es\\\/documentos\\\/salud-mental-barcelona\\\/\",\"name\":\"La salud mental en Barcelona 2021-2022 - ASPB\",\"isPartOf\":{\"@id\":\"https:\\\/\\\/www.aspb.cat\\\/#website\"},\"primaryImageOfPage\":{\"@id\":\"https:\\\/\\\/www.aspb.cat\\\/es\\\/documentos\\\/salud-mental-barcelona\\\/#primaryimage\"},\"image\":{\"@id\":\"https:\\\/\\\/www.aspb.cat\\\/es\\\/documentos\\\/salud-mental-barcelona\\\/#primaryimage\"},\"thumbnailUrl\":\"https:\\\/\\\/www.aspb.cat\\\/wp-content\\\/uploads\\\/2023\\\/04\\\/Salut-mental-Barcelona_21-22-DOC-1.jpg\",\"datePublished\":\"2023-04-21T12:05:31+00:00\",\"dateModified\":\"2023-05-15T16:24:45+00:00\",\"breadcrumb\":{\"@id\":\"https:\\\/\\\/www.aspb.cat\\\/es\\\/documentos\\\/salud-mental-barcelona\\\/#breadcrumb\"},\"inLanguage\":\"es\",\"potentialAction\":[{\"@type\":\"ReadAction\",\"target\":[\"https:\\\/\\\/www.aspb.cat\\\/es\\\/documentos\\\/salud-mental-barcelona\\\/\"]}]},{\"@type\":\"ImageObject\",\"inLanguage\":\"es\",\"@id\":\"https:\\\/\\\/www.aspb.cat\\\/es\\\/documentos\\\/salud-mental-barcelona\\\/#primaryimage\",\"url\":\"https:\\\/\\\/www.aspb.cat\\\/wp-content\\\/uploads\\\/2023\\\/04\\\/Salut-mental-Barcelona_21-22-DOC-1.jpg\",\"contentUrl\":\"https:\\\/\\\/www.aspb.cat\\\/wp-content\\\/uploads\\\/2023\\\/04\\\/Salut-mental-Barcelona_21-22-DOC-1.jpg\",\"width\":595,\"height\":842,\"caption\":\"El laboratori ha ampliat l\u2019acreditaci\u00f3 per abast flexible a l\u2019\u00e0mbit microbiol\u00f2gic amb la nova categoria d\u2019assaig de Norovirus (genogrups I i II) en aliments i escovillons de superf\u00edcies inerts (XX\\\/1\\\/0037) i que s\u2019inclou a La Llista P\u00fablica d\u2019Assaig (LEBA) Ed. 36.\"},{\"@type\":\"BreadcrumbList\",\"@id\":\"https:\\\/\\\/www.aspb.cat\\\/es\\\/documentos\\\/salud-mental-barcelona\\\/#breadcrumb\",\"itemListElement\":[{\"@type\":\"ListItem\",\"position\":1,\"name\":\"Inici\",\"item\":\"https:\\\/\\\/www.aspb.cat\\\/es\\\/\"},{\"@type\":\"ListItem\",\"position\":2,\"name\":\"Documents\",\"item\":\"https:\\\/\\\/www.aspb.cat\\\/documents\\\/\"},{\"@type\":\"ListItem\",\"position\":3,\"name\":\"La salud mental en Barcelona 2021-2022\"}]},{\"@type\":\"WebSite\",\"@id\":\"https:\\\/\\\/www.aspb.cat\\\/#website\",\"url\":\"https:\\\/\\\/www.aspb.cat\\\/\",\"name\":\"ASPB\",\"description\":\"Just another WordPress site\",\"potentialAction\":[{\"@type\":\"SearchAction\",\"target\":{\"@type\":\"EntryPoint\",\"urlTemplate\":\"https:\\\/\\\/www.aspb.cat\\\/?s={search_term_string}\"},\"query-input\":{\"@type\":\"PropertyValueSpecification\",\"valueRequired\":true,\"valueName\":\"search_term_string\"}}],\"inLanguage\":\"es\"}]}<\/script>\n<!-- \/ Yoast SEO Premium plugin. -->","yoast_head_json":{"title":"La salud mental en Barcelona 2021-2022 - ASPB","robots":{"index":"index","follow":"follow","max-snippet":"max-snippet:-1","max-image-preview":"max-image-preview:large","max-video-preview":"max-video-preview:-1"},"canonical":"https:\/\/www.aspb.cat\/es\/documentos\/salud-mental-barcelona\/","og_locale":"es_ES","og_type":"article","og_title":"La salud mental en Barcelona 2021-2022","og_description":"El informe \u00abLa salut mental a Barcelona, 2021-2022\u00bb muestra datos de la situaci\u00f3n de la [&hellip;]","og_url":"https:\/\/www.aspb.cat\/es\/documentos\/salud-mental-barcelona\/","og_site_name":"ASPB","article_publisher":"https:\/\/www.facebook.com\/salutpublicabcn","article_modified_time":"2023-05-15T16:24:45+00:00","og_image":[{"width":595,"height":842,"url":"https:\/\/www.aspb.cat\/wp-content\/uploads\/2023\/04\/Salut-mental-Barcelona_21-22-DOC-1.jpg","type":"image\/jpeg"}],"twitter_card":"summary_large_image","twitter_site":"@salutpublicabcn","twitter_misc":{"Tiempo de lectura":"1 minuto"},"schema":{"@context":"https:\/\/schema.org","@graph":[{"@type":"WebPage","@id":"https:\/\/www.aspb.cat\/es\/documentos\/salud-mental-barcelona\/","url":"https:\/\/www.aspb.cat\/es\/documentos\/salud-mental-barcelona\/","name":"La salud mental en Barcelona 2021-2022 - ASPB","isPartOf":{"@id":"https:\/\/www.aspb.cat\/#website"},"primaryImageOfPage":{"@id":"https:\/\/www.aspb.cat\/es\/documentos\/salud-mental-barcelona\/#primaryimage"},"image":{"@id":"https:\/\/www.aspb.cat\/es\/documentos\/salud-mental-barcelona\/#primaryimage"},"thumbnailUrl":"https:\/\/www.aspb.cat\/wp-content\/uploads\/2023\/04\/Salut-mental-Barcelona_21-22-DOC-1.jpg","datePublished":"2023-04-21T12:05:31+00:00","dateModified":"2023-05-15T16:24:45+00:00","breadcrumb":{"@id":"https:\/\/www.aspb.cat\/es\/documentos\/salud-mental-barcelona\/#breadcrumb"},"inLanguage":"es","potentialAction":[{"@type":"ReadAction","target":["https:\/\/www.aspb.cat\/es\/documentos\/salud-mental-barcelona\/"]}]},{"@type":"ImageObject","inLanguage":"es","@id":"https:\/\/www.aspb.cat\/es\/documentos\/salud-mental-barcelona\/#primaryimage","url":"https:\/\/www.aspb.cat\/wp-content\/uploads\/2023\/04\/Salut-mental-Barcelona_21-22-DOC-1.jpg","contentUrl":"https:\/\/www.aspb.cat\/wp-content\/uploads\/2023\/04\/Salut-mental-Barcelona_21-22-DOC-1.jpg","width":595,"height":842,"caption":"El laboratori ha ampliat l\u2019acreditaci\u00f3 per abast flexible a l\u2019\u00e0mbit microbiol\u00f2gic amb la nova categoria d\u2019assaig de Norovirus (genogrups I i II) en aliments i escovillons de superf\u00edcies inerts (XX\/1\/0037) i que s\u2019inclou a La Llista P\u00fablica d\u2019Assaig (LEBA) Ed. 36."},{"@type":"BreadcrumbList","@id":"https:\/\/www.aspb.cat\/es\/documentos\/salud-mental-barcelona\/#breadcrumb","itemListElement":[{"@type":"ListItem","position":1,"name":"Inici","item":"https:\/\/www.aspb.cat\/es\/"},{"@type":"ListItem","position":2,"name":"Documents","item":"https:\/\/www.aspb.cat\/documents\/"},{"@type":"ListItem","position":3,"name":"La salud mental en Barcelona 2021-2022"}]},{"@type":"WebSite","@id":"https:\/\/www.aspb.cat\/#website","url":"https:\/\/www.aspb.cat\/","name":"ASPB","description":"Just another WordPress site","potentialAction":[{"@type":"SearchAction","target":{"@type":"EntryPoint","urlTemplate":"https:\/\/www.aspb.cat\/?s={search_term_string}"},"query-input":{"@type":"PropertyValueSpecification","valueRequired":true,"valueName":"search_term_string"}}],"inLanguage":"es"}]}},"_links":{"self":[{"href":"https:\/\/www.aspb.cat\/es\/wp-json\/wp\/v2\/documento\/49870","targetHints":{"allow":["GET"]}}],"collection":[{"href":"https:\/\/www.aspb.cat\/es\/wp-json\/wp\/v2\/documento"}],"about":[{"href":"https:\/\/www.aspb.cat\/es\/wp-json\/wp\/v2\/types\/documento"}],"version-history":[{"count":2,"href":"https:\/\/www.aspb.cat\/es\/wp-json\/wp\/v2\/documento\/49870\/revisions"}],"predecessor-version":[{"id":49963,"href":"https:\/\/www.aspb.cat\/es\/wp-json\/wp\/v2\/documento\/49870\/revisions\/49963"}],"wp:featuredmedia":[{"embeddable":true,"href":"https:\/\/www.aspb.cat\/es\/wp-json\/wp\/v2\/media\/49871"}],"wp:attachment":[{"href":"https:\/\/www.aspb.cat\/es\/wp-json\/wp\/v2\/media?parent=49870"}],"wp:term":[{"taxonomy":"tema","embeddable":true,"href":"https:\/\/www.aspb.cat\/es\/wp-json\/wp\/v2\/tema?post=49870"},{"taxonomy":"tipusdocument","embeddable":true,"href":"https:\/\/www.aspb.cat\/es\/wp-json\/wp\/v2\/tipusdocument?post=49870"}],"curies":[{"name":"wp","href":"https:\/\/api.w.org\/{rel}","templated":true}]}}

<p>El informe «La salut mental a Barcelona, 2021-2022» muestra datos de la situación de la salud mental, y sus principales determinantes, en Barcelona. Se muestran diferentes indicadores de la salud mental para cada ciclo de vida atendiendo a los principales ejes de desigualdades. La procedencia de los indicadores son la Encuesta de Salud de Barcelona (ESB) y el Instituto de Medicina Legal y Ciencias Forenses (IMLC). Los indicadores recogidos reflejan el impacto de la crisis socioeconómica provocada por la pandemia de la COVID-19 en la salud mental de la población en cada etapa vital. Por una parte, se muestran datos poblacionales de frecuencia y evolución de la mala salud mental, el malestar mental, el consumo de psicofármacos y de la tasa de suicidio, teniendo en cuenta los principales ejes de desigualdad (sexo, ciclo de vida, clase social, lugar de nacimiento). Por otra parte, se analiza la frecuencia y la distribución de los principales determinantes de la salud mental para cada ciclo de vida.</p>

<!-- This site is optimized with the Yoast SEO Premium plugin v27.5 (Yoast SEO v27.5) - https://yoast.com/product/yoast-seo-premium-wordpress/ -->
<title>La salud mental en Barcelona 2021-2022 - ASPB</title>
<meta name="robots" content="index, follow, max-snippet:-1, max-image-preview:large, max-video-preview:-1" />
<link rel="canonical" href="https://www.aspb.cat/es/documentos/salud-mental-barcelona/" />
<meta property="og:locale" content="es_ES" />
<meta property="og:type" content="article" />
<meta property="og:title" content="La salud mental en Barcelona 2021-2022" />
<meta property="og:description" content="El informe «La salut mental a Barcelona, 2021-2022» muestra datos de la situación de la [&hellip;]" />
<meta property="og:url" content="https://www.aspb.cat/es/documentos/salud-mental-barcelona/" />
<meta property="og:site_name" content="ASPB" />
<meta property="article:publisher" content="https://www.facebook.com/salutpublicabcn" />
<meta property="article:modified_time" content="2023-05-15T16:24:45+00:00" />
<meta property="og:image" content="https://www.aspb.cat/wp-content/uploads/2023/04/Salut-mental-Barcelona_21-22-DOC-1.jpg" />
	<meta property="og:image:width" content="595" />
	<meta property="og:image:height" content="842" />
	<meta property="og:image:type" content="image/jpeg" />
<meta name="twitter:card" content="summary_large_image" />
<meta name="twitter:site" content="@salutpublicabcn" />
<meta name="twitter:label1" content="Tiempo de lectura" />
	<meta name="twitter:data1" content="1 minuto" />
<script type="application/ld+json" class="yoast-schema-graph">{"@context":"https:\/\/schema.org","@graph":[{"@type":"WebPage","@id":"https:\/\/www.aspb.cat\/es\/documentos\/salud-mental-barcelona\/","url":"https:\/\/www.aspb.cat\/es\/documentos\/salud-mental-barcelona\/","name":"La salud mental en Barcelona 2021-2022 - ASPB","isPartOf":{"@id":"https:\/\/www.aspb.cat\/#website"},"primaryImageOfPage":{"@id":"https:\/\/www.aspb.cat\/es\/documentos\/salud-mental-barcelona\/#primaryimage"},"image":{"@id":"https:\/\/www.aspb.cat\/es\/documentos\/salud-mental-barcelona\/#primaryimage"},"thumbnailUrl":"https:\/\/www.aspb.cat\/wp-content\/uploads\/2023\/04\/Salut-mental-Barcelona_21-22-DOC-1.jpg","datePublished":"2023-04-21T12:05:31+00:00","dateModified":"2023-05-15T16:24:45+00:00","breadcrumb":{"@id":"https:\/\/www.aspb.cat\/es\/documentos\/salud-mental-barcelona\/#breadcrumb"},"inLanguage":"es","potentialAction":[{"@type":"ReadAction","target":["https:\/\/www.aspb.cat\/es\/documentos\/salud-mental-barcelona\/"]}]},{"@type":"ImageObject","inLanguage":"es","@id":"https:\/\/www.aspb.cat\/es\/documentos\/salud-mental-barcelona\/#primaryimage","url":"https:\/\/www.aspb.cat\/wp-content\/uploads\/2023\/04\/Salut-mental-Barcelona_21-22-DOC-1.jpg","contentUrl":"https:\/\/www.aspb.cat\/wp-content\/uploads\/2023\/04\/Salut-mental-Barcelona_21-22-DOC-1.jpg","width":595,"height":842,"caption":"El laboratori ha ampliat l’acreditació per abast flexible a l’àmbit microbiològic amb la nova categoria d’assaig de Norovirus (genogrups I i II) en aliments i escovillons de superfícies inerts (XX\/1\/0037) i que s’inclou a La Llista Pública d’Assaig (LEBA) Ed. 36."},{"@type":"BreadcrumbList","@id":"https:\/\/www.aspb.cat\/es\/documentos\/salud-mental-barcelona\/#breadcrumb","itemListElement":[{"@type":"ListItem","position":1,"name":"Inici","item":"https:\/\/www.aspb.cat\/es\/"},{"@type":"ListItem","position":2,"name":"Documents","item":"https:\/\/www.aspb.cat\/documents\/"},{"@type":"ListItem","position":3,"name":"La salud mental en Barcelona 2021-2022"}]},{"@type":"WebSite","@id":"https:\/\/www.aspb.cat\/#website","url":"https:\/\/www.aspb.cat\/","name":"ASPB","description":"Just another WordPress site","potentialAction":[{"@type":"SearchAction","target":{"@type":"EntryPoint","urlTemplate":"https:\/\/www.aspb.cat\/?s={search_term_string}"},"query-input":{"@type":"PropertyValueSpecification","valueRequired":true,"valueName":"search_term_string"}}],"inLanguage":"es"}]}</script>
<!-- / Yoast SEO Premium plugin. -->

El informe «La salut mental a Barcelona, 2021-2022» muestra datos de la situación de la [&hellip;]

El laboratori ha ampliat l’acreditació per abast flexible a l’àmbit microbiològic amb la nova categoria d’assaig de Norovirus (genogrups I i II) en aliments i escovillons de superfícies inerts (XX/1/0037) i que s’inclou a La Llista Pública d’Assaig (LEBA) Ed. 36.
