{"id":48685,"date":"2023-03-01T12:48:07","date_gmt":"2023-03-01T12:48:07","guid":{"rendered":"https:\/\/www.aspb.cat\/documents\/21-02-2023-pla-de-barris-i-salut\/"},"modified":"2023-04-11T11:59:46","modified_gmt":"2023-04-11T11:59:46","slug":"21-02-2023-pla-de-barris-i-salut","status":"publish","type":"documento","link":"https:\/\/www.aspb.cat\/es\/documentos\/21-02-2023-pla-de-barris-i-salut\/","title":{"rendered":"21\/02\/2023- Plan de Barrios y Salud"},"content":{"rendered":"<div class=\"video_wrapper\"><iframe width=\"560\" height=\"315\" src=\"https:\/\/www.youtube.com\/embed\/dp4o5hbpX1E?\" title=\"YouTube video player\" frameborder=\"0\" allow=\"accelerometer; autoplay; clipboard-write; encrypted-media; gyroscope; picture-in-picture\" allowfullscreen><\/iframe><\/div>\n\n\n\n<br>\n\n\n\n<h3 class=\"wp-block-heading\" id=\"h-\"><\/h3>\n\n\n\n<p><strong>Moderaci\u00f3n: <\/strong>Carme Borrell, Ag\u00e8ncia de Salut P\u00fablica de Barcelona<\/p>\n\n\n\n<p><strong>Ponencias:<\/strong><\/p>\n\n\n\n<ul class=\"wp-block-list\">\n<li><strong>Urbanismo y salud.<\/strong><br>Oriol Nel\u00b7lo. Profesor de Geograf\u00eda de la Universitat Aut\u00f3noma de Barcelona (UAB)<\/li>\n\n\n\n<li><strong>El Plan de Barrios: programas sociales y de salud.<\/strong><br>Fina Pidelaserra. Coordinadora del \u00e1mbito social. Pla de Barris. Foment de Ciutat SA<\/li>\n\n\n\n<li><strong>El efecto en salud del Plan de Barrios<\/strong><br>Xavier Bartoll. T\u00e8cnic de l&#8217;Ag\u00e8ncia de Salut P\u00fablica de Barcelona<\/li>\n<\/ul>\n","protected":false},"featured_media":48686,"template":"","tema":[150,166,190,191,192,202,291],"tipusdocument":[339],"class_list":["post-48685","documento","type-documento","status-publish","has-post-thumbnail","hentry","tema-salud-cifras-es","tema-investigacion-docencia","tema-barris-es","tema-salud-barrios","tema-entornos","tema-vivir-salud","tema-sesiones-cientificas-es","tipusdocument-sesiones-cientificas","publish","author-ext_acaillab","impar","primero"],"acf":[],"yoast_head":"<!-- This site is optimized with the Yoast SEO Premium plugin v27.5 (Yoast SEO v27.5) - https:\/\/yoast.com\/product\/yoast-seo-premium-wordpress\/ -->\n<title>21\/02\/2023- Plan de Barrios y Salud - ASPB<\/title>\n<meta name=\"robots\" content=\"index, follow, max-snippet:-1, max-image-preview:large, max-video-preview:-1\" \/>\n<link rel=\"canonical\" href=\"https:\/\/www.aspb.cat\/es\/documentos\/21-02-2023-pla-de-barris-i-salut\/\" \/>\n<meta property=\"og:locale\" content=\"es_ES\" \/>\n<meta property=\"og:type\" content=\"article\" \/>\n<meta property=\"og:title\" content=\"21\/02\/2023- Plan de Barrios y Salud\" \/>\n<meta property=\"og:description\" content=\"Moderaci\u00f3n: Carme Borrell, Ag\u00e8ncia de Salut P\u00fablica de Barcelona Ponencias:\" \/>\n<meta property=\"og:url\" content=\"https:\/\/www.aspb.cat\/es\/documentos\/21-02-2023-pla-de-barris-i-salut\/\" \/>\n<meta property=\"og:site_name\" content=\"ASPB\" \/>\n<meta property=\"article:publisher\" content=\"https:\/\/www.facebook.com\/salutpublicabcn\" \/>\n<meta property=\"article:modified_time\" content=\"2023-04-11T11:59:46+00:00\" \/>\n<meta property=\"og:image\" content=\"https:\/\/www.aspb.cat\/wp-content\/uploads\/2023\/02\/ASPB-SessionsCientifiques_210223_NOT-1.jpg\" \/>\n\t<meta property=\"og:image:width\" content=\"1217\" \/>\n\t<meta property=\"og:image:height\" content=\"765\" \/>\n\t<meta property=\"og:image:type\" content=\"image\/jpeg\" \/>\n<meta name=\"twitter:card\" content=\"summary_large_image\" \/>\n<meta name=\"twitter:site\" content=\"@salutpublicabcn\" \/>\n<meta name=\"twitter:label1\" content=\"Tiempo de lectura\" \/>\n\t<meta name=\"twitter:data1\" content=\"1 minuto\" \/>\n<script type=\"application\/ld+json\" class=\"yoast-schema-graph\">{\"@context\":\"https:\\\/\\\/schema.org\",\"@graph\":[{\"@type\":\"WebPage\",\"@id\":\"https:\\\/\\\/www.aspb.cat\\\/es\\\/documentos\\\/21-02-2023-pla-de-barris-i-salut\\\/\",\"url\":\"https:\\\/\\\/www.aspb.cat\\\/es\\\/documentos\\\/21-02-2023-pla-de-barris-i-salut\\\/\",\"name\":\"21\\\/02\\\/2023- Plan de Barrios y Salud - ASPB\",\"isPartOf\":{\"@id\":\"https:\\\/\\\/www.aspb.cat\\\/#website\"},\"primaryImageOfPage\":{\"@id\":\"https:\\\/\\\/www.aspb.cat\\\/es\\\/documentos\\\/21-02-2023-pla-de-barris-i-salut\\\/#primaryimage\"},\"image\":{\"@id\":\"https:\\\/\\\/www.aspb.cat\\\/es\\\/documentos\\\/21-02-2023-pla-de-barris-i-salut\\\/#primaryimage\"},\"thumbnailUrl\":\"https:\\\/\\\/www.aspb.cat\\\/wp-content\\\/uploads\\\/2023\\\/02\\\/ASPB-SessionsCientifiques_210223_NOT-1.jpg\",\"datePublished\":\"2023-03-01T12:48:07+00:00\",\"dateModified\":\"2023-04-11T11:59:46+00:00\",\"breadcrumb\":{\"@id\":\"https:\\\/\\\/www.aspb.cat\\\/es\\\/documentos\\\/21-02-2023-pla-de-barris-i-salut\\\/#breadcrumb\"},\"inLanguage\":\"es\",\"potentialAction\":[{\"@type\":\"ReadAction\",\"target\":[\"https:\\\/\\\/www.aspb.cat\\\/es\\\/documentos\\\/21-02-2023-pla-de-barris-i-salut\\\/\"]}]},{\"@type\":\"ImageObject\",\"inLanguage\":\"es\",\"@id\":\"https:\\\/\\\/www.aspb.cat\\\/es\\\/documentos\\\/21-02-2023-pla-de-barris-i-salut\\\/#primaryimage\",\"url\":\"https:\\\/\\\/www.aspb.cat\\\/wp-content\\\/uploads\\\/2023\\\/02\\\/ASPB-SessionsCientifiques_210223_NOT-1.jpg\",\"contentUrl\":\"https:\\\/\\\/www.aspb.cat\\\/wp-content\\\/uploads\\\/2023\\\/02\\\/ASPB-SessionsCientifiques_210223_NOT-1.jpg\",\"width\":1217,\"height\":765},{\"@type\":\"BreadcrumbList\",\"@id\":\"https:\\\/\\\/www.aspb.cat\\\/es\\\/documentos\\\/21-02-2023-pla-de-barris-i-salut\\\/#breadcrumb\",\"itemListElement\":[{\"@type\":\"ListItem\",\"position\":1,\"name\":\"Inici\",\"item\":\"https:\\\/\\\/www.aspb.cat\\\/es\\\/\"},{\"@type\":\"ListItem\",\"position\":2,\"name\":\"Documents\",\"item\":\"https:\\\/\\\/www.aspb.cat\\\/documents\\\/\"},{\"@type\":\"ListItem\",\"position\":3,\"name\":\"21\\\/02\\\/2023- Plan de Barrios y Salud\"}]},{\"@type\":\"WebSite\",\"@id\":\"https:\\\/\\\/www.aspb.cat\\\/#website\",\"url\":\"https:\\\/\\\/www.aspb.cat\\\/\",\"name\":\"ASPB\",\"description\":\"Just another WordPress site\",\"potentialAction\":[{\"@type\":\"SearchAction\",\"target\":{\"@type\":\"EntryPoint\",\"urlTemplate\":\"https:\\\/\\\/www.aspb.cat\\\/?s={search_term_string}\"},\"query-input\":{\"@type\":\"PropertyValueSpecification\",\"valueRequired\":true,\"valueName\":\"search_term_string\"}}],\"inLanguage\":\"es\"}]}<\/script>\n<!-- \/ Yoast SEO Premium plugin. -->","yoast_head_json":{"title":"21\/02\/2023- Plan de Barrios y Salud - ASPB","robots":{"index":"index","follow":"follow","max-snippet":"max-snippet:-1","max-image-preview":"max-image-preview:large","max-video-preview":"max-video-preview:-1"},"canonical":"https:\/\/www.aspb.cat\/es\/documentos\/21-02-2023-pla-de-barris-i-salut\/","og_locale":"es_ES","og_type":"article","og_title":"21\/02\/2023- Plan de Barrios y Salud","og_description":"Moderaci\u00f3n: Carme Borrell, Ag\u00e8ncia de Salut P\u00fablica de Barcelona Ponencias:","og_url":"https:\/\/www.aspb.cat\/es\/documentos\/21-02-2023-pla-de-barris-i-salut\/","og_site_name":"ASPB","article_publisher":"https:\/\/www.facebook.com\/salutpublicabcn","article_modified_time":"2023-04-11T11:59:46+00:00","og_image":[{"width":1217,"height":765,"url":"https:\/\/www.aspb.cat\/wp-content\/uploads\/2023\/02\/ASPB-SessionsCientifiques_210223_NOT-1.jpg","type":"image\/jpeg"}],"twitter_card":"summary_large_image","twitter_site":"@salutpublicabcn","twitter_misc":{"Tiempo de lectura":"1 minuto"},"schema":{"@context":"https:\/\/schema.org","@graph":[{"@type":"WebPage","@id":"https:\/\/www.aspb.cat\/es\/documentos\/21-02-2023-pla-de-barris-i-salut\/","url":"https:\/\/www.aspb.cat\/es\/documentos\/21-02-2023-pla-de-barris-i-salut\/","name":"21\/02\/2023- Plan de Barrios y Salud - ASPB","isPartOf":{"@id":"https:\/\/www.aspb.cat\/#website"},"primaryImageOfPage":{"@id":"https:\/\/www.aspb.cat\/es\/documentos\/21-02-2023-pla-de-barris-i-salut\/#primaryimage"},"image":{"@id":"https:\/\/www.aspb.cat\/es\/documentos\/21-02-2023-pla-de-barris-i-salut\/#primaryimage"},"thumbnailUrl":"https:\/\/www.aspb.cat\/wp-content\/uploads\/2023\/02\/ASPB-SessionsCientifiques_210223_NOT-1.jpg","datePublished":"2023-03-01T12:48:07+00:00","dateModified":"2023-04-11T11:59:46+00:00","breadcrumb":{"@id":"https:\/\/www.aspb.cat\/es\/documentos\/21-02-2023-pla-de-barris-i-salut\/#breadcrumb"},"inLanguage":"es","potentialAction":[{"@type":"ReadAction","target":["https:\/\/www.aspb.cat\/es\/documentos\/21-02-2023-pla-de-barris-i-salut\/"]}]},{"@type":"ImageObject","inLanguage":"es","@id":"https:\/\/www.aspb.cat\/es\/documentos\/21-02-2023-pla-de-barris-i-salut\/#primaryimage","url":"https:\/\/www.aspb.cat\/wp-content\/uploads\/2023\/02\/ASPB-SessionsCientifiques_210223_NOT-1.jpg","contentUrl":"https:\/\/www.aspb.cat\/wp-content\/uploads\/2023\/02\/ASPB-SessionsCientifiques_210223_NOT-1.jpg","width":1217,"height":765},{"@type":"BreadcrumbList","@id":"https:\/\/www.aspb.cat\/es\/documentos\/21-02-2023-pla-de-barris-i-salut\/#breadcrumb","itemListElement":[{"@type":"ListItem","position":1,"name":"Inici","item":"https:\/\/www.aspb.cat\/es\/"},{"@type":"ListItem","position":2,"name":"Documents","item":"https:\/\/www.aspb.cat\/documents\/"},{"@type":"ListItem","position":3,"name":"21\/02\/2023- Plan de Barrios y Salud"}]},{"@type":"WebSite","@id":"https:\/\/www.aspb.cat\/#website","url":"https:\/\/www.aspb.cat\/","name":"ASPB","description":"Just another WordPress site","potentialAction":[{"@type":"SearchAction","target":{"@type":"EntryPoint","urlTemplate":"https:\/\/www.aspb.cat\/?s={search_term_string}"},"query-input":{"@type":"PropertyValueSpecification","valueRequired":true,"valueName":"search_term_string"}}],"inLanguage":"es"}]}},"_links":{"self":[{"href":"https:\/\/www.aspb.cat\/es\/wp-json\/wp\/v2\/documento\/48685","targetHints":{"allow":["GET"]}}],"collection":[{"href":"https:\/\/www.aspb.cat\/es\/wp-json\/wp\/v2\/documento"}],"about":[{"href":"https:\/\/www.aspb.cat\/es\/wp-json\/wp\/v2\/types\/documento"}],"version-history":[{"count":3,"href":"https:\/\/www.aspb.cat\/es\/wp-json\/wp\/v2\/documento\/48685\/revisions"}],"predecessor-version":[{"id":49516,"href":"https:\/\/www.aspb.cat\/es\/wp-json\/wp\/v2\/documento\/48685\/revisions\/49516"}],"wp:featuredmedia":[{"embeddable":true,"href":"https:\/\/www.aspb.cat\/es\/wp-json\/wp\/v2\/media\/48686"}],"wp:attachment":[{"href":"https:\/\/www.aspb.cat\/es\/wp-json\/wp\/v2\/media?parent=48685"}],"wp:term":[{"taxonomy":"tema","embeddable":true,"href":"https:\/\/www.aspb.cat\/es\/wp-json\/wp\/v2\/tema?post=48685"},{"taxonomy":"tipusdocument","embeddable":true,"href":"https:\/\/www.aspb.cat\/es\/wp-json\/wp\/v2\/tipusdocument?post=48685"}],"curies":[{"name":"wp","href":"https:\/\/api.w.org\/{rel}","templated":true}]}}

<div class="video_wrapper"><iframe width="560" height="315" src="https://www.youtube.com/embed/dp4o5hbpX1E?" title="YouTube video player" frameborder="0" allow="accelerometer; autoplay; clipboard-write; encrypted-media; gyroscope; picture-in-picture" allowfullscreen></iframe></div>



<br>



<h3 class="wp-block-heading" id="h-"></h3>



<p><strong>Moderación: </strong>Carme Borrell, Agència de Salut Pública de Barcelona</p>



<p><strong>Ponencias:</strong></p>



<ul class="wp-block-list">
<li><strong>Urbanismo y salud.</strong><br>Oriol Nel·lo. Profesor de Geografía de la Universitat Autónoma de Barcelona (UAB)</li>



<li><strong>El Plan de Barrios: programas sociales y de salud.</strong><br>Fina Pidelaserra. Coordinadora del ámbito social. Pla de Barris. Foment de Ciutat SA</li>



<li><strong>El efecto en salud del Plan de Barrios</strong><br>Xavier Bartoll. Tècnic de l&#8217;Agència de Salut Pública de Barcelona</li>
</ul>

<!-- This site is optimized with the Yoast SEO Premium plugin v27.5 (Yoast SEO v27.5) - https://yoast.com/product/yoast-seo-premium-wordpress/ -->
<title>21/02/2023- Plan de Barrios y Salud - ASPB</title>
<meta name="robots" content="index, follow, max-snippet:-1, max-image-preview:large, max-video-preview:-1" />
<link rel="canonical" href="https://www.aspb.cat/es/documentos/21-02-2023-pla-de-barris-i-salut/" />
<meta property="og:locale" content="es_ES" />
<meta property="og:type" content="article" />
<meta property="og:title" content="21/02/2023- Plan de Barrios y Salud" />
<meta property="og:description" content="Moderación: Carme Borrell, Agència de Salut Pública de Barcelona Ponencias:" />
<meta property="og:url" content="https://www.aspb.cat/es/documentos/21-02-2023-pla-de-barris-i-salut/" />
<meta property="og:site_name" content="ASPB" />
<meta property="article:publisher" content="https://www.facebook.com/salutpublicabcn" />
<meta property="article:modified_time" content="2023-04-11T11:59:46+00:00" />
<meta property="og:image" content="https://www.aspb.cat/wp-content/uploads/2023/02/ASPB-SessionsCientifiques_210223_NOT-1.jpg" />
	<meta property="og:image:width" content="1217" />
	<meta property="og:image:height" content="765" />
	<meta property="og:image:type" content="image/jpeg" />
<meta name="twitter:card" content="summary_large_image" />
<meta name="twitter:site" content="@salutpublicabcn" />
<meta name="twitter:label1" content="Tiempo de lectura" />
	<meta name="twitter:data1" content="1 minuto" />
<script type="application/ld+json" class="yoast-schema-graph">{"@context":"https:\/\/schema.org","@graph":[{"@type":"WebPage","@id":"https:\/\/www.aspb.cat\/es\/documentos\/21-02-2023-pla-de-barris-i-salut\/","url":"https:\/\/www.aspb.cat\/es\/documentos\/21-02-2023-pla-de-barris-i-salut\/","name":"21\/02\/2023- Plan de Barrios y Salud - ASPB","isPartOf":{"@id":"https:\/\/www.aspb.cat\/#website"},"primaryImageOfPage":{"@id":"https:\/\/www.aspb.cat\/es\/documentos\/21-02-2023-pla-de-barris-i-salut\/#primaryimage"},"image":{"@id":"https:\/\/www.aspb.cat\/es\/documentos\/21-02-2023-pla-de-barris-i-salut\/#primaryimage"},"thumbnailUrl":"https:\/\/www.aspb.cat\/wp-content\/uploads\/2023\/02\/ASPB-SessionsCientifiques_210223_NOT-1.jpg","datePublished":"2023-03-01T12:48:07+00:00","dateModified":"2023-04-11T11:59:46+00:00","breadcrumb":{"@id":"https:\/\/www.aspb.cat\/es\/documentos\/21-02-2023-pla-de-barris-i-salut\/#breadcrumb"},"inLanguage":"es","potentialAction":[{"@type":"ReadAction","target":["https:\/\/www.aspb.cat\/es\/documentos\/21-02-2023-pla-de-barris-i-salut\/"]}]},{"@type":"ImageObject","inLanguage":"es","@id":"https:\/\/www.aspb.cat\/es\/documentos\/21-02-2023-pla-de-barris-i-salut\/#primaryimage","url":"https:\/\/www.aspb.cat\/wp-content\/uploads\/2023\/02\/ASPB-SessionsCientifiques_210223_NOT-1.jpg","contentUrl":"https:\/\/www.aspb.cat\/wp-content\/uploads\/2023\/02\/ASPB-SessionsCientifiques_210223_NOT-1.jpg","width":1217,"height":765},{"@type":"BreadcrumbList","@id":"https:\/\/www.aspb.cat\/es\/documentos\/21-02-2023-pla-de-barris-i-salut\/#breadcrumb","itemListElement":[{"@type":"ListItem","position":1,"name":"Inici","item":"https:\/\/www.aspb.cat\/es\/"},{"@type":"ListItem","position":2,"name":"Documents","item":"https:\/\/www.aspb.cat\/documents\/"},{"@type":"ListItem","position":3,"name":"21\/02\/2023- Plan de Barrios y Salud"}]},{"@type":"WebSite","@id":"https:\/\/www.aspb.cat\/#website","url":"https:\/\/www.aspb.cat\/","name":"ASPB","description":"Just another WordPress site","potentialAction":[{"@type":"SearchAction","target":{"@type":"EntryPoint","urlTemplate":"https:\/\/www.aspb.cat\/?s={search_term_string}"},"query-input":{"@type":"PropertyValueSpecification","valueRequired":true,"valueName":"search_term_string"}}],"inLanguage":"es"}]}</script>
<!-- / Yoast SEO Premium plugin. -->

Moderación: Carme Borrell, Agència de Salut Pública de Barcelona Ponencias:
