{"id":48596,"date":"2023-02-10T13:43:52","date_gmt":"2023-02-10T13:43:52","guid":{"rendered":"https:\/\/www.aspb.cat\/documents\/15-02-2022-alimentacio-saludable-i-sostenible-quins-reptes-tenim-sobre-la-taula\/"},"modified":"2023-02-20T08:59:41","modified_gmt":"2023-02-20T08:59:41","slug":"15-02-2022-alimentacio-saludable-i-sostenible-quins-reptes-tenim-sobre-la-taula","status":"publish","type":"documento","link":"https:\/\/www.aspb.cat\/es\/documentos\/15-02-2022-alimentacio-saludable-i-sostenible-quins-reptes-tenim-sobre-la-taula\/","title":{"rendered":"15\/02\/2022-Alimentaci\u00f3n saludable y sostenible: \u00bfqu\u00e9 retos tenemos sobre la mesa?"},"content":{"rendered":"\n<div class=\"video_wrapper\"><iframe width=\"560\" height=\"315\" src=\"https:\/\/www.youtube.com\/embed\/BYTnwyIM6Hk\" title=\"YouTube video player\" frameborder=\"0\" allow=\"accelerometer; autoplay; clipboard-write; encrypted-media; gyroscope; picture-in-picture\" allowfullscreen><\/iframe><\/div>\n\n\n\n<div style=\"height:50px\" aria-hidden=\"true\" class=\"wp-block-spacer\"><\/div>\n\n\n\n<p><strong>Moderaci\u00f3n:<\/strong> Gemma Salvador i Castell. Subdirecci\u00f3n de Promoci\u00f3n de la Salud. Ag\u00e8ncia de Salut P\u00fablica de Catalunya.<\/p>\n\n\n\n<h4 class=\"wp-block-heading\" id=\"h-ponencias\"><strong>Ponencias:<\/strong><\/h4>\n\n\n\n<ul class=\"wp-block-list\">\n<li><strong>La promoci\u00f3n de h\u00e1bitos alimentarios m\u00e1s saludables desde las intervenciones comunitarias.<\/strong> Francesca S\u00e1nchez. Servei de Salut Comunit\u00e0ria. Ag\u00e8ncia de Salut P\u00fablica de barcelona.<\/li>\n\n\n\n<li><strong>La transversalidad de la alimentaci\u00f3n sostenible en las pol\u00edticas municipales: salud y sostenibilidad.<\/strong> Lidon Martrat. Coordinadora Operativa Proyecto Capitalitat Mundial de l&#8217;Alimentaci\u00f3 Sostenible i Pol\u00edtiques Aliment\u00e0ries Urbanes. Direcci\u00f3n de Serveis d&#8217;Economia Cooperativa, Social i Solid\u00e0ria. Ajuntament de Barcelona<\/li>\n\n\n\n<li><strong>La seguridad alimentaria en el camino hacia una alimentaci\u00f3n m\u00e1s saludable y sostenible.<\/strong> Samuel Porta\u00f1a. Director de Seguretat Aliment\u00e0ria. Ag\u00e8ncia de Salut P\u00fablica de Barcelona.<\/li>\n<\/ul>\n","protected":false},"featured_media":40324,"template":"","tema":[181,202,291],"tipusdocument":[339],"class_list":["post-48596","documento","type-documento","status-publish","has-post-thumbnail","hentry","tema-seguridad-alimentaria","tema-vivir-salud","tema-sesiones-cientificas-es","tipusdocument-sesiones-cientificas","publish","author-ext_acaillab","impar","primero"],"acf":[],"yoast_head":"<!-- This site is optimized with the Yoast SEO Premium plugin v27.5 (Yoast SEO v27.5) - https:\/\/yoast.com\/product\/yoast-seo-premium-wordpress\/ -->\n<title>15\/02\/2022-Alimentaci\u00f3n saludable y sostenible: \u00bfqu\u00e9 retos tenemos sobre la mesa? - ASPB<\/title>\n<meta name=\"robots\" content=\"index, follow, max-snippet:-1, max-image-preview:large, max-video-preview:-1\" \/>\n<link rel=\"canonical\" href=\"https:\/\/www.aspb.cat\/es\/documents\/15-02-2022-alimentacio-saludable-i-sostenible-quins-reptes-tenim-sobre-la-taula\/\" \/>\n<meta property=\"og:locale\" content=\"es_ES\" \/>\n<meta property=\"og:type\" content=\"article\" \/>\n<meta property=\"og:title\" content=\"15\/02\/2022-Alimentaci\u00f3n saludable y sostenible: \u00bfqu\u00e9 retos tenemos sobre la mesa?\" \/>\n<meta property=\"og:description\" content=\"Moderaci\u00f3n: Gemma Salvador i Castell. Subdirecci\u00f3n de Promoci\u00f3n de la Salud. Ag\u00e8ncia de Salut P\u00fablica [&hellip;]\" \/>\n<meta property=\"og:url\" content=\"https:\/\/www.aspb.cat\/es\/documents\/15-02-2022-alimentacio-saludable-i-sostenible-quins-reptes-tenim-sobre-la-taula\/\" \/>\n<meta property=\"og:site_name\" content=\"ASPB\" \/>\n<meta property=\"article:publisher\" content=\"https:\/\/www.facebook.com\/salutpublicabcn\" \/>\n<meta property=\"article:modified_time\" content=\"2023-02-20T08:59:41+00:00\" \/>\n<meta property=\"og:image\" content=\"https:\/\/www.aspb.cat\/wp-content\/uploads\/2022\/02\/ASPB-SessionsCientifiques_150222_NOT.jpg\" \/>\n\t<meta property=\"og:image:width\" content=\"1521\" \/>\n\t<meta property=\"og:image:height\" content=\"957\" \/>\n\t<meta property=\"og:image:type\" content=\"image\/jpeg\" \/>\n<meta name=\"twitter:card\" content=\"summary_large_image\" \/>\n<meta name=\"twitter:site\" content=\"@salutpublicabcn\" \/>\n<meta name=\"twitter:label1\" content=\"Tiempo de lectura\" \/>\n\t<meta name=\"twitter:data1\" content=\"1 minuto\" \/>\n<script type=\"application\/ld+json\" class=\"yoast-schema-graph\">{\"@context\":\"https:\\\/\\\/schema.org\",\"@graph\":[{\"@type\":\"WebPage\",\"@id\":\"https:\\\/\\\/www.aspb.cat\\\/es\\\/documents\\\/15-02-2022-alimentacio-saludable-i-sostenible-quins-reptes-tenim-sobre-la-taula\\\/\",\"url\":\"https:\\\/\\\/www.aspb.cat\\\/es\\\/documents\\\/15-02-2022-alimentacio-saludable-i-sostenible-quins-reptes-tenim-sobre-la-taula\\\/\",\"name\":\"15\\\/02\\\/2022-Alimentaci\u00f3n saludable y sostenible: \u00bfqu\u00e9 retos tenemos sobre la mesa? - ASPB\",\"isPartOf\":{\"@id\":\"https:\\\/\\\/www.aspb.cat\\\/#website\"},\"primaryImageOfPage\":{\"@id\":\"https:\\\/\\\/www.aspb.cat\\\/es\\\/documents\\\/15-02-2022-alimentacio-saludable-i-sostenible-quins-reptes-tenim-sobre-la-taula\\\/#primaryimage\"},\"image\":{\"@id\":\"https:\\\/\\\/www.aspb.cat\\\/es\\\/documents\\\/15-02-2022-alimentacio-saludable-i-sostenible-quins-reptes-tenim-sobre-la-taula\\\/#primaryimage\"},\"thumbnailUrl\":\"https:\\\/\\\/www.aspb.cat\\\/wp-content\\\/uploads\\\/2022\\\/02\\\/ASPB-SessionsCientifiques_150222_NOT.jpg\",\"datePublished\":\"2023-02-10T13:43:52+00:00\",\"dateModified\":\"2023-02-20T08:59:41+00:00\",\"breadcrumb\":{\"@id\":\"https:\\\/\\\/www.aspb.cat\\\/es\\\/documents\\\/15-02-2022-alimentacio-saludable-i-sostenible-quins-reptes-tenim-sobre-la-taula\\\/#breadcrumb\"},\"inLanguage\":\"es\",\"potentialAction\":[{\"@type\":\"ReadAction\",\"target\":[\"https:\\\/\\\/www.aspb.cat\\\/es\\\/documents\\\/15-02-2022-alimentacio-saludable-i-sostenible-quins-reptes-tenim-sobre-la-taula\\\/\"]}]},{\"@type\":\"ImageObject\",\"inLanguage\":\"es\",\"@id\":\"https:\\\/\\\/www.aspb.cat\\\/es\\\/documents\\\/15-02-2022-alimentacio-saludable-i-sostenible-quins-reptes-tenim-sobre-la-taula\\\/#primaryimage\",\"url\":\"https:\\\/\\\/www.aspb.cat\\\/wp-content\\\/uploads\\\/2022\\\/02\\\/ASPB-SessionsCientifiques_150222_NOT.jpg\",\"contentUrl\":\"https:\\\/\\\/www.aspb.cat\\\/wp-content\\\/uploads\\\/2022\\\/02\\\/ASPB-SessionsCientifiques_150222_NOT.jpg\",\"width\":1521,\"height\":957},{\"@type\":\"BreadcrumbList\",\"@id\":\"https:\\\/\\\/www.aspb.cat\\\/es\\\/documents\\\/15-02-2022-alimentacio-saludable-i-sostenible-quins-reptes-tenim-sobre-la-taula\\\/#breadcrumb\",\"itemListElement\":[{\"@type\":\"ListItem\",\"position\":1,\"name\":\"Inici\",\"item\":\"https:\\\/\\\/www.aspb.cat\\\/es\\\/\"},{\"@type\":\"ListItem\",\"position\":2,\"name\":\"Documents\",\"item\":\"https:\\\/\\\/www.aspb.cat\\\/documents\\\/\"},{\"@type\":\"ListItem\",\"position\":3,\"name\":\"15\\\/02\\\/2022-Alimentaci\u00f3n saludable y sostenible: \u00bfqu\u00e9 retos tenemos sobre la mesa?\"}]},{\"@type\":\"WebSite\",\"@id\":\"https:\\\/\\\/www.aspb.cat\\\/#website\",\"url\":\"https:\\\/\\\/www.aspb.cat\\\/\",\"name\":\"ASPB\",\"description\":\"Just another WordPress site\",\"potentialAction\":[{\"@type\":\"SearchAction\",\"target\":{\"@type\":\"EntryPoint\",\"urlTemplate\":\"https:\\\/\\\/www.aspb.cat\\\/?s={search_term_string}\"},\"query-input\":{\"@type\":\"PropertyValueSpecification\",\"valueRequired\":true,\"valueName\":\"search_term_string\"}}],\"inLanguage\":\"es\"}]}<\/script>\n<!-- \/ Yoast SEO Premium plugin. -->","yoast_head_json":{"title":"15\/02\/2022-Alimentaci\u00f3n saludable y sostenible: \u00bfqu\u00e9 retos tenemos sobre la mesa? - ASPB","robots":{"index":"index","follow":"follow","max-snippet":"max-snippet:-1","max-image-preview":"max-image-preview:large","max-video-preview":"max-video-preview:-1"},"canonical":"https:\/\/www.aspb.cat\/es\/documents\/15-02-2022-alimentacio-saludable-i-sostenible-quins-reptes-tenim-sobre-la-taula\/","og_locale":"es_ES","og_type":"article","og_title":"15\/02\/2022-Alimentaci\u00f3n saludable y sostenible: \u00bfqu\u00e9 retos tenemos sobre la mesa?","og_description":"Moderaci\u00f3n: Gemma Salvador i Castell. Subdirecci\u00f3n de Promoci\u00f3n de la Salud. Ag\u00e8ncia de Salut P\u00fablica [&hellip;]","og_url":"https:\/\/www.aspb.cat\/es\/documents\/15-02-2022-alimentacio-saludable-i-sostenible-quins-reptes-tenim-sobre-la-taula\/","og_site_name":"ASPB","article_publisher":"https:\/\/www.facebook.com\/salutpublicabcn","article_modified_time":"2023-02-20T08:59:41+00:00","og_image":[{"width":1521,"height":957,"url":"https:\/\/www.aspb.cat\/wp-content\/uploads\/2022\/02\/ASPB-SessionsCientifiques_150222_NOT.jpg","type":"image\/jpeg"}],"twitter_card":"summary_large_image","twitter_site":"@salutpublicabcn","twitter_misc":{"Tiempo de lectura":"1 minuto"},"schema":{"@context":"https:\/\/schema.org","@graph":[{"@type":"WebPage","@id":"https:\/\/www.aspb.cat\/es\/documents\/15-02-2022-alimentacio-saludable-i-sostenible-quins-reptes-tenim-sobre-la-taula\/","url":"https:\/\/www.aspb.cat\/es\/documents\/15-02-2022-alimentacio-saludable-i-sostenible-quins-reptes-tenim-sobre-la-taula\/","name":"15\/02\/2022-Alimentaci\u00f3n saludable y sostenible: \u00bfqu\u00e9 retos tenemos sobre la mesa? - ASPB","isPartOf":{"@id":"https:\/\/www.aspb.cat\/#website"},"primaryImageOfPage":{"@id":"https:\/\/www.aspb.cat\/es\/documents\/15-02-2022-alimentacio-saludable-i-sostenible-quins-reptes-tenim-sobre-la-taula\/#primaryimage"},"image":{"@id":"https:\/\/www.aspb.cat\/es\/documents\/15-02-2022-alimentacio-saludable-i-sostenible-quins-reptes-tenim-sobre-la-taula\/#primaryimage"},"thumbnailUrl":"https:\/\/www.aspb.cat\/wp-content\/uploads\/2022\/02\/ASPB-SessionsCientifiques_150222_NOT.jpg","datePublished":"2023-02-10T13:43:52+00:00","dateModified":"2023-02-20T08:59:41+00:00","breadcrumb":{"@id":"https:\/\/www.aspb.cat\/es\/documents\/15-02-2022-alimentacio-saludable-i-sostenible-quins-reptes-tenim-sobre-la-taula\/#breadcrumb"},"inLanguage":"es","potentialAction":[{"@type":"ReadAction","target":["https:\/\/www.aspb.cat\/es\/documents\/15-02-2022-alimentacio-saludable-i-sostenible-quins-reptes-tenim-sobre-la-taula\/"]}]},{"@type":"ImageObject","inLanguage":"es","@id":"https:\/\/www.aspb.cat\/es\/documents\/15-02-2022-alimentacio-saludable-i-sostenible-quins-reptes-tenim-sobre-la-taula\/#primaryimage","url":"https:\/\/www.aspb.cat\/wp-content\/uploads\/2022\/02\/ASPB-SessionsCientifiques_150222_NOT.jpg","contentUrl":"https:\/\/www.aspb.cat\/wp-content\/uploads\/2022\/02\/ASPB-SessionsCientifiques_150222_NOT.jpg","width":1521,"height":957},{"@type":"BreadcrumbList","@id":"https:\/\/www.aspb.cat\/es\/documents\/15-02-2022-alimentacio-saludable-i-sostenible-quins-reptes-tenim-sobre-la-taula\/#breadcrumb","itemListElement":[{"@type":"ListItem","position":1,"name":"Inici","item":"https:\/\/www.aspb.cat\/es\/"},{"@type":"ListItem","position":2,"name":"Documents","item":"https:\/\/www.aspb.cat\/documents\/"},{"@type":"ListItem","position":3,"name":"15\/02\/2022-Alimentaci\u00f3n saludable y sostenible: \u00bfqu\u00e9 retos tenemos sobre la mesa?"}]},{"@type":"WebSite","@id":"https:\/\/www.aspb.cat\/#website","url":"https:\/\/www.aspb.cat\/","name":"ASPB","description":"Just another WordPress site","potentialAction":[{"@type":"SearchAction","target":{"@type":"EntryPoint","urlTemplate":"https:\/\/www.aspb.cat\/?s={search_term_string}"},"query-input":{"@type":"PropertyValueSpecification","valueRequired":true,"valueName":"search_term_string"}}],"inLanguage":"es"}]}},"_links":{"self":[{"href":"https:\/\/www.aspb.cat\/es\/wp-json\/wp\/v2\/documento\/48596","targetHints":{"allow":["GET"]}}],"collection":[{"href":"https:\/\/www.aspb.cat\/es\/wp-json\/wp\/v2\/documento"}],"about":[{"href":"https:\/\/www.aspb.cat\/es\/wp-json\/wp\/v2\/types\/documento"}],"version-history":[{"count":1,"href":"https:\/\/www.aspb.cat\/es\/wp-json\/wp\/v2\/documento\/48596\/revisions"}],"predecessor-version":[{"id":48598,"href":"https:\/\/www.aspb.cat\/es\/wp-json\/wp\/v2\/documento\/48596\/revisions\/48598"}],"wp:featuredmedia":[{"embeddable":true,"href":"https:\/\/www.aspb.cat\/es\/wp-json\/wp\/v2\/media\/40324"}],"wp:attachment":[{"href":"https:\/\/www.aspb.cat\/es\/wp-json\/wp\/v2\/media?parent=48596"}],"wp:term":[{"taxonomy":"tema","embeddable":true,"href":"https:\/\/www.aspb.cat\/es\/wp-json\/wp\/v2\/tema?post=48596"},{"taxonomy":"tipusdocument","embeddable":true,"href":"https:\/\/www.aspb.cat\/es\/wp-json\/wp\/v2\/tipusdocument?post=48596"}],"curies":[{"name":"wp","href":"https:\/\/api.w.org\/{rel}","templated":true}]}}

15/02/2022-Alimentación saludable y sostenible: ¿qué retos tenemos sobre la mesa?

<div class="video_wrapper"><iframe width="560" height="315" src="https://www.youtube.com/embed/BYTnwyIM6Hk" title="YouTube video player" frameborder="0" allow="accelerometer; autoplay; clipboard-write; encrypted-media; gyroscope; picture-in-picture" allowfullscreen></iframe></div>



<div style="height:50px" aria-hidden="true" class="wp-block-spacer"></div>



<p><strong>Moderación:</strong> Gemma Salvador i Castell. Subdirección de Promoción de la Salud. Agència de Salut Pública de Catalunya.</p>



<h4 class="wp-block-heading" id="h-ponencias"><strong>Ponencias:</strong></h4>



<ul class="wp-block-list">
<li><strong>La promoción de hábitos alimentarios más saludables desde las intervenciones comunitarias.</strong> Francesca Sánchez. Servei de Salut Comunitària. Agència de Salut Pública de barcelona.</li>



<li><strong>La transversalidad de la alimentación sostenible en las políticas municipales: salud y sostenibilidad.</strong> Lidon Martrat. Coordinadora Operativa Proyecto Capitalitat Mundial de l&#8217;Alimentació Sostenible i Polítiques Alimentàries Urbanes. Dirección de Serveis d&#8217;Economia Cooperativa, Social i Solidària. Ajuntament de Barcelona</li>



<li><strong>La seguridad alimentaria en el camino hacia una alimentación más saludable y sostenible.</strong> Samuel Portaña. Director de Seguretat Alimentària. Agència de Salut Pública de Barcelona.</li>
</ul>

<!-- This site is optimized with the Yoast SEO Premium plugin v27.5 (Yoast SEO v27.5) - https://yoast.com/product/yoast-seo-premium-wordpress/ -->
<title>15/02/2022-Alimentación saludable y sostenible: ¿qué retos tenemos sobre la mesa? - ASPB</title>
<meta name="robots" content="index, follow, max-snippet:-1, max-image-preview:large, max-video-preview:-1" />
<link rel="canonical" href="https://www.aspb.cat/es/documents/15-02-2022-alimentacio-saludable-i-sostenible-quins-reptes-tenim-sobre-la-taula/" />
<meta property="og:locale" content="es_ES" />
<meta property="og:type" content="article" />
<meta property="og:title" content="15/02/2022-Alimentación saludable y sostenible: ¿qué retos tenemos sobre la mesa?" />
<meta property="og:description" content="Moderación: Gemma Salvador i Castell. Subdirección de Promoción de la Salud. Agència de Salut Pública [&hellip;]" />
<meta property="og:url" content="https://www.aspb.cat/es/documents/15-02-2022-alimentacio-saludable-i-sostenible-quins-reptes-tenim-sobre-la-taula/" />
<meta property="og:site_name" content="ASPB" />
<meta property="article:publisher" content="https://www.facebook.com/salutpublicabcn" />
<meta property="article:modified_time" content="2023-02-20T08:59:41+00:00" />
<meta property="og:image" content="https://www.aspb.cat/wp-content/uploads/2022/02/ASPB-SessionsCientifiques_150222_NOT.jpg" />
	<meta property="og:image:width" content="1521" />
	<meta property="og:image:height" content="957" />
	<meta property="og:image:type" content="image/jpeg" />
<meta name="twitter:card" content="summary_large_image" />
<meta name="twitter:site" content="@salutpublicabcn" />
<meta name="twitter:label1" content="Tiempo de lectura" />
	<meta name="twitter:data1" content="1 minuto" />
<script type="application/ld+json" class="yoast-schema-graph">{"@context":"https:\/\/schema.org","@graph":[{"@type":"WebPage","@id":"https:\/\/www.aspb.cat\/es\/documents\/15-02-2022-alimentacio-saludable-i-sostenible-quins-reptes-tenim-sobre-la-taula\/","url":"https:\/\/www.aspb.cat\/es\/documents\/15-02-2022-alimentacio-saludable-i-sostenible-quins-reptes-tenim-sobre-la-taula\/","name":"15\/02\/2022-Alimentación saludable y sostenible: ¿qué retos tenemos sobre la mesa? - ASPB","isPartOf":{"@id":"https:\/\/www.aspb.cat\/#website"},"primaryImageOfPage":{"@id":"https:\/\/www.aspb.cat\/es\/documents\/15-02-2022-alimentacio-saludable-i-sostenible-quins-reptes-tenim-sobre-la-taula\/#primaryimage"},"image":{"@id":"https:\/\/www.aspb.cat\/es\/documents\/15-02-2022-alimentacio-saludable-i-sostenible-quins-reptes-tenim-sobre-la-taula\/#primaryimage"},"thumbnailUrl":"https:\/\/www.aspb.cat\/wp-content\/uploads\/2022\/02\/ASPB-SessionsCientifiques_150222_NOT.jpg","datePublished":"2023-02-10T13:43:52+00:00","dateModified":"2023-02-20T08:59:41+00:00","breadcrumb":{"@id":"https:\/\/www.aspb.cat\/es\/documents\/15-02-2022-alimentacio-saludable-i-sostenible-quins-reptes-tenim-sobre-la-taula\/#breadcrumb"},"inLanguage":"es","potentialAction":[{"@type":"ReadAction","target":["https:\/\/www.aspb.cat\/es\/documents\/15-02-2022-alimentacio-saludable-i-sostenible-quins-reptes-tenim-sobre-la-taula\/"]}]},{"@type":"ImageObject","inLanguage":"es","@id":"https:\/\/www.aspb.cat\/es\/documents\/15-02-2022-alimentacio-saludable-i-sostenible-quins-reptes-tenim-sobre-la-taula\/#primaryimage","url":"https:\/\/www.aspb.cat\/wp-content\/uploads\/2022\/02\/ASPB-SessionsCientifiques_150222_NOT.jpg","contentUrl":"https:\/\/www.aspb.cat\/wp-content\/uploads\/2022\/02\/ASPB-SessionsCientifiques_150222_NOT.jpg","width":1521,"height":957},{"@type":"BreadcrumbList","@id":"https:\/\/www.aspb.cat\/es\/documents\/15-02-2022-alimentacio-saludable-i-sostenible-quins-reptes-tenim-sobre-la-taula\/#breadcrumb","itemListElement":[{"@type":"ListItem","position":1,"name":"Inici","item":"https:\/\/www.aspb.cat\/es\/"},{"@type":"ListItem","position":2,"name":"Documents","item":"https:\/\/www.aspb.cat\/documents\/"},{"@type":"ListItem","position":3,"name":"15\/02\/2022-Alimentación saludable y sostenible: ¿qué retos tenemos sobre la mesa?"}]},{"@type":"WebSite","@id":"https:\/\/www.aspb.cat\/#website","url":"https:\/\/www.aspb.cat\/","name":"ASPB","description":"Just another WordPress site","potentialAction":[{"@type":"SearchAction","target":{"@type":"EntryPoint","urlTemplate":"https:\/\/www.aspb.cat\/?s={search_term_string}"},"query-input":{"@type":"PropertyValueSpecification","valueRequired":true,"valueName":"search_term_string"}}],"inLanguage":"es"}]}</script>
<!-- / Yoast SEO Premium plugin. -->

15/02/2022-Alimentación saludable y sostenible: ¿qué retos tenemos sobre la mesa? - ASPB

Moderación: Gemma Salvador i Castell. Subdirección de Promoción de la Salud. Agència de Salut Pública [&hellip;]
