{"id":48590,"date":"2023-02-10T14:11:13","date_gmt":"2023-02-10T14:11:13","guid":{"rendered":"https:\/\/www.aspb.cat\/documents\/15-03-2022-estigma-discriminacio-i-addiccions\/"},"modified":"2023-02-20T08:54:10","modified_gmt":"2023-02-20T08:54:10","slug":"15-03-2022-estigma-discriminacio-i-addiccions","status":"publish","type":"documento","link":"https:\/\/www.aspb.cat\/es\/documentos\/15-03-2022-estigma-discriminacio-i-addiccions\/","title":{"rendered":"15\/03\/2022- Estigma, discriminaci\u00f3n y adicciones"},"content":{"rendered":"\n<div class=\"video_wrapper\"><iframe width=\"560\" height=\"315\" src=\"https:\/\/www.youtube.com\/embed\/gyerKTEu5cg \" title=\"YouTube video player\" frameborder=\"0\" allow=\"accelerometer; autoplay; clipboard-write; encrypted-media; gyroscope; picture-in-picture\" allowfullscreen><\/iframe><\/div>\n\n\n\n<br>\n\n\n\n<p><strong>Moderaci\u00f3n:<\/strong> Montse Bartroli. Cap del Servei de Prevenci\u00f3 i Atenci\u00f3 a les Drogodepend\u00e8ncies. Ag\u00e8ncia de Salut P\u00fablica de Barcelona<\/p>\n\n\n\n<h4 class=\"wp-block-heading\" id=\"h-ponencias\"><strong>Ponencias:<\/strong><\/h4>\n\n\n\n<ul class=\"wp-block-list\">\n<li><strong>La construcci\u00f3n social de una realidad estigmatizadora: el papel de los medios de comunicaci\u00f3n. <\/strong>Bego\u00f1a del Pueyo Ruiz. Periodista.<\/li>\n\n\n\n<li><strong>El Observatorio de alerta sobre el estigma hacia las personas que usan drogas.<\/strong><br>Josep Rovira Guardiola. Federaci\u00f3 Catalana de Drogodepend\u00e8ncies.<\/li>\n\n\n\n<li><strong>Influ\u00e9ncia del estigma en la atenci\u00f3n a las drogodependencias.<\/strong><br>Francina Fonseca Casals. Psiquiatra Addiccions. Hospital del Mar.<\/li>\n<\/ul>\n","protected":false},"featured_media":41287,"template":"","tema":[159,291],"tipusdocument":[339],"class_list":["post-48590","documento","type-documento","status-publish","has-post-thumbnail","hentry","tema-drogodependencias","tema-sesiones-cientificas-es","tipusdocument-sesiones-cientificas","publish","author-ext_acaillab","impar","primero"],"acf":[],"yoast_head":"<!-- This site is optimized with the Yoast SEO Premium plugin v27.5 (Yoast SEO v27.5) - https:\/\/yoast.com\/product\/yoast-seo-premium-wordpress\/ -->\n<title>15\/03\/2022- Estigma, discriminaci\u00f3n y adicciones - ASPB<\/title>\n<meta name=\"robots\" content=\"index, follow, max-snippet:-1, max-image-preview:large, max-video-preview:-1\" \/>\n<link rel=\"canonical\" href=\"https:\/\/www.aspb.cat\/es\/documents\/15-03-2022-estigma-discriminacio-i-addiccions\/\" \/>\n<meta property=\"og:locale\" content=\"es_ES\" \/>\n<meta property=\"og:type\" content=\"article\" \/>\n<meta property=\"og:title\" content=\"15\/03\/2022- Estigma, discriminaci\u00f3n y adicciones\" \/>\n<meta property=\"og:description\" content=\"Moderaci\u00f3n: Montse Bartroli. Cap del Servei de Prevenci\u00f3 i Atenci\u00f3 a les Drogodepend\u00e8ncies. Ag\u00e8ncia de [&hellip;]\" \/>\n<meta property=\"og:url\" content=\"https:\/\/www.aspb.cat\/es\/documents\/15-03-2022-estigma-discriminacio-i-addiccions\/\" \/>\n<meta property=\"og:site_name\" content=\"ASPB\" \/>\n<meta property=\"article:publisher\" content=\"https:\/\/www.facebook.com\/salutpublicabcn\" \/>\n<meta property=\"article:modified_time\" content=\"2023-02-20T08:54:10+00:00\" \/>\n<meta property=\"og:image\" content=\"https:\/\/www.aspb.cat\/wp-content\/uploads\/2022\/03\/ASPB-SessionsCientifiques_150322_NOT.jpg\" \/>\n\t<meta property=\"og:image:width\" content=\"2129\" \/>\n\t<meta property=\"og:image:height\" content=\"1339\" \/>\n\t<meta property=\"og:image:type\" content=\"image\/jpeg\" \/>\n<meta name=\"twitter:card\" content=\"summary_large_image\" \/>\n<meta name=\"twitter:site\" content=\"@salutpublicabcn\" \/>\n<meta name=\"twitter:label1\" content=\"Tiempo de lectura\" \/>\n\t<meta name=\"twitter:data1\" content=\"1 minuto\" \/>\n<script type=\"application\/ld+json\" class=\"yoast-schema-graph\">{\"@context\":\"https:\\\/\\\/schema.org\",\"@graph\":[{\"@type\":\"WebPage\",\"@id\":\"https:\\\/\\\/www.aspb.cat\\\/es\\\/documents\\\/15-03-2022-estigma-discriminacio-i-addiccions\\\/\",\"url\":\"https:\\\/\\\/www.aspb.cat\\\/es\\\/documents\\\/15-03-2022-estigma-discriminacio-i-addiccions\\\/\",\"name\":\"15\\\/03\\\/2022- Estigma, discriminaci\u00f3n y adicciones - ASPB\",\"isPartOf\":{\"@id\":\"https:\\\/\\\/www.aspb.cat\\\/#website\"},\"primaryImageOfPage\":{\"@id\":\"https:\\\/\\\/www.aspb.cat\\\/es\\\/documents\\\/15-03-2022-estigma-discriminacio-i-addiccions\\\/#primaryimage\"},\"image\":{\"@id\":\"https:\\\/\\\/www.aspb.cat\\\/es\\\/documents\\\/15-03-2022-estigma-discriminacio-i-addiccions\\\/#primaryimage\"},\"thumbnailUrl\":\"https:\\\/\\\/www.aspb.cat\\\/wp-content\\\/uploads\\\/2022\\\/03\\\/ASPB-SessionsCientifiques_150322_NOT.jpg\",\"datePublished\":\"2023-02-10T14:11:13+00:00\",\"dateModified\":\"2023-02-20T08:54:10+00:00\",\"breadcrumb\":{\"@id\":\"https:\\\/\\\/www.aspb.cat\\\/es\\\/documents\\\/15-03-2022-estigma-discriminacio-i-addiccions\\\/#breadcrumb\"},\"inLanguage\":\"es\",\"potentialAction\":[{\"@type\":\"ReadAction\",\"target\":[\"https:\\\/\\\/www.aspb.cat\\\/es\\\/documents\\\/15-03-2022-estigma-discriminacio-i-addiccions\\\/\"]}]},{\"@type\":\"ImageObject\",\"inLanguage\":\"es\",\"@id\":\"https:\\\/\\\/www.aspb.cat\\\/es\\\/documents\\\/15-03-2022-estigma-discriminacio-i-addiccions\\\/#primaryimage\",\"url\":\"https:\\\/\\\/www.aspb.cat\\\/wp-content\\\/uploads\\\/2022\\\/03\\\/ASPB-SessionsCientifiques_150322_NOT.jpg\",\"contentUrl\":\"https:\\\/\\\/www.aspb.cat\\\/wp-content\\\/uploads\\\/2022\\\/03\\\/ASPB-SessionsCientifiques_150322_NOT.jpg\",\"width\":2129,\"height\":1339},{\"@type\":\"BreadcrumbList\",\"@id\":\"https:\\\/\\\/www.aspb.cat\\\/es\\\/documents\\\/15-03-2022-estigma-discriminacio-i-addiccions\\\/#breadcrumb\",\"itemListElement\":[{\"@type\":\"ListItem\",\"position\":1,\"name\":\"Inici\",\"item\":\"https:\\\/\\\/www.aspb.cat\\\/es\\\/\"},{\"@type\":\"ListItem\",\"position\":2,\"name\":\"Documents\",\"item\":\"https:\\\/\\\/www.aspb.cat\\\/documents\\\/\"},{\"@type\":\"ListItem\",\"position\":3,\"name\":\"15\\\/03\\\/2022- Estigma, discriminaci\u00f3n y adicciones\"}]},{\"@type\":\"WebSite\",\"@id\":\"https:\\\/\\\/www.aspb.cat\\\/#website\",\"url\":\"https:\\\/\\\/www.aspb.cat\\\/\",\"name\":\"ASPB\",\"description\":\"Just another WordPress site\",\"potentialAction\":[{\"@type\":\"SearchAction\",\"target\":{\"@type\":\"EntryPoint\",\"urlTemplate\":\"https:\\\/\\\/www.aspb.cat\\\/?s={search_term_string}\"},\"query-input\":{\"@type\":\"PropertyValueSpecification\",\"valueRequired\":true,\"valueName\":\"search_term_string\"}}],\"inLanguage\":\"es\"}]}<\/script>\n<!-- \/ Yoast SEO Premium plugin. -->","yoast_head_json":{"title":"15\/03\/2022- Estigma, discriminaci\u00f3n y adicciones - ASPB","robots":{"index":"index","follow":"follow","max-snippet":"max-snippet:-1","max-image-preview":"max-image-preview:large","max-video-preview":"max-video-preview:-1"},"canonical":"https:\/\/www.aspb.cat\/es\/documents\/15-03-2022-estigma-discriminacio-i-addiccions\/","og_locale":"es_ES","og_type":"article","og_title":"15\/03\/2022- Estigma, discriminaci\u00f3n y adicciones","og_description":"Moderaci\u00f3n: Montse Bartroli. Cap del Servei de Prevenci\u00f3 i Atenci\u00f3 a les Drogodepend\u00e8ncies. Ag\u00e8ncia de [&hellip;]","og_url":"https:\/\/www.aspb.cat\/es\/documents\/15-03-2022-estigma-discriminacio-i-addiccions\/","og_site_name":"ASPB","article_publisher":"https:\/\/www.facebook.com\/salutpublicabcn","article_modified_time":"2023-02-20T08:54:10+00:00","og_image":[{"width":2129,"height":1339,"url":"https:\/\/www.aspb.cat\/wp-content\/uploads\/2022\/03\/ASPB-SessionsCientifiques_150322_NOT.jpg","type":"image\/jpeg"}],"twitter_card":"summary_large_image","twitter_site":"@salutpublicabcn","twitter_misc":{"Tiempo de lectura":"1 minuto"},"schema":{"@context":"https:\/\/schema.org","@graph":[{"@type":"WebPage","@id":"https:\/\/www.aspb.cat\/es\/documents\/15-03-2022-estigma-discriminacio-i-addiccions\/","url":"https:\/\/www.aspb.cat\/es\/documents\/15-03-2022-estigma-discriminacio-i-addiccions\/","name":"15\/03\/2022- Estigma, discriminaci\u00f3n y adicciones - ASPB","isPartOf":{"@id":"https:\/\/www.aspb.cat\/#website"},"primaryImageOfPage":{"@id":"https:\/\/www.aspb.cat\/es\/documents\/15-03-2022-estigma-discriminacio-i-addiccions\/#primaryimage"},"image":{"@id":"https:\/\/www.aspb.cat\/es\/documents\/15-03-2022-estigma-discriminacio-i-addiccions\/#primaryimage"},"thumbnailUrl":"https:\/\/www.aspb.cat\/wp-content\/uploads\/2022\/03\/ASPB-SessionsCientifiques_150322_NOT.jpg","datePublished":"2023-02-10T14:11:13+00:00","dateModified":"2023-02-20T08:54:10+00:00","breadcrumb":{"@id":"https:\/\/www.aspb.cat\/es\/documents\/15-03-2022-estigma-discriminacio-i-addiccions\/#breadcrumb"},"inLanguage":"es","potentialAction":[{"@type":"ReadAction","target":["https:\/\/www.aspb.cat\/es\/documents\/15-03-2022-estigma-discriminacio-i-addiccions\/"]}]},{"@type":"ImageObject","inLanguage":"es","@id":"https:\/\/www.aspb.cat\/es\/documents\/15-03-2022-estigma-discriminacio-i-addiccions\/#primaryimage","url":"https:\/\/www.aspb.cat\/wp-content\/uploads\/2022\/03\/ASPB-SessionsCientifiques_150322_NOT.jpg","contentUrl":"https:\/\/www.aspb.cat\/wp-content\/uploads\/2022\/03\/ASPB-SessionsCientifiques_150322_NOT.jpg","width":2129,"height":1339},{"@type":"BreadcrumbList","@id":"https:\/\/www.aspb.cat\/es\/documents\/15-03-2022-estigma-discriminacio-i-addiccions\/#breadcrumb","itemListElement":[{"@type":"ListItem","position":1,"name":"Inici","item":"https:\/\/www.aspb.cat\/es\/"},{"@type":"ListItem","position":2,"name":"Documents","item":"https:\/\/www.aspb.cat\/documents\/"},{"@type":"ListItem","position":3,"name":"15\/03\/2022- Estigma, discriminaci\u00f3n y adicciones"}]},{"@type":"WebSite","@id":"https:\/\/www.aspb.cat\/#website","url":"https:\/\/www.aspb.cat\/","name":"ASPB","description":"Just another WordPress site","potentialAction":[{"@type":"SearchAction","target":{"@type":"EntryPoint","urlTemplate":"https:\/\/www.aspb.cat\/?s={search_term_string}"},"query-input":{"@type":"PropertyValueSpecification","valueRequired":true,"valueName":"search_term_string"}}],"inLanguage":"es"}]}},"_links":{"self":[{"href":"https:\/\/www.aspb.cat\/es\/wp-json\/wp\/v2\/documento\/48590","targetHints":{"allow":["GET"]}}],"collection":[{"href":"https:\/\/www.aspb.cat\/es\/wp-json\/wp\/v2\/documento"}],"about":[{"href":"https:\/\/www.aspb.cat\/es\/wp-json\/wp\/v2\/types\/documento"}],"version-history":[{"count":3,"href":"https:\/\/www.aspb.cat\/es\/wp-json\/wp\/v2\/documento\/48590\/revisions"}],"predecessor-version":[{"id":48595,"href":"https:\/\/www.aspb.cat\/es\/wp-json\/wp\/v2\/documento\/48590\/revisions\/48595"}],"wp:featuredmedia":[{"embeddable":true,"href":"https:\/\/www.aspb.cat\/es\/wp-json\/wp\/v2\/media\/41287"}],"wp:attachment":[{"href":"https:\/\/www.aspb.cat\/es\/wp-json\/wp\/v2\/media?parent=48590"}],"wp:term":[{"taxonomy":"tema","embeddable":true,"href":"https:\/\/www.aspb.cat\/es\/wp-json\/wp\/v2\/tema?post=48590"},{"taxonomy":"tipusdocument","embeddable":true,"href":"https:\/\/www.aspb.cat\/es\/wp-json\/wp\/v2\/tipusdocument?post=48590"}],"curies":[{"name":"wp","href":"https:\/\/api.w.org\/{rel}","templated":true}]}}

15/03/2022- Estigma, discriminación y adicciones

<div class="video_wrapper"><iframe width="560" height="315" src="https://www.youtube.com/embed/gyerKTEu5cg " title="YouTube video player" frameborder="0" allow="accelerometer; autoplay; clipboard-write; encrypted-media; gyroscope; picture-in-picture" allowfullscreen></iframe></div>



<br>



<p><strong>Moderación:</strong> Montse Bartroli. Cap del Servei de Prevenció i Atenció a les Drogodependències. Agència de Salut Pública de Barcelona</p>



<h4 class="wp-block-heading" id="h-ponencias"><strong>Ponencias:</strong></h4>



<ul class="wp-block-list">
<li><strong>La construcción social de una realidad estigmatizadora: el papel de los medios de comunicación. </strong>Begoña del Pueyo Ruiz. Periodista.</li>



<li><strong>El Observatorio de alerta sobre el estigma hacia las personas que usan drogas.</strong><br>Josep Rovira Guardiola. Federació Catalana de Drogodependències.</li>



<li><strong>Influéncia del estigma en la atención a las drogodependencias.</strong><br>Francina Fonseca Casals. Psiquiatra Addiccions. Hospital del Mar.</li>
</ul>

<!-- This site is optimized with the Yoast SEO Premium plugin v27.5 (Yoast SEO v27.5) - https://yoast.com/product/yoast-seo-premium-wordpress/ -->
<title>15/03/2022- Estigma, discriminación y adicciones - ASPB</title>
<meta name="robots" content="index, follow, max-snippet:-1, max-image-preview:large, max-video-preview:-1" />
<link rel="canonical" href="https://www.aspb.cat/es/documents/15-03-2022-estigma-discriminacio-i-addiccions/" />
<meta property="og:locale" content="es_ES" />
<meta property="og:type" content="article" />
<meta property="og:title" content="15/03/2022- Estigma, discriminación y adicciones" />
<meta property="og:description" content="Moderación: Montse Bartroli. Cap del Servei de Prevenció i Atenció a les Drogodependències. Agència de [&hellip;]" />
<meta property="og:url" content="https://www.aspb.cat/es/documents/15-03-2022-estigma-discriminacio-i-addiccions/" />
<meta property="og:site_name" content="ASPB" />
<meta property="article:publisher" content="https://www.facebook.com/salutpublicabcn" />
<meta property="article:modified_time" content="2023-02-20T08:54:10+00:00" />
<meta property="og:image" content="https://www.aspb.cat/wp-content/uploads/2022/03/ASPB-SessionsCientifiques_150322_NOT.jpg" />
	<meta property="og:image:width" content="2129" />
	<meta property="og:image:height" content="1339" />
	<meta property="og:image:type" content="image/jpeg" />
<meta name="twitter:card" content="summary_large_image" />
<meta name="twitter:site" content="@salutpublicabcn" />
<meta name="twitter:label1" content="Tiempo de lectura" />
	<meta name="twitter:data1" content="1 minuto" />
<script type="application/ld+json" class="yoast-schema-graph">{"@context":"https:\/\/schema.org","@graph":[{"@type":"WebPage","@id":"https:\/\/www.aspb.cat\/es\/documents\/15-03-2022-estigma-discriminacio-i-addiccions\/","url":"https:\/\/www.aspb.cat\/es\/documents\/15-03-2022-estigma-discriminacio-i-addiccions\/","name":"15\/03\/2022- Estigma, discriminación y adicciones - ASPB","isPartOf":{"@id":"https:\/\/www.aspb.cat\/#website"},"primaryImageOfPage":{"@id":"https:\/\/www.aspb.cat\/es\/documents\/15-03-2022-estigma-discriminacio-i-addiccions\/#primaryimage"},"image":{"@id":"https:\/\/www.aspb.cat\/es\/documents\/15-03-2022-estigma-discriminacio-i-addiccions\/#primaryimage"},"thumbnailUrl":"https:\/\/www.aspb.cat\/wp-content\/uploads\/2022\/03\/ASPB-SessionsCientifiques_150322_NOT.jpg","datePublished":"2023-02-10T14:11:13+00:00","dateModified":"2023-02-20T08:54:10+00:00","breadcrumb":{"@id":"https:\/\/www.aspb.cat\/es\/documents\/15-03-2022-estigma-discriminacio-i-addiccions\/#breadcrumb"},"inLanguage":"es","potentialAction":[{"@type":"ReadAction","target":["https:\/\/www.aspb.cat\/es\/documents\/15-03-2022-estigma-discriminacio-i-addiccions\/"]}]},{"@type":"ImageObject","inLanguage":"es","@id":"https:\/\/www.aspb.cat\/es\/documents\/15-03-2022-estigma-discriminacio-i-addiccions\/#primaryimage","url":"https:\/\/www.aspb.cat\/wp-content\/uploads\/2022\/03\/ASPB-SessionsCientifiques_150322_NOT.jpg","contentUrl":"https:\/\/www.aspb.cat\/wp-content\/uploads\/2022\/03\/ASPB-SessionsCientifiques_150322_NOT.jpg","width":2129,"height":1339},{"@type":"BreadcrumbList","@id":"https:\/\/www.aspb.cat\/es\/documents\/15-03-2022-estigma-discriminacio-i-addiccions\/#breadcrumb","itemListElement":[{"@type":"ListItem","position":1,"name":"Inici","item":"https:\/\/www.aspb.cat\/es\/"},{"@type":"ListItem","position":2,"name":"Documents","item":"https:\/\/www.aspb.cat\/documents\/"},{"@type":"ListItem","position":3,"name":"15\/03\/2022- Estigma, discriminación y adicciones"}]},{"@type":"WebSite","@id":"https:\/\/www.aspb.cat\/#website","url":"https:\/\/www.aspb.cat\/","name":"ASPB","description":"Just another WordPress site","potentialAction":[{"@type":"SearchAction","target":{"@type":"EntryPoint","urlTemplate":"https:\/\/www.aspb.cat\/?s={search_term_string}"},"query-input":{"@type":"PropertyValueSpecification","valueRequired":true,"valueName":"search_term_string"}}],"inLanguage":"es"}]}</script>
<!-- / Yoast SEO Premium plugin. -->

15/03/2022- Estigma, discriminación y adicciones - ASPB

Moderación: Montse Bartroli. Cap del Servei de Prevenció i Atenció a les Drogodependències. Agència de [&hellip;]
