{"id":48377,"date":"2023-02-14T08:37:11","date_gmt":"2023-02-14T08:37:11","guid":{"rendered":"https:\/\/www.aspb.cat\/documents\/13-12-2022-transformacio-digital-del-control-oficial-alimentari\/"},"modified":"2023-02-14T12:55:51","modified_gmt":"2023-02-14T12:55:51","slug":"13-12-2022-transformacio-digital-del-control-oficial-alimentari","status":"publish","type":"documento","link":"https:\/\/www.aspb.cat\/es\/documentos\/13-12-2022-transformacio-digital-del-control-oficial-alimentari\/","title":{"rendered":"13\/12\/2022- Transformaci\u00f3n digital del control oficial alimentario"},"content":{"rendered":"<div class=\"video_wrapper\"><iframe width=\"560\" height=\"315\" src=\"https:\/\/www.youtube.com\/embed\/sRjBePYEEDc\" title=\"YouTube video player\" frameborder=\"0\" allow=\"accelerometer; autoplay; clipboard-write; encrypted-media; gyroscope; picture-in-picture\" allowfullscreen><\/iframe><\/div>\n\n\n\n<br>\n<p><strong>Moderaci\u00f3n:<\/strong> Samuel Porta\u00f1a Tudela, Ag\u00e8ncia de Salut P\u00fablica de Barcelona<\/p>\n\n\n\n<p><strong>Participantes:<\/strong><\/p>\n\n\n\n<ul class=\"wp-block-list\">\n<li>Assumpci\u00f3 Bolao Bar\u00f3. Jefa del Servicio de Control Alimentario y Programas. Ag\u00e8ncia de Salut P\u00fablica de Barcelona<\/li>\n\n\n\n<li>Gr\u00e0cia Carmona Palma. T\u00e9cnica de Salud. Ayuntamiento de Cambrils<\/li>\n\n\n\n<li>Merc\u00e8 Almirall Hill. T\u00e9cnica de Salud. Ayuntamiento de Vilanova i la Geltr\u00fa<\/li>\n<\/ul>\n","protected":false},"featured_media":46510,"template":"","tema":[166,181,291],"tipusdocument":[339],"class_list":["post-48377","documento","type-documento","status-publish","has-post-thumbnail","hentry","tema-investigacion-docencia","tema-seguridad-alimentaria","tema-sesiones-cientificas-es","tipusdocument-sesiones-cientificas","publish","author-ext_acaillab","impar","primero"],"acf":[],"yoast_head":"<!-- This site is optimized with the Yoast SEO Premium plugin v27.5 (Yoast SEO v27.5) - https:\/\/yoast.com\/product\/yoast-seo-premium-wordpress\/ -->\n<title>13\/12\/2022- Transformaci\u00f3n digital del control oficial alimentario - ASPB<\/title>\n<meta name=\"robots\" content=\"index, follow, max-snippet:-1, max-image-preview:large, max-video-preview:-1\" \/>\n<link rel=\"canonical\" href=\"https:\/\/www.aspb.cat\/es\/documentos\/13-12-2022-transformacio-digital-del-control-oficial-alimentari\/\" \/>\n<meta property=\"og:locale\" content=\"es_ES\" \/>\n<meta property=\"og:type\" content=\"article\" \/>\n<meta property=\"og:title\" content=\"13\/12\/2022- Transformaci\u00f3n digital del control oficial alimentario\" \/>\n<meta property=\"og:description\" content=\"Moderaci\u00f3n: Samuel Porta\u00f1a Tudela, Ag\u00e8ncia de Salut P\u00fablica de Barcelona Participantes:\" \/>\n<meta property=\"og:url\" content=\"https:\/\/www.aspb.cat\/es\/documentos\/13-12-2022-transformacio-digital-del-control-oficial-alimentari\/\" \/>\n<meta property=\"og:site_name\" content=\"ASPB\" \/>\n<meta property=\"article:publisher\" content=\"https:\/\/www.facebook.com\/salutpublicabcn\" \/>\n<meta property=\"article:modified_time\" content=\"2023-02-14T12:55:51+00:00\" \/>\n<meta property=\"og:image\" content=\"https:\/\/www.aspb.cat\/wp-content\/uploads\/2022\/11\/ASPB-SessionsCientifiques_131222_NOT.jpg\" \/>\n\t<meta property=\"og:image:width\" content=\"2129\" \/>\n\t<meta property=\"og:image:height\" content=\"1339\" \/>\n\t<meta property=\"og:image:type\" content=\"image\/jpeg\" \/>\n<meta name=\"twitter:card\" content=\"summary_large_image\" \/>\n<meta name=\"twitter:site\" content=\"@salutpublicabcn\" \/>\n<meta name=\"twitter:label1\" content=\"Tiempo de lectura\" \/>\n\t<meta name=\"twitter:data1\" content=\"1 minuto\" \/>\n<script type=\"application\/ld+json\" class=\"yoast-schema-graph\">{\"@context\":\"https:\\\/\\\/schema.org\",\"@graph\":[{\"@type\":\"WebPage\",\"@id\":\"https:\\\/\\\/www.aspb.cat\\\/es\\\/documentos\\\/13-12-2022-transformacio-digital-del-control-oficial-alimentari\\\/\",\"url\":\"https:\\\/\\\/www.aspb.cat\\\/es\\\/documentos\\\/13-12-2022-transformacio-digital-del-control-oficial-alimentari\\\/\",\"name\":\"13\\\/12\\\/2022- Transformaci\u00f3n digital del control oficial alimentario - ASPB\",\"isPartOf\":{\"@id\":\"https:\\\/\\\/www.aspb.cat\\\/#website\"},\"primaryImageOfPage\":{\"@id\":\"https:\\\/\\\/www.aspb.cat\\\/es\\\/documentos\\\/13-12-2022-transformacio-digital-del-control-oficial-alimentari\\\/#primaryimage\"},\"image\":{\"@id\":\"https:\\\/\\\/www.aspb.cat\\\/es\\\/documentos\\\/13-12-2022-transformacio-digital-del-control-oficial-alimentari\\\/#primaryimage\"},\"thumbnailUrl\":\"https:\\\/\\\/www.aspb.cat\\\/wp-content\\\/uploads\\\/2022\\\/11\\\/ASPB-SessionsCientifiques_131222_NOT.jpg\",\"datePublished\":\"2023-02-14T08:37:11+00:00\",\"dateModified\":\"2023-02-14T12:55:51+00:00\",\"breadcrumb\":{\"@id\":\"https:\\\/\\\/www.aspb.cat\\\/es\\\/documentos\\\/13-12-2022-transformacio-digital-del-control-oficial-alimentari\\\/#breadcrumb\"},\"inLanguage\":\"es\",\"potentialAction\":[{\"@type\":\"ReadAction\",\"target\":[\"https:\\\/\\\/www.aspb.cat\\\/es\\\/documentos\\\/13-12-2022-transformacio-digital-del-control-oficial-alimentari\\\/\"]}]},{\"@type\":\"ImageObject\",\"inLanguage\":\"es\",\"@id\":\"https:\\\/\\\/www.aspb.cat\\\/es\\\/documentos\\\/13-12-2022-transformacio-digital-del-control-oficial-alimentari\\\/#primaryimage\",\"url\":\"https:\\\/\\\/www.aspb.cat\\\/wp-content\\\/uploads\\\/2022\\\/11\\\/ASPB-SessionsCientifiques_131222_NOT.jpg\",\"contentUrl\":\"https:\\\/\\\/www.aspb.cat\\\/wp-content\\\/uploads\\\/2022\\\/11\\\/ASPB-SessionsCientifiques_131222_NOT.jpg\",\"width\":2129,\"height\":1339},{\"@type\":\"BreadcrumbList\",\"@id\":\"https:\\\/\\\/www.aspb.cat\\\/es\\\/documentos\\\/13-12-2022-transformacio-digital-del-control-oficial-alimentari\\\/#breadcrumb\",\"itemListElement\":[{\"@type\":\"ListItem\",\"position\":1,\"name\":\"Inici\",\"item\":\"https:\\\/\\\/www.aspb.cat\\\/es\\\/\"},{\"@type\":\"ListItem\",\"position\":2,\"name\":\"Documents\",\"item\":\"https:\\\/\\\/www.aspb.cat\\\/documents\\\/\"},{\"@type\":\"ListItem\",\"position\":3,\"name\":\"13\\\/12\\\/2022- Transformaci\u00f3n digital del control oficial alimentario\"}]},{\"@type\":\"WebSite\",\"@id\":\"https:\\\/\\\/www.aspb.cat\\\/#website\",\"url\":\"https:\\\/\\\/www.aspb.cat\\\/\",\"name\":\"ASPB\",\"description\":\"Just another WordPress site\",\"potentialAction\":[{\"@type\":\"SearchAction\",\"target\":{\"@type\":\"EntryPoint\",\"urlTemplate\":\"https:\\\/\\\/www.aspb.cat\\\/?s={search_term_string}\"},\"query-input\":{\"@type\":\"PropertyValueSpecification\",\"valueRequired\":true,\"valueName\":\"search_term_string\"}}],\"inLanguage\":\"es\"}]}<\/script>\n<!-- \/ Yoast SEO Premium plugin. -->","yoast_head_json":{"title":"13\/12\/2022- Transformaci\u00f3n digital del control oficial alimentario - ASPB","robots":{"index":"index","follow":"follow","max-snippet":"max-snippet:-1","max-image-preview":"max-image-preview:large","max-video-preview":"max-video-preview:-1"},"canonical":"https:\/\/www.aspb.cat\/es\/documentos\/13-12-2022-transformacio-digital-del-control-oficial-alimentari\/","og_locale":"es_ES","og_type":"article","og_title":"13\/12\/2022- Transformaci\u00f3n digital del control oficial alimentario","og_description":"Moderaci\u00f3n: Samuel Porta\u00f1a Tudela, Ag\u00e8ncia de Salut P\u00fablica de Barcelona Participantes:","og_url":"https:\/\/www.aspb.cat\/es\/documentos\/13-12-2022-transformacio-digital-del-control-oficial-alimentari\/","og_site_name":"ASPB","article_publisher":"https:\/\/www.facebook.com\/salutpublicabcn","article_modified_time":"2023-02-14T12:55:51+00:00","og_image":[{"width":2129,"height":1339,"url":"https:\/\/www.aspb.cat\/wp-content\/uploads\/2022\/11\/ASPB-SessionsCientifiques_131222_NOT.jpg","type":"image\/jpeg"}],"twitter_card":"summary_large_image","twitter_site":"@salutpublicabcn","twitter_misc":{"Tiempo de lectura":"1 minuto"},"schema":{"@context":"https:\/\/schema.org","@graph":[{"@type":"WebPage","@id":"https:\/\/www.aspb.cat\/es\/documentos\/13-12-2022-transformacio-digital-del-control-oficial-alimentari\/","url":"https:\/\/www.aspb.cat\/es\/documentos\/13-12-2022-transformacio-digital-del-control-oficial-alimentari\/","name":"13\/12\/2022- Transformaci\u00f3n digital del control oficial alimentario - ASPB","isPartOf":{"@id":"https:\/\/www.aspb.cat\/#website"},"primaryImageOfPage":{"@id":"https:\/\/www.aspb.cat\/es\/documentos\/13-12-2022-transformacio-digital-del-control-oficial-alimentari\/#primaryimage"},"image":{"@id":"https:\/\/www.aspb.cat\/es\/documentos\/13-12-2022-transformacio-digital-del-control-oficial-alimentari\/#primaryimage"},"thumbnailUrl":"https:\/\/www.aspb.cat\/wp-content\/uploads\/2022\/11\/ASPB-SessionsCientifiques_131222_NOT.jpg","datePublished":"2023-02-14T08:37:11+00:00","dateModified":"2023-02-14T12:55:51+00:00","breadcrumb":{"@id":"https:\/\/www.aspb.cat\/es\/documentos\/13-12-2022-transformacio-digital-del-control-oficial-alimentari\/#breadcrumb"},"inLanguage":"es","potentialAction":[{"@type":"ReadAction","target":["https:\/\/www.aspb.cat\/es\/documentos\/13-12-2022-transformacio-digital-del-control-oficial-alimentari\/"]}]},{"@type":"ImageObject","inLanguage":"es","@id":"https:\/\/www.aspb.cat\/es\/documentos\/13-12-2022-transformacio-digital-del-control-oficial-alimentari\/#primaryimage","url":"https:\/\/www.aspb.cat\/wp-content\/uploads\/2022\/11\/ASPB-SessionsCientifiques_131222_NOT.jpg","contentUrl":"https:\/\/www.aspb.cat\/wp-content\/uploads\/2022\/11\/ASPB-SessionsCientifiques_131222_NOT.jpg","width":2129,"height":1339},{"@type":"BreadcrumbList","@id":"https:\/\/www.aspb.cat\/es\/documentos\/13-12-2022-transformacio-digital-del-control-oficial-alimentari\/#breadcrumb","itemListElement":[{"@type":"ListItem","position":1,"name":"Inici","item":"https:\/\/www.aspb.cat\/es\/"},{"@type":"ListItem","position":2,"name":"Documents","item":"https:\/\/www.aspb.cat\/documents\/"},{"@type":"ListItem","position":3,"name":"13\/12\/2022- Transformaci\u00f3n digital del control oficial alimentario"}]},{"@type":"WebSite","@id":"https:\/\/www.aspb.cat\/#website","url":"https:\/\/www.aspb.cat\/","name":"ASPB","description":"Just another WordPress site","potentialAction":[{"@type":"SearchAction","target":{"@type":"EntryPoint","urlTemplate":"https:\/\/www.aspb.cat\/?s={search_term_string}"},"query-input":{"@type":"PropertyValueSpecification","valueRequired":true,"valueName":"search_term_string"}}],"inLanguage":"es"}]}},"_links":{"self":[{"href":"https:\/\/www.aspb.cat\/es\/wp-json\/wp\/v2\/documento\/48377","targetHints":{"allow":["GET"]}}],"collection":[{"href":"https:\/\/www.aspb.cat\/es\/wp-json\/wp\/v2\/documento"}],"about":[{"href":"https:\/\/www.aspb.cat\/es\/wp-json\/wp\/v2\/types\/documento"}],"version-history":[{"count":1,"href":"https:\/\/www.aspb.cat\/es\/wp-json\/wp\/v2\/documento\/48377\/revisions"}],"predecessor-version":[{"id":48379,"href":"https:\/\/www.aspb.cat\/es\/wp-json\/wp\/v2\/documento\/48377\/revisions\/48379"}],"wp:featuredmedia":[{"embeddable":true,"href":"https:\/\/www.aspb.cat\/es\/wp-json\/wp\/v2\/media\/46510"}],"wp:attachment":[{"href":"https:\/\/www.aspb.cat\/es\/wp-json\/wp\/v2\/media?parent=48377"}],"wp:term":[{"taxonomy":"tema","embeddable":true,"href":"https:\/\/www.aspb.cat\/es\/wp-json\/wp\/v2\/tema?post=48377"},{"taxonomy":"tipusdocument","embeddable":true,"href":"https:\/\/www.aspb.cat\/es\/wp-json\/wp\/v2\/tipusdocument?post=48377"}],"curies":[{"name":"wp","href":"https:\/\/api.w.org\/{rel}","templated":true}]}}

13/12/2022- Transformación digital del control oficial alimentario

<div class="video_wrapper"><iframe width="560" height="315" src="https://www.youtube.com/embed/sRjBePYEEDc" title="YouTube video player" frameborder="0" allow="accelerometer; autoplay; clipboard-write; encrypted-media; gyroscope; picture-in-picture" allowfullscreen></iframe></div>



<br>
<p><strong>Moderación:</strong> Samuel Portaña Tudela, Agència de Salut Pública de Barcelona</p>



<p><strong>Participantes:</strong></p>



<ul class="wp-block-list">
<li>Assumpció Bolao Baró. Jefa del Servicio de Control Alimentario y Programas. Agència de Salut Pública de Barcelona</li>



<li>Gràcia Carmona Palma. Técnica de Salud. Ayuntamiento de Cambrils</li>



<li>Mercè Almirall Hill. Técnica de Salud. Ayuntamiento de Vilanova i la Geltrú</li>
</ul>

<!-- This site is optimized with the Yoast SEO Premium plugin v27.5 (Yoast SEO v27.5) - https://yoast.com/product/yoast-seo-premium-wordpress/ -->
<title>13/12/2022- Transformación digital del control oficial alimentario - ASPB</title>
<meta name="robots" content="index, follow, max-snippet:-1, max-image-preview:large, max-video-preview:-1" />
<link rel="canonical" href="https://www.aspb.cat/es/documentos/13-12-2022-transformacio-digital-del-control-oficial-alimentari/" />
<meta property="og:locale" content="es_ES" />
<meta property="og:type" content="article" />
<meta property="og:title" content="13/12/2022- Transformación digital del control oficial alimentario" />
<meta property="og:description" content="Moderación: Samuel Portaña Tudela, Agència de Salut Pública de Barcelona Participantes:" />
<meta property="og:url" content="https://www.aspb.cat/es/documentos/13-12-2022-transformacio-digital-del-control-oficial-alimentari/" />
<meta property="og:site_name" content="ASPB" />
<meta property="article:publisher" content="https://www.facebook.com/salutpublicabcn" />
<meta property="article:modified_time" content="2023-02-14T12:55:51+00:00" />
<meta property="og:image" content="https://www.aspb.cat/wp-content/uploads/2022/11/ASPB-SessionsCientifiques_131222_NOT.jpg" />
	<meta property="og:image:width" content="2129" />
	<meta property="og:image:height" content="1339" />
	<meta property="og:image:type" content="image/jpeg" />
<meta name="twitter:card" content="summary_large_image" />
<meta name="twitter:site" content="@salutpublicabcn" />
<meta name="twitter:label1" content="Tiempo de lectura" />
	<meta name="twitter:data1" content="1 minuto" />
<script type="application/ld+json" class="yoast-schema-graph">{"@context":"https:\/\/schema.org","@graph":[{"@type":"WebPage","@id":"https:\/\/www.aspb.cat\/es\/documentos\/13-12-2022-transformacio-digital-del-control-oficial-alimentari\/","url":"https:\/\/www.aspb.cat\/es\/documentos\/13-12-2022-transformacio-digital-del-control-oficial-alimentari\/","name":"13\/12\/2022- Transformación digital del control oficial alimentario - ASPB","isPartOf":{"@id":"https:\/\/www.aspb.cat\/#website"},"primaryImageOfPage":{"@id":"https:\/\/www.aspb.cat\/es\/documentos\/13-12-2022-transformacio-digital-del-control-oficial-alimentari\/#primaryimage"},"image":{"@id":"https:\/\/www.aspb.cat\/es\/documentos\/13-12-2022-transformacio-digital-del-control-oficial-alimentari\/#primaryimage"},"thumbnailUrl":"https:\/\/www.aspb.cat\/wp-content\/uploads\/2022\/11\/ASPB-SessionsCientifiques_131222_NOT.jpg","datePublished":"2023-02-14T08:37:11+00:00","dateModified":"2023-02-14T12:55:51+00:00","breadcrumb":{"@id":"https:\/\/www.aspb.cat\/es\/documentos\/13-12-2022-transformacio-digital-del-control-oficial-alimentari\/#breadcrumb"},"inLanguage":"es","potentialAction":[{"@type":"ReadAction","target":["https:\/\/www.aspb.cat\/es\/documentos\/13-12-2022-transformacio-digital-del-control-oficial-alimentari\/"]}]},{"@type":"ImageObject","inLanguage":"es","@id":"https:\/\/www.aspb.cat\/es\/documentos\/13-12-2022-transformacio-digital-del-control-oficial-alimentari\/#primaryimage","url":"https:\/\/www.aspb.cat\/wp-content\/uploads\/2022\/11\/ASPB-SessionsCientifiques_131222_NOT.jpg","contentUrl":"https:\/\/www.aspb.cat\/wp-content\/uploads\/2022\/11\/ASPB-SessionsCientifiques_131222_NOT.jpg","width":2129,"height":1339},{"@type":"BreadcrumbList","@id":"https:\/\/www.aspb.cat\/es\/documentos\/13-12-2022-transformacio-digital-del-control-oficial-alimentari\/#breadcrumb","itemListElement":[{"@type":"ListItem","position":1,"name":"Inici","item":"https:\/\/www.aspb.cat\/es\/"},{"@type":"ListItem","position":2,"name":"Documents","item":"https:\/\/www.aspb.cat\/documents\/"},{"@type":"ListItem","position":3,"name":"13\/12\/2022- Transformación digital del control oficial alimentario"}]},{"@type":"WebSite","@id":"https:\/\/www.aspb.cat\/#website","url":"https:\/\/www.aspb.cat\/","name":"ASPB","description":"Just another WordPress site","potentialAction":[{"@type":"SearchAction","target":{"@type":"EntryPoint","urlTemplate":"https:\/\/www.aspb.cat\/?s={search_term_string}"},"query-input":{"@type":"PropertyValueSpecification","valueRequired":true,"valueName":"search_term_string"}}],"inLanguage":"es"}]}</script>
<!-- / Yoast SEO Premium plugin. -->

13/12/2022- Transformación digital del control oficial alimentario - ASPB

Moderación: Samuel Portaña Tudela, Agència de Salut Pública de Barcelona Participantes:
