{"id":48373,"date":"2023-02-14T08:58:59","date_gmt":"2023-02-14T08:58:59","guid":{"rendered":"https:\/\/www.aspb.cat\/documents\/17-01-2022-govern-de-la-dada-a-ladministracio-publica-reptes-i-oportunitats\/"},"modified":"2023-02-14T12:38:14","modified_gmt":"2023-02-14T12:38:14","slug":"17-01-2022-govern-de-la-dada-a-ladministracio-publica-reptes-i-oportunitats","status":"publish","type":"documento","link":"https:\/\/www.aspb.cat\/es\/documentos\/17-01-2022-govern-de-la-dada-a-ladministracio-publica-reptes-i-oportunitats\/","title":{"rendered":"17\/01\/2023- Gobierno del dato en la administraci\u00f3n p\u00fablica. Retos y oportunidades"},"content":{"rendered":"<div class=\"video_wrapper\"><iframe width=\"560\" height=\"315\" src=\"https:\/\/www.youtube.com\/embed\/h7YLd09mxAE\" title=\"YouTube video player\" frameborder=\"0\" allow=\"accelerometer; autoplay; clipboard-write; encrypted-media; gyroscope; picture-in-picture\" allowfullscreen><\/iframe><\/div>\n\n\n\n<p><br>\n\n\n\n<p><strong>Moderaci\u00f3n: <\/strong>Pedro Arribas L\u00f3pez, Agencia de Salud P\u00fablica de Barcelona<\/p>\n\n\n\n<p><strong>Participantes:<\/strong><\/p>\n\n\n\n<ul class=\"wp-block-list\">\n<li>Pol P\u00e9rez Sust. Coordinador General de las TIC del Sistema de Salud (Coordinaci\u00f3n General de las TIC) y Director de Sistemas d\u2019Informaci\u00f3n de CatSalut. CatSalut.<\/li>\n\n\n\n<li>Toni Fuentes Pel\u00e1ez. Jefe de Divisi\u00f3n de Tratamiento de la informaci\u00f3n. CatSalut.<\/li>\n\n\n\n<li>Mar\u00eda Jes\u00fas Calvo. Jefe del Departament de Estad\u00edstica y Difusi\u00f3n de Datos. Oficina Municipal de Datos. Ajuntament de Barcelona.<\/li>\n\n\n\n<li>Marc Mar\u00ed Dell\u2019Olmo. Equipo de Gesti\u00f3n y An\u00e1lisis de Datos. Servicio de Desarrollo Inform\u00e1tico. Ag\u00e8ncia de Salud P\u00fablica de Barcelona.<\/li>\n<\/ul>\n","protected":false},"featured_media":48374,"template":"","tema":[166,291],"tipusdocument":[339],"class_list":["post-48373","documento","type-documento","status-publish","has-post-thumbnail","hentry","tema-investigacion-docencia","tema-sesiones-cientificas-es","tipusdocument-sesiones-cientificas","publish","author-ext_acaillab","impar","primero"],"acf":[],"yoast_head":"<!-- This site is optimized with the Yoast SEO Premium plugin v27.5 (Yoast SEO v27.5) - https:\/\/yoast.com\/product\/yoast-seo-premium-wordpress\/ -->\n<title>17\/01\/2023- Gobierno del dato en la administraci\u00f3n p\u00fablica. Retos y oportunidades - ASPB<\/title>\n<meta name=\"robots\" content=\"index, follow, max-snippet:-1, max-image-preview:large, max-video-preview:-1\" \/>\n<link rel=\"canonical\" href=\"https:\/\/www.aspb.cat\/es\/documentos\/17-01-2022-govern-de-la-dada-a-ladministracio-publica-reptes-i-oportunitats\/\" \/>\n<meta property=\"og:locale\" content=\"es_ES\" \/>\n<meta property=\"og:type\" content=\"article\" \/>\n<meta property=\"og:title\" content=\"17\/01\/2023- Gobierno del dato en la administraci\u00f3n p\u00fablica. Retos y oportunidades\" \/>\n<meta property=\"og:description\" content=\"Moderaci\u00f3n: Pedro Arribas L\u00f3pez, Agencia de Salud P\u00fablica de Barcelona Participantes:\" \/>\n<meta property=\"og:url\" content=\"https:\/\/www.aspb.cat\/es\/documentos\/17-01-2022-govern-de-la-dada-a-ladministracio-publica-reptes-i-oportunitats\/\" \/>\n<meta property=\"og:site_name\" content=\"ASPB\" \/>\n<meta property=\"article:publisher\" content=\"https:\/\/www.facebook.com\/salutpublicabcn\" \/>\n<meta property=\"article:modified_time\" content=\"2023-02-14T12:38:14+00:00\" \/>\n<meta property=\"og:image\" content=\"https:\/\/www.aspb.cat\/wp-content\/uploads\/2023\/01\/ASPB-SessionsCientifiques_170123_NOT-1.jpg\" \/>\n\t<meta property=\"og:image:width\" content=\"1521\" \/>\n\t<meta property=\"og:image:height\" content=\"956\" \/>\n\t<meta property=\"og:image:type\" content=\"image\/jpeg\" \/>\n<meta name=\"twitter:card\" content=\"summary_large_image\" \/>\n<meta name=\"twitter:site\" content=\"@salutpublicabcn\" \/>\n<meta name=\"twitter:label1\" content=\"Tiempo de lectura\" \/>\n\t<meta name=\"twitter:data1\" content=\"1 minuto\" \/>\n<script type=\"application\/ld+json\" class=\"yoast-schema-graph\">{\"@context\":\"https:\\\/\\\/schema.org\",\"@graph\":[{\"@type\":\"WebPage\",\"@id\":\"https:\\\/\\\/www.aspb.cat\\\/es\\\/documentos\\\/17-01-2022-govern-de-la-dada-a-ladministracio-publica-reptes-i-oportunitats\\\/\",\"url\":\"https:\\\/\\\/www.aspb.cat\\\/es\\\/documentos\\\/17-01-2022-govern-de-la-dada-a-ladministracio-publica-reptes-i-oportunitats\\\/\",\"name\":\"17\\\/01\\\/2023- Gobierno del dato en la administraci\u00f3n p\u00fablica. Retos y oportunidades - ASPB\",\"isPartOf\":{\"@id\":\"https:\\\/\\\/www.aspb.cat\\\/#website\"},\"primaryImageOfPage\":{\"@id\":\"https:\\\/\\\/www.aspb.cat\\\/es\\\/documentos\\\/17-01-2022-govern-de-la-dada-a-ladministracio-publica-reptes-i-oportunitats\\\/#primaryimage\"},\"image\":{\"@id\":\"https:\\\/\\\/www.aspb.cat\\\/es\\\/documentos\\\/17-01-2022-govern-de-la-dada-a-ladministracio-publica-reptes-i-oportunitats\\\/#primaryimage\"},\"thumbnailUrl\":\"https:\\\/\\\/www.aspb.cat\\\/wp-content\\\/uploads\\\/2023\\\/01\\\/ASPB-SessionsCientifiques_170123_NOT-1.jpg\",\"datePublished\":\"2023-02-14T08:58:59+00:00\",\"dateModified\":\"2023-02-14T12:38:14+00:00\",\"breadcrumb\":{\"@id\":\"https:\\\/\\\/www.aspb.cat\\\/es\\\/documentos\\\/17-01-2022-govern-de-la-dada-a-ladministracio-publica-reptes-i-oportunitats\\\/#breadcrumb\"},\"inLanguage\":\"es\",\"potentialAction\":[{\"@type\":\"ReadAction\",\"target\":[\"https:\\\/\\\/www.aspb.cat\\\/es\\\/documentos\\\/17-01-2022-govern-de-la-dada-a-ladministracio-publica-reptes-i-oportunitats\\\/\"]}]},{\"@type\":\"ImageObject\",\"inLanguage\":\"es\",\"@id\":\"https:\\\/\\\/www.aspb.cat\\\/es\\\/documentos\\\/17-01-2022-govern-de-la-dada-a-ladministracio-publica-reptes-i-oportunitats\\\/#primaryimage\",\"url\":\"https:\\\/\\\/www.aspb.cat\\\/wp-content\\\/uploads\\\/2023\\\/01\\\/ASPB-SessionsCientifiques_170123_NOT-1.jpg\",\"contentUrl\":\"https:\\\/\\\/www.aspb.cat\\\/wp-content\\\/uploads\\\/2023\\\/01\\\/ASPB-SessionsCientifiques_170123_NOT-1.jpg\",\"width\":1521,\"height\":956},{\"@type\":\"BreadcrumbList\",\"@id\":\"https:\\\/\\\/www.aspb.cat\\\/es\\\/documentos\\\/17-01-2022-govern-de-la-dada-a-ladministracio-publica-reptes-i-oportunitats\\\/#breadcrumb\",\"itemListElement\":[{\"@type\":\"ListItem\",\"position\":1,\"name\":\"Inici\",\"item\":\"https:\\\/\\\/www.aspb.cat\\\/es\\\/\"},{\"@type\":\"ListItem\",\"position\":2,\"name\":\"Documents\",\"item\":\"https:\\\/\\\/www.aspb.cat\\\/documents\\\/\"},{\"@type\":\"ListItem\",\"position\":3,\"name\":\"17\\\/01\\\/2023- Gobierno del dato en la administraci\u00f3n p\u00fablica. Retos y oportunidades\"}]},{\"@type\":\"WebSite\",\"@id\":\"https:\\\/\\\/www.aspb.cat\\\/#website\",\"url\":\"https:\\\/\\\/www.aspb.cat\\\/\",\"name\":\"ASPB\",\"description\":\"Just another WordPress site\",\"potentialAction\":[{\"@type\":\"SearchAction\",\"target\":{\"@type\":\"EntryPoint\",\"urlTemplate\":\"https:\\\/\\\/www.aspb.cat\\\/?s={search_term_string}\"},\"query-input\":{\"@type\":\"PropertyValueSpecification\",\"valueRequired\":true,\"valueName\":\"search_term_string\"}}],\"inLanguage\":\"es\"}]}<\/script>\n<!-- \/ Yoast SEO Premium plugin. -->","yoast_head_json":{"title":"17\/01\/2023- Gobierno del dato en la administraci\u00f3n p\u00fablica. Retos y oportunidades - ASPB","robots":{"index":"index","follow":"follow","max-snippet":"max-snippet:-1","max-image-preview":"max-image-preview:large","max-video-preview":"max-video-preview:-1"},"canonical":"https:\/\/www.aspb.cat\/es\/documentos\/17-01-2022-govern-de-la-dada-a-ladministracio-publica-reptes-i-oportunitats\/","og_locale":"es_ES","og_type":"article","og_title":"17\/01\/2023- Gobierno del dato en la administraci\u00f3n p\u00fablica. Retos y oportunidades","og_description":"Moderaci\u00f3n: Pedro Arribas L\u00f3pez, Agencia de Salud P\u00fablica de Barcelona Participantes:","og_url":"https:\/\/www.aspb.cat\/es\/documentos\/17-01-2022-govern-de-la-dada-a-ladministracio-publica-reptes-i-oportunitats\/","og_site_name":"ASPB","article_publisher":"https:\/\/www.facebook.com\/salutpublicabcn","article_modified_time":"2023-02-14T12:38:14+00:00","og_image":[{"width":1521,"height":956,"url":"https:\/\/www.aspb.cat\/wp-content\/uploads\/2023\/01\/ASPB-SessionsCientifiques_170123_NOT-1.jpg","type":"image\/jpeg"}],"twitter_card":"summary_large_image","twitter_site":"@salutpublicabcn","twitter_misc":{"Tiempo de lectura":"1 minuto"},"schema":{"@context":"https:\/\/schema.org","@graph":[{"@type":"WebPage","@id":"https:\/\/www.aspb.cat\/es\/documentos\/17-01-2022-govern-de-la-dada-a-ladministracio-publica-reptes-i-oportunitats\/","url":"https:\/\/www.aspb.cat\/es\/documentos\/17-01-2022-govern-de-la-dada-a-ladministracio-publica-reptes-i-oportunitats\/","name":"17\/01\/2023- Gobierno del dato en la administraci\u00f3n p\u00fablica. Retos y oportunidades - ASPB","isPartOf":{"@id":"https:\/\/www.aspb.cat\/#website"},"primaryImageOfPage":{"@id":"https:\/\/www.aspb.cat\/es\/documentos\/17-01-2022-govern-de-la-dada-a-ladministracio-publica-reptes-i-oportunitats\/#primaryimage"},"image":{"@id":"https:\/\/www.aspb.cat\/es\/documentos\/17-01-2022-govern-de-la-dada-a-ladministracio-publica-reptes-i-oportunitats\/#primaryimage"},"thumbnailUrl":"https:\/\/www.aspb.cat\/wp-content\/uploads\/2023\/01\/ASPB-SessionsCientifiques_170123_NOT-1.jpg","datePublished":"2023-02-14T08:58:59+00:00","dateModified":"2023-02-14T12:38:14+00:00","breadcrumb":{"@id":"https:\/\/www.aspb.cat\/es\/documentos\/17-01-2022-govern-de-la-dada-a-ladministracio-publica-reptes-i-oportunitats\/#breadcrumb"},"inLanguage":"es","potentialAction":[{"@type":"ReadAction","target":["https:\/\/www.aspb.cat\/es\/documentos\/17-01-2022-govern-de-la-dada-a-ladministracio-publica-reptes-i-oportunitats\/"]}]},{"@type":"ImageObject","inLanguage":"es","@id":"https:\/\/www.aspb.cat\/es\/documentos\/17-01-2022-govern-de-la-dada-a-ladministracio-publica-reptes-i-oportunitats\/#primaryimage","url":"https:\/\/www.aspb.cat\/wp-content\/uploads\/2023\/01\/ASPB-SessionsCientifiques_170123_NOT-1.jpg","contentUrl":"https:\/\/www.aspb.cat\/wp-content\/uploads\/2023\/01\/ASPB-SessionsCientifiques_170123_NOT-1.jpg","width":1521,"height":956},{"@type":"BreadcrumbList","@id":"https:\/\/www.aspb.cat\/es\/documentos\/17-01-2022-govern-de-la-dada-a-ladministracio-publica-reptes-i-oportunitats\/#breadcrumb","itemListElement":[{"@type":"ListItem","position":1,"name":"Inici","item":"https:\/\/www.aspb.cat\/es\/"},{"@type":"ListItem","position":2,"name":"Documents","item":"https:\/\/www.aspb.cat\/documents\/"},{"@type":"ListItem","position":3,"name":"17\/01\/2023- Gobierno del dato en la administraci\u00f3n p\u00fablica. Retos y oportunidades"}]},{"@type":"WebSite","@id":"https:\/\/www.aspb.cat\/#website","url":"https:\/\/www.aspb.cat\/","name":"ASPB","description":"Just another WordPress site","potentialAction":[{"@type":"SearchAction","target":{"@type":"EntryPoint","urlTemplate":"https:\/\/www.aspb.cat\/?s={search_term_string}"},"query-input":{"@type":"PropertyValueSpecification","valueRequired":true,"valueName":"search_term_string"}}],"inLanguage":"es"}]}},"_links":{"self":[{"href":"https:\/\/www.aspb.cat\/es\/wp-json\/wp\/v2\/documento\/48373","targetHints":{"allow":["GET"]}}],"collection":[{"href":"https:\/\/www.aspb.cat\/es\/wp-json\/wp\/v2\/documento"}],"about":[{"href":"https:\/\/www.aspb.cat\/es\/wp-json\/wp\/v2\/types\/documento"}],"version-history":[{"count":1,"href":"https:\/\/www.aspb.cat\/es\/wp-json\/wp\/v2\/documento\/48373\/revisions"}],"predecessor-version":[{"id":48376,"href":"https:\/\/www.aspb.cat\/es\/wp-json\/wp\/v2\/documento\/48373\/revisions\/48376"}],"wp:featuredmedia":[{"embeddable":true,"href":"https:\/\/www.aspb.cat\/es\/wp-json\/wp\/v2\/media\/48374"}],"wp:attachment":[{"href":"https:\/\/www.aspb.cat\/es\/wp-json\/wp\/v2\/media?parent=48373"}],"wp:term":[{"taxonomy":"tema","embeddable":true,"href":"https:\/\/www.aspb.cat\/es\/wp-json\/wp\/v2\/tema?post=48373"},{"taxonomy":"tipusdocument","embeddable":true,"href":"https:\/\/www.aspb.cat\/es\/wp-json\/wp\/v2\/tipusdocument?post=48373"}],"curies":[{"name":"wp","href":"https:\/\/api.w.org\/{rel}","templated":true}]}}

17/01/2023- Gobierno del dato en la administración pública. Retos y oportunidades

<div class="video_wrapper"><iframe width="560" height="315" src="https://www.youtube.com/embed/h7YLd09mxAE" title="YouTube video player" frameborder="0" allow="accelerometer; autoplay; clipboard-write; encrypted-media; gyroscope; picture-in-picture" allowfullscreen></iframe></div>



<p><br>



<p><strong>Moderación: </strong>Pedro Arribas López, Agencia de Salud Pública de Barcelona</p>



<p><strong>Participantes:</strong></p>



<ul class="wp-block-list">
<li>Pol Pérez Sust. Coordinador General de las TIC del Sistema de Salud (Coordinación General de las TIC) y Director de Sistemas d’Información de CatSalut. CatSalut.</li>



<li>Toni Fuentes Peláez. Jefe de División de Tratamiento de la información. CatSalut.</li>



<li>María Jesús Calvo. Jefe del Departament de Estadística y Difusión de Datos. Oficina Municipal de Datos. Ajuntament de Barcelona.</li>



<li>Marc Marí Dell’Olmo. Equipo de Gestión y Análisis de Datos. Servicio de Desarrollo Informático. Agència de Salud Pública de Barcelona.</li>
</ul>

<!-- This site is optimized with the Yoast SEO Premium plugin v27.5 (Yoast SEO v27.5) - https://yoast.com/product/yoast-seo-premium-wordpress/ -->
<title>17/01/2023- Gobierno del dato en la administración pública. Retos y oportunidades - ASPB</title>
<meta name="robots" content="index, follow, max-snippet:-1, max-image-preview:large, max-video-preview:-1" />
<link rel="canonical" href="https://www.aspb.cat/es/documentos/17-01-2022-govern-de-la-dada-a-ladministracio-publica-reptes-i-oportunitats/" />
<meta property="og:locale" content="es_ES" />
<meta property="og:type" content="article" />
<meta property="og:title" content="17/01/2023- Gobierno del dato en la administración pública. Retos y oportunidades" />
<meta property="og:description" content="Moderación: Pedro Arribas López, Agencia de Salud Pública de Barcelona Participantes:" />
<meta property="og:url" content="https://www.aspb.cat/es/documentos/17-01-2022-govern-de-la-dada-a-ladministracio-publica-reptes-i-oportunitats/" />
<meta property="og:site_name" content="ASPB" />
<meta property="article:publisher" content="https://www.facebook.com/salutpublicabcn" />
<meta property="article:modified_time" content="2023-02-14T12:38:14+00:00" />
<meta property="og:image" content="https://www.aspb.cat/wp-content/uploads/2023/01/ASPB-SessionsCientifiques_170123_NOT-1.jpg" />
	<meta property="og:image:width" content="1521" />
	<meta property="og:image:height" content="956" />
	<meta property="og:image:type" content="image/jpeg" />
<meta name="twitter:card" content="summary_large_image" />
<meta name="twitter:site" content="@salutpublicabcn" />
<meta name="twitter:label1" content="Tiempo de lectura" />
	<meta name="twitter:data1" content="1 minuto" />
<script type="application/ld+json" class="yoast-schema-graph">{"@context":"https:\/\/schema.org","@graph":[{"@type":"WebPage","@id":"https:\/\/www.aspb.cat\/es\/documentos\/17-01-2022-govern-de-la-dada-a-ladministracio-publica-reptes-i-oportunitats\/","url":"https:\/\/www.aspb.cat\/es\/documentos\/17-01-2022-govern-de-la-dada-a-ladministracio-publica-reptes-i-oportunitats\/","name":"17\/01\/2023- Gobierno del dato en la administración pública. Retos y oportunidades - ASPB","isPartOf":{"@id":"https:\/\/www.aspb.cat\/#website"},"primaryImageOfPage":{"@id":"https:\/\/www.aspb.cat\/es\/documentos\/17-01-2022-govern-de-la-dada-a-ladministracio-publica-reptes-i-oportunitats\/#primaryimage"},"image":{"@id":"https:\/\/www.aspb.cat\/es\/documentos\/17-01-2022-govern-de-la-dada-a-ladministracio-publica-reptes-i-oportunitats\/#primaryimage"},"thumbnailUrl":"https:\/\/www.aspb.cat\/wp-content\/uploads\/2023\/01\/ASPB-SessionsCientifiques_170123_NOT-1.jpg","datePublished":"2023-02-14T08:58:59+00:00","dateModified":"2023-02-14T12:38:14+00:00","breadcrumb":{"@id":"https:\/\/www.aspb.cat\/es\/documentos\/17-01-2022-govern-de-la-dada-a-ladministracio-publica-reptes-i-oportunitats\/#breadcrumb"},"inLanguage":"es","potentialAction":[{"@type":"ReadAction","target":["https:\/\/www.aspb.cat\/es\/documentos\/17-01-2022-govern-de-la-dada-a-ladministracio-publica-reptes-i-oportunitats\/"]}]},{"@type":"ImageObject","inLanguage":"es","@id":"https:\/\/www.aspb.cat\/es\/documentos\/17-01-2022-govern-de-la-dada-a-ladministracio-publica-reptes-i-oportunitats\/#primaryimage","url":"https:\/\/www.aspb.cat\/wp-content\/uploads\/2023\/01\/ASPB-SessionsCientifiques_170123_NOT-1.jpg","contentUrl":"https:\/\/www.aspb.cat\/wp-content\/uploads\/2023\/01\/ASPB-SessionsCientifiques_170123_NOT-1.jpg","width":1521,"height":956},{"@type":"BreadcrumbList","@id":"https:\/\/www.aspb.cat\/es\/documentos\/17-01-2022-govern-de-la-dada-a-ladministracio-publica-reptes-i-oportunitats\/#breadcrumb","itemListElement":[{"@type":"ListItem","position":1,"name":"Inici","item":"https:\/\/www.aspb.cat\/es\/"},{"@type":"ListItem","position":2,"name":"Documents","item":"https:\/\/www.aspb.cat\/documents\/"},{"@type":"ListItem","position":3,"name":"17\/01\/2023- Gobierno del dato en la administración pública. Retos y oportunidades"}]},{"@type":"WebSite","@id":"https:\/\/www.aspb.cat\/#website","url":"https:\/\/www.aspb.cat\/","name":"ASPB","description":"Just another WordPress site","potentialAction":[{"@type":"SearchAction","target":{"@type":"EntryPoint","urlTemplate":"https:\/\/www.aspb.cat\/?s={search_term_string}"},"query-input":{"@type":"PropertyValueSpecification","valueRequired":true,"valueName":"search_term_string"}}],"inLanguage":"es"}]}</script>
<!-- / Yoast SEO Premium plugin. -->

17/01/2023- Gobierno del dato en la administración pública. Retos y oportunidades - ASPB

Moderación: Pedro Arribas López, Agencia de Salud Pública de Barcelona Participantes:
