{"id":47562,"date":"2022-12-21T14:50:07","date_gmt":"2022-12-21T14:50:07","guid":{"rendered":"https:\/\/www.aspb.cat\/documents\/canvi-climatic-salut\/"},"modified":"2023-02-10T12:59:35","modified_gmt":"2023-02-10T12:59:35","slug":"cambio-climatico-salud","status":"publish","type":"documento","link":"https:\/\/www.aspb.cat\/es\/documentos\/cambio-climatico-salud\/","title":{"rendered":"Cambio clim\u00e1tico y salud en la ciudad de Barcelona"},"content":{"rendered":"\n<p>El cambio clim\u00e1tico se considera la mayor amenaza para la salud de este siglo. Sus consecuencias son cada vez m\u00e1s evidentes y, por eso, desde hace unos a\u00f1os la <em>Ag\u00e8ncia de Salut P\u00fablica de Barcelona<\/em> (ASPB) trabaja para aumentar el conocimiento de c\u00f3mo la actual emergencia clim\u00e1tica afecta a la salud y el bienestar de la poblaci\u00f3n de Barcelona. En paralelo, la ASPB promueve pol\u00edticas, programas e intervenciones para mitigar el cambio clim\u00e1tico y adaptarnos a los efectos del cambio clim\u00e1tico que ya son inevitables.<\/p>\n\n\n\n<p>Este informe tiene dos objetivos principales. En primer lugar, presenta el marco conceptual desarrollado por la ASPB para entender la compleja relaci\u00f3n entre el cambio clim\u00e1tico y la salud. En segundo lugar, identifica y describe los principales retos de salud que deber\u00e1 afrontar la ciudad de Barcelona en relaci\u00f3n al cambio clim\u00e1tico y analiza la situaci\u00f3n actual. Adem\u00e1s incluye un cap\u00edtulo sobre los efectos del cambio clim\u00e1tico en la salud mental, para hacer visible este impacto a menudo ignorado y estigmatizado.<\/p>\n\n\n\n<p>El cambio clim\u00e1tico multiplica las desigualdades sociales en salud. Por eso, el informe tiene en cuenta los efectos diferenciados del cambio clim\u00e1tico en los diferentes grupos poblacionales y busca entender las ra\u00edces de estas desigualdades injustas. Por eso, cada cap\u00edtulo incluye un \u00faltimo apartado donde se analizan las desigualdades sociales asociadas a la tem\u00e1tica.<\/p>\n","protected":false},"featured_media":47563,"template":"","tema":[382,154],"tipusdocument":[167],"class_list":["post-47562","documento","type-documento","status-publish","has-post-thumbnail","hentry","tema-cambio-climatico","tema-salud-ambiental","tipusdocument-informes","publish","author-ext_acaillab","impar","primero"],"acf":[],"yoast_head":"<!-- This site is optimized with the Yoast SEO Premium plugin v27.5 (Yoast SEO v27.5) - https:\/\/yoast.com\/product\/yoast-seo-premium-wordpress\/ -->\n<title>Cambio clim\u00e1tico y salud en la ciudad de Barcelona - ASPB<\/title>\n<meta name=\"robots\" content=\"index, follow, max-snippet:-1, max-image-preview:large, max-video-preview:-1\" \/>\n<link rel=\"canonical\" href=\"https:\/\/www.aspb.cat\/es\/documents\/cambio-climatico-salud\/\" \/>\n<meta property=\"og:locale\" content=\"es_ES\" \/>\n<meta property=\"og:type\" content=\"article\" \/>\n<meta property=\"og:title\" content=\"Cambio clim\u00e1tico y salud en la ciudad de Barcelona\" \/>\n<meta property=\"og:description\" content=\"El cambio clim\u00e1tico se considera la mayor amenaza para la salud de este siglo. Sus [&hellip;]\" \/>\n<meta property=\"og:url\" content=\"https:\/\/www.aspb.cat\/es\/documents\/cambio-climatico-salud\/\" \/>\n<meta property=\"og:site_name\" content=\"ASPB\" \/>\n<meta property=\"article:publisher\" content=\"https:\/\/www.facebook.com\/salutpublicabcn\" \/>\n<meta property=\"article:modified_time\" content=\"2023-02-10T12:59:35+00:00\" \/>\n<meta property=\"og:image\" content=\"https:\/\/www.aspb.cat\/wp-content\/uploads\/2022\/12\/ASPB-Canvi-climatic-salut.jpg\" \/>\n\t<meta property=\"og:image:width\" content=\"595\" \/>\n\t<meta property=\"og:image:height\" content=\"842\" \/>\n\t<meta property=\"og:image:type\" content=\"image\/jpeg\" \/>\n<meta name=\"twitter:card\" content=\"summary_large_image\" \/>\n<meta name=\"twitter:site\" content=\"@salutpublicabcn\" \/>\n<meta name=\"twitter:label1\" content=\"Tiempo de lectura\" \/>\n\t<meta name=\"twitter:data1\" content=\"2 minutos\" \/>\n<script type=\"application\/ld+json\" class=\"yoast-schema-graph\">{\"@context\":\"https:\\\/\\\/schema.org\",\"@graph\":[{\"@type\":\"WebPage\",\"@id\":\"https:\\\/\\\/www.aspb.cat\\\/es\\\/documents\\\/cambio-climatico-salud\\\/\",\"url\":\"https:\\\/\\\/www.aspb.cat\\\/es\\\/documents\\\/cambio-climatico-salud\\\/\",\"name\":\"Cambio clim\u00e1tico y salud en la ciudad de Barcelona - ASPB\",\"isPartOf\":{\"@id\":\"https:\\\/\\\/www.aspb.cat\\\/#website\"},\"primaryImageOfPage\":{\"@id\":\"https:\\\/\\\/www.aspb.cat\\\/es\\\/documents\\\/cambio-climatico-salud\\\/#primaryimage\"},\"image\":{\"@id\":\"https:\\\/\\\/www.aspb.cat\\\/es\\\/documents\\\/cambio-climatico-salud\\\/#primaryimage\"},\"thumbnailUrl\":\"https:\\\/\\\/www.aspb.cat\\\/wp-content\\\/uploads\\\/2022\\\/12\\\/ASPB-Canvi-climatic-salut.jpg\",\"datePublished\":\"2022-12-21T14:50:07+00:00\",\"dateModified\":\"2023-02-10T12:59:35+00:00\",\"breadcrumb\":{\"@id\":\"https:\\\/\\\/www.aspb.cat\\\/es\\\/documents\\\/cambio-climatico-salud\\\/#breadcrumb\"},\"inLanguage\":\"es\",\"potentialAction\":[{\"@type\":\"ReadAction\",\"target\":[\"https:\\\/\\\/www.aspb.cat\\\/es\\\/documents\\\/cambio-climatico-salud\\\/\"]}]},{\"@type\":\"ImageObject\",\"inLanguage\":\"es\",\"@id\":\"https:\\\/\\\/www.aspb.cat\\\/es\\\/documents\\\/cambio-climatico-salud\\\/#primaryimage\",\"url\":\"https:\\\/\\\/www.aspb.cat\\\/wp-content\\\/uploads\\\/2022\\\/12\\\/ASPB-Canvi-climatic-salut.jpg\",\"contentUrl\":\"https:\\\/\\\/www.aspb.cat\\\/wp-content\\\/uploads\\\/2022\\\/12\\\/ASPB-Canvi-climatic-salut.jpg\",\"width\":595,\"height\":842},{\"@type\":\"BreadcrumbList\",\"@id\":\"https:\\\/\\\/www.aspb.cat\\\/es\\\/documents\\\/cambio-climatico-salud\\\/#breadcrumb\",\"itemListElement\":[{\"@type\":\"ListItem\",\"position\":1,\"name\":\"Inici\",\"item\":\"https:\\\/\\\/www.aspb.cat\\\/es\\\/\"},{\"@type\":\"ListItem\",\"position\":2,\"name\":\"Documents\",\"item\":\"https:\\\/\\\/www.aspb.cat\\\/documents\\\/\"},{\"@type\":\"ListItem\",\"position\":3,\"name\":\"Cambio clim\u00e1tico y salud en la ciudad de Barcelona\"}]},{\"@type\":\"WebSite\",\"@id\":\"https:\\\/\\\/www.aspb.cat\\\/#website\",\"url\":\"https:\\\/\\\/www.aspb.cat\\\/\",\"name\":\"ASPB\",\"description\":\"Just another WordPress site\",\"potentialAction\":[{\"@type\":\"SearchAction\",\"target\":{\"@type\":\"EntryPoint\",\"urlTemplate\":\"https:\\\/\\\/www.aspb.cat\\\/?s={search_term_string}\"},\"query-input\":{\"@type\":\"PropertyValueSpecification\",\"valueRequired\":true,\"valueName\":\"search_term_string\"}}],\"inLanguage\":\"es\"}]}<\/script>\n<!-- \/ Yoast SEO Premium plugin. -->","yoast_head_json":{"title":"Cambio clim\u00e1tico y salud en la ciudad de Barcelona - ASPB","robots":{"index":"index","follow":"follow","max-snippet":"max-snippet:-1","max-image-preview":"max-image-preview:large","max-video-preview":"max-video-preview:-1"},"canonical":"https:\/\/www.aspb.cat\/es\/documents\/cambio-climatico-salud\/","og_locale":"es_ES","og_type":"article","og_title":"Cambio clim\u00e1tico y salud en la ciudad de Barcelona","og_description":"El cambio clim\u00e1tico se considera la mayor amenaza para la salud de este siglo. Sus [&hellip;]","og_url":"https:\/\/www.aspb.cat\/es\/documents\/cambio-climatico-salud\/","og_site_name":"ASPB","article_publisher":"https:\/\/www.facebook.com\/salutpublicabcn","article_modified_time":"2023-02-10T12:59:35+00:00","og_image":[{"width":595,"height":842,"url":"https:\/\/www.aspb.cat\/wp-content\/uploads\/2022\/12\/ASPB-Canvi-climatic-salut.jpg","type":"image\/jpeg"}],"twitter_card":"summary_large_image","twitter_site":"@salutpublicabcn","twitter_misc":{"Tiempo de lectura":"2 minutos"},"schema":{"@context":"https:\/\/schema.org","@graph":[{"@type":"WebPage","@id":"https:\/\/www.aspb.cat\/es\/documents\/cambio-climatico-salud\/","url":"https:\/\/www.aspb.cat\/es\/documents\/cambio-climatico-salud\/","name":"Cambio clim\u00e1tico y salud en la ciudad de Barcelona - ASPB","isPartOf":{"@id":"https:\/\/www.aspb.cat\/#website"},"primaryImageOfPage":{"@id":"https:\/\/www.aspb.cat\/es\/documents\/cambio-climatico-salud\/#primaryimage"},"image":{"@id":"https:\/\/www.aspb.cat\/es\/documents\/cambio-climatico-salud\/#primaryimage"},"thumbnailUrl":"https:\/\/www.aspb.cat\/wp-content\/uploads\/2022\/12\/ASPB-Canvi-climatic-salut.jpg","datePublished":"2022-12-21T14:50:07+00:00","dateModified":"2023-02-10T12:59:35+00:00","breadcrumb":{"@id":"https:\/\/www.aspb.cat\/es\/documents\/cambio-climatico-salud\/#breadcrumb"},"inLanguage":"es","potentialAction":[{"@type":"ReadAction","target":["https:\/\/www.aspb.cat\/es\/documents\/cambio-climatico-salud\/"]}]},{"@type":"ImageObject","inLanguage":"es","@id":"https:\/\/www.aspb.cat\/es\/documents\/cambio-climatico-salud\/#primaryimage","url":"https:\/\/www.aspb.cat\/wp-content\/uploads\/2022\/12\/ASPB-Canvi-climatic-salut.jpg","contentUrl":"https:\/\/www.aspb.cat\/wp-content\/uploads\/2022\/12\/ASPB-Canvi-climatic-salut.jpg","width":595,"height":842},{"@type":"BreadcrumbList","@id":"https:\/\/www.aspb.cat\/es\/documents\/cambio-climatico-salud\/#breadcrumb","itemListElement":[{"@type":"ListItem","position":1,"name":"Inici","item":"https:\/\/www.aspb.cat\/es\/"},{"@type":"ListItem","position":2,"name":"Documents","item":"https:\/\/www.aspb.cat\/documents\/"},{"@type":"ListItem","position":3,"name":"Cambio clim\u00e1tico y salud en la ciudad de Barcelona"}]},{"@type":"WebSite","@id":"https:\/\/www.aspb.cat\/#website","url":"https:\/\/www.aspb.cat\/","name":"ASPB","description":"Just another WordPress site","potentialAction":[{"@type":"SearchAction","target":{"@type":"EntryPoint","urlTemplate":"https:\/\/www.aspb.cat\/?s={search_term_string}"},"query-input":{"@type":"PropertyValueSpecification","valueRequired":true,"valueName":"search_term_string"}}],"inLanguage":"es"}]}},"_links":{"self":[{"href":"https:\/\/www.aspb.cat\/es\/wp-json\/wp\/v2\/documento\/47562","targetHints":{"allow":["GET"]}}],"collection":[{"href":"https:\/\/www.aspb.cat\/es\/wp-json\/wp\/v2\/documento"}],"about":[{"href":"https:\/\/www.aspb.cat\/es\/wp-json\/wp\/v2\/types\/documento"}],"version-history":[{"count":4,"href":"https:\/\/www.aspb.cat\/es\/wp-json\/wp\/v2\/documento\/47562\/revisions"}],"predecessor-version":[{"id":48159,"href":"https:\/\/www.aspb.cat\/es\/wp-json\/wp\/v2\/documento\/47562\/revisions\/48159"}],"wp:featuredmedia":[{"embeddable":true,"href":"https:\/\/www.aspb.cat\/es\/wp-json\/wp\/v2\/media\/47563"}],"wp:attachment":[{"href":"https:\/\/www.aspb.cat\/es\/wp-json\/wp\/v2\/media?parent=47562"}],"wp:term":[{"taxonomy":"tema","embeddable":true,"href":"https:\/\/www.aspb.cat\/es\/wp-json\/wp\/v2\/tema?post=47562"},{"taxonomy":"tipusdocument","embeddable":true,"href":"https:\/\/www.aspb.cat\/es\/wp-json\/wp\/v2\/tipusdocument?post=47562"}],"curies":[{"name":"wp","href":"https:\/\/api.w.org\/{rel}","templated":true}]}}

Cambio climático y salud en la ciudad de Barcelona

<p>El cambio climático se considera la mayor amenaza para la salud de este siglo. Sus consecuencias son cada vez más evidentes y, por eso, desde hace unos años la <em>Agència de Salut Pública de Barcelona</em> (ASPB) trabaja para aumentar el conocimiento de cómo la actual emergencia climática afecta a la salud y el bienestar de la población de Barcelona. En paralelo, la ASPB promueve políticas, programas e intervenciones para mitigar el cambio climático y adaptarnos a los efectos del cambio climático que ya son inevitables.</p>



<p>Este informe tiene dos objetivos principales. En primer lugar, presenta el marco conceptual desarrollado por la ASPB para entender la compleja relación entre el cambio climático y la salud. En segundo lugar, identifica y describe los principales retos de salud que deberá afrontar la ciudad de Barcelona en relación al cambio climático y analiza la situación actual. Además incluye un capítulo sobre los efectos del cambio climático en la salud mental, para hacer visible este impacto a menudo ignorado y estigmatizado.</p>



<p>El cambio climático multiplica las desigualdades sociales en salud. Por eso, el informe tiene en cuenta los efectos diferenciados del cambio climático en los diferentes grupos poblacionales y busca entender las raíces de estas desigualdades injustas. Por eso, cada capítulo incluye un último apartado donde se analizan las desigualdades sociales asociadas a la temática.</p>

<!-- This site is optimized with the Yoast SEO Premium plugin v27.5 (Yoast SEO v27.5) - https://yoast.com/product/yoast-seo-premium-wordpress/ -->
<title>Cambio climático y salud en la ciudad de Barcelona - ASPB</title>
<meta name="robots" content="index, follow, max-snippet:-1, max-image-preview:large, max-video-preview:-1" />
<link rel="canonical" href="https://www.aspb.cat/es/documents/cambio-climatico-salud/" />
<meta property="og:locale" content="es_ES" />
<meta property="og:type" content="article" />
<meta property="og:title" content="Cambio climático y salud en la ciudad de Barcelona" />
<meta property="og:description" content="El cambio climático se considera la mayor amenaza para la salud de este siglo. Sus [&hellip;]" />
<meta property="og:url" content="https://www.aspb.cat/es/documents/cambio-climatico-salud/" />
<meta property="og:site_name" content="ASPB" />
<meta property="article:publisher" content="https://www.facebook.com/salutpublicabcn" />
<meta property="article:modified_time" content="2023-02-10T12:59:35+00:00" />
<meta property="og:image" content="https://www.aspb.cat/wp-content/uploads/2022/12/ASPB-Canvi-climatic-salut.jpg" />
	<meta property="og:image:width" content="595" />
	<meta property="og:image:height" content="842" />
	<meta property="og:image:type" content="image/jpeg" />
<meta name="twitter:card" content="summary_large_image" />
<meta name="twitter:site" content="@salutpublicabcn" />
<meta name="twitter:label1" content="Tiempo de lectura" />
	<meta name="twitter:data1" content="2 minutos" />
<script type="application/ld+json" class="yoast-schema-graph">{"@context":"https:\/\/schema.org","@graph":[{"@type":"WebPage","@id":"https:\/\/www.aspb.cat\/es\/documents\/cambio-climatico-salud\/","url":"https:\/\/www.aspb.cat\/es\/documents\/cambio-climatico-salud\/","name":"Cambio climático y salud en la ciudad de Barcelona - ASPB","isPartOf":{"@id":"https:\/\/www.aspb.cat\/#website"},"primaryImageOfPage":{"@id":"https:\/\/www.aspb.cat\/es\/documents\/cambio-climatico-salud\/#primaryimage"},"image":{"@id":"https:\/\/www.aspb.cat\/es\/documents\/cambio-climatico-salud\/#primaryimage"},"thumbnailUrl":"https:\/\/www.aspb.cat\/wp-content\/uploads\/2022\/12\/ASPB-Canvi-climatic-salut.jpg","datePublished":"2022-12-21T14:50:07+00:00","dateModified":"2023-02-10T12:59:35+00:00","breadcrumb":{"@id":"https:\/\/www.aspb.cat\/es\/documents\/cambio-climatico-salud\/#breadcrumb"},"inLanguage":"es","potentialAction":[{"@type":"ReadAction","target":["https:\/\/www.aspb.cat\/es\/documents\/cambio-climatico-salud\/"]}]},{"@type":"ImageObject","inLanguage":"es","@id":"https:\/\/www.aspb.cat\/es\/documents\/cambio-climatico-salud\/#primaryimage","url":"https:\/\/www.aspb.cat\/wp-content\/uploads\/2022\/12\/ASPB-Canvi-climatic-salut.jpg","contentUrl":"https:\/\/www.aspb.cat\/wp-content\/uploads\/2022\/12\/ASPB-Canvi-climatic-salut.jpg","width":595,"height":842},{"@type":"BreadcrumbList","@id":"https:\/\/www.aspb.cat\/es\/documents\/cambio-climatico-salud\/#breadcrumb","itemListElement":[{"@type":"ListItem","position":1,"name":"Inici","item":"https:\/\/www.aspb.cat\/es\/"},{"@type":"ListItem","position":2,"name":"Documents","item":"https:\/\/www.aspb.cat\/documents\/"},{"@type":"ListItem","position":3,"name":"Cambio climático y salud en la ciudad de Barcelona"}]},{"@type":"WebSite","@id":"https:\/\/www.aspb.cat\/#website","url":"https:\/\/www.aspb.cat\/","name":"ASPB","description":"Just another WordPress site","potentialAction":[{"@type":"SearchAction","target":{"@type":"EntryPoint","urlTemplate":"https:\/\/www.aspb.cat\/?s={search_term_string}"},"query-input":{"@type":"PropertyValueSpecification","valueRequired":true,"valueName":"search_term_string"}}],"inLanguage":"es"}]}</script>
<!-- / Yoast SEO Premium plugin. -->

Cambio climático y salud en la ciudad de Barcelona - ASPB

El cambio climático se considera la mayor amenaza para la salud de este siglo. Sus [&hellip;]
