{"id":46953,"date":"2022-11-08T18:04:35","date_gmt":"2022-11-08T18:04:35","guid":{"rendered":"https:\/\/www.aspb.cat\/documents\/data-caducitat-embotits-cuits\/"},"modified":"2022-12-13T17:17:29","modified_gmt":"2022-12-13T17:17:29","slug":"fecha-caducidad-embutidos-cocidos","status":"publish","type":"documento","link":"https:\/\/www.aspb.cat\/es\/documentos\/fecha-caducidad-embutidos-cocidos\/","title":{"rendered":"Fecha de caducidad en embutidos loncheados y preenvasadoData de caducitat en embotits llescats i preenvasat"},"content":{"rendered":"<p>Documento que contiene los criterios para establecer la fecha de caducidad en embutidos cocidos, loncheados o cortados en porciones, preenvasados en el comercio minorista, en relaci\u00f3n con el riesgo de <em>Listeria monocytogenes<\/em>.<\/p>\n<p>El Comit\u00e9 Cient\u00edfico Asesor de Seguridad Alimentaria aprob\u00f3 un Informe sobre el establecimiento de la vida \u00fatil segura de determinados alimentos listos para el consumo, loncheados y preenvasados en el comercio minorista en relaci\u00f3n con el riesgo de <em>Listeria monocytogenes<\/em>, que se puede consultar en este <a href=\"https:\/\/acsa.gencat.cat\/ca\/detall\/publicacio\/Establiment-de-la-vida-util-segura-de-determinats-aliments-a-punt-per-al-consum-llescats-i-preenvasats-en-el-comerc-minorista-en-relacio-amb-el-risc-de-Listeria-monocytogenes\" target=\"_blank\" rel=\"noopener\">enla\u00e7e<\/a>.<\/p>\n","protected":false},"featured_media":46955,"template":"","tema":[181,437],"tipusdocument":[155],"class_list":["post-46953","documento","type-documento","status-publish","has-post-thumbnail","hentry","tema-seguridad-alimentaria","tema-guia-establecimientos-alimentarios","tipusdocument-material-divulgativo","publish","author-ext_acaillab","impar","primero"],"acf":[],"yoast_head":"<!-- This site is optimized with the Yoast SEO Premium plugin v27.5 (Yoast SEO v27.5) - https:\/\/yoast.com\/product\/yoast-seo-premium-wordpress\/ -->\n<title>Fecha de caducidad en embutidos loncheados y preenvasadoData de caducitat en embotits llescats i preenvasat - ASPB<\/title>\n<meta name=\"robots\" content=\"index, follow, max-snippet:-1, max-image-preview:large, max-video-preview:-1\" \/>\n<link rel=\"canonical\" href=\"https:\/\/www.aspb.cat\/es\/documents\/fecha-caducidad-embutidos-cocidos\/\" \/>\n<meta property=\"og:locale\" content=\"es_ES\" \/>\n<meta property=\"og:type\" content=\"article\" \/>\n<meta property=\"og:title\" content=\"Fecha de caducidad en embutidos loncheados y preenvasadoData de caducitat en embotits llescats i preenvasat\" \/>\n<meta property=\"og:description\" content=\"Documento que contiene los criterios para establecer la fecha de caducidad en embutidos cocidos, loncheados [&hellip;]\" \/>\n<meta property=\"og:url\" content=\"https:\/\/www.aspb.cat\/es\/documents\/fecha-caducidad-embutidos-cocidos\/\" \/>\n<meta property=\"og:site_name\" content=\"ASPB\" \/>\n<meta property=\"article:publisher\" content=\"https:\/\/www.facebook.com\/salutpublicabcn\" \/>\n<meta property=\"article:modified_time\" content=\"2022-12-13T17:17:29+00:00\" \/>\n<meta property=\"og:image\" content=\"https:\/\/www.aspb.cat\/wp-content\/uploads\/2022\/11\/Data-de-caducitat-embotits-cuits-IMG-1.jpg\" \/>\n\t<meta property=\"og:image:width\" content=\"595\" \/>\n\t<meta property=\"og:image:height\" content=\"842\" \/>\n\t<meta property=\"og:image:type\" content=\"image\/jpeg\" \/>\n<meta name=\"twitter:card\" content=\"summary_large_image\" \/>\n<meta name=\"twitter:site\" content=\"@salutpublicabcn\" \/>\n<meta name=\"twitter:label1\" content=\"Tiempo de lectura\" \/>\n\t<meta name=\"twitter:data1\" content=\"1 minuto\" \/>\n<script type=\"application\/ld+json\" class=\"yoast-schema-graph\">{\"@context\":\"https:\\\/\\\/schema.org\",\"@graph\":[{\"@type\":\"WebPage\",\"@id\":\"https:\\\/\\\/www.aspb.cat\\\/es\\\/documents\\\/fecha-caducidad-embutidos-cocidos\\\/\",\"url\":\"https:\\\/\\\/www.aspb.cat\\\/es\\\/documents\\\/fecha-caducidad-embutidos-cocidos\\\/\",\"name\":\"Fecha de caducidad en embutidos loncheados y preenvasadoData de caducitat en embotits llescats i preenvasat - ASPB\",\"isPartOf\":{\"@id\":\"https:\\\/\\\/www.aspb.cat\\\/#website\"},\"primaryImageOfPage\":{\"@id\":\"https:\\\/\\\/www.aspb.cat\\\/es\\\/documents\\\/fecha-caducidad-embutidos-cocidos\\\/#primaryimage\"},\"image\":{\"@id\":\"https:\\\/\\\/www.aspb.cat\\\/es\\\/documents\\\/fecha-caducidad-embutidos-cocidos\\\/#primaryimage\"},\"thumbnailUrl\":\"https:\\\/\\\/www.aspb.cat\\\/wp-content\\\/uploads\\\/2022\\\/11\\\/Data-de-caducitat-embotits-cuits-IMG-1.jpg\",\"datePublished\":\"2022-11-08T18:04:35+00:00\",\"dateModified\":\"2022-12-13T17:17:29+00:00\",\"breadcrumb\":{\"@id\":\"https:\\\/\\\/www.aspb.cat\\\/es\\\/documents\\\/fecha-caducidad-embutidos-cocidos\\\/#breadcrumb\"},\"inLanguage\":\"es\",\"potentialAction\":[{\"@type\":\"ReadAction\",\"target\":[\"https:\\\/\\\/www.aspb.cat\\\/es\\\/documents\\\/fecha-caducidad-embutidos-cocidos\\\/\"]}]},{\"@type\":\"ImageObject\",\"inLanguage\":\"es\",\"@id\":\"https:\\\/\\\/www.aspb.cat\\\/es\\\/documents\\\/fecha-caducidad-embutidos-cocidos\\\/#primaryimage\",\"url\":\"https:\\\/\\\/www.aspb.cat\\\/wp-content\\\/uploads\\\/2022\\\/11\\\/Data-de-caducitat-embotits-cuits-IMG-1.jpg\",\"contentUrl\":\"https:\\\/\\\/www.aspb.cat\\\/wp-content\\\/uploads\\\/2022\\\/11\\\/Data-de-caducitat-embotits-cuits-IMG-1.jpg\",\"width\":595,\"height\":842},{\"@type\":\"BreadcrumbList\",\"@id\":\"https:\\\/\\\/www.aspb.cat\\\/es\\\/documents\\\/fecha-caducidad-embutidos-cocidos\\\/#breadcrumb\",\"itemListElement\":[{\"@type\":\"ListItem\",\"position\":1,\"name\":\"Inici\",\"item\":\"https:\\\/\\\/www.aspb.cat\\\/es\\\/\"},{\"@type\":\"ListItem\",\"position\":2,\"name\":\"Documents\",\"item\":\"https:\\\/\\\/www.aspb.cat\\\/documents\\\/\"},{\"@type\":\"ListItem\",\"position\":3,\"name\":\"Fecha de caducidad en embutidos loncheados y preenvasadoData de caducitat en embotits llescats i preenvasat\"}]},{\"@type\":\"WebSite\",\"@id\":\"https:\\\/\\\/www.aspb.cat\\\/#website\",\"url\":\"https:\\\/\\\/www.aspb.cat\\\/\",\"name\":\"ASPB\",\"description\":\"Just another WordPress site\",\"potentialAction\":[{\"@type\":\"SearchAction\",\"target\":{\"@type\":\"EntryPoint\",\"urlTemplate\":\"https:\\\/\\\/www.aspb.cat\\\/?s={search_term_string}\"},\"query-input\":{\"@type\":\"PropertyValueSpecification\",\"valueRequired\":true,\"valueName\":\"search_term_string\"}}],\"inLanguage\":\"es\"}]}<\/script>\n<!-- \/ Yoast SEO Premium plugin. -->","yoast_head_json":{"title":"Fecha de caducidad en embutidos loncheados y preenvasadoData de caducitat en embotits llescats i preenvasat - ASPB","robots":{"index":"index","follow":"follow","max-snippet":"max-snippet:-1","max-image-preview":"max-image-preview:large","max-video-preview":"max-video-preview:-1"},"canonical":"https:\/\/www.aspb.cat\/es\/documents\/fecha-caducidad-embutidos-cocidos\/","og_locale":"es_ES","og_type":"article","og_title":"Fecha de caducidad en embutidos loncheados y preenvasadoData de caducitat en embotits llescats i preenvasat","og_description":"Documento que contiene los criterios para establecer la fecha de caducidad en embutidos cocidos, loncheados [&hellip;]","og_url":"https:\/\/www.aspb.cat\/es\/documents\/fecha-caducidad-embutidos-cocidos\/","og_site_name":"ASPB","article_publisher":"https:\/\/www.facebook.com\/salutpublicabcn","article_modified_time":"2022-12-13T17:17:29+00:00","og_image":[{"width":595,"height":842,"url":"https:\/\/www.aspb.cat\/wp-content\/uploads\/2022\/11\/Data-de-caducitat-embotits-cuits-IMG-1.jpg","type":"image\/jpeg"}],"twitter_card":"summary_large_image","twitter_site":"@salutpublicabcn","twitter_misc":{"Tiempo de lectura":"1 minuto"},"schema":{"@context":"https:\/\/schema.org","@graph":[{"@type":"WebPage","@id":"https:\/\/www.aspb.cat\/es\/documents\/fecha-caducidad-embutidos-cocidos\/","url":"https:\/\/www.aspb.cat\/es\/documents\/fecha-caducidad-embutidos-cocidos\/","name":"Fecha de caducidad en embutidos loncheados y preenvasadoData de caducitat en embotits llescats i preenvasat - ASPB","isPartOf":{"@id":"https:\/\/www.aspb.cat\/#website"},"primaryImageOfPage":{"@id":"https:\/\/www.aspb.cat\/es\/documents\/fecha-caducidad-embutidos-cocidos\/#primaryimage"},"image":{"@id":"https:\/\/www.aspb.cat\/es\/documents\/fecha-caducidad-embutidos-cocidos\/#primaryimage"},"thumbnailUrl":"https:\/\/www.aspb.cat\/wp-content\/uploads\/2022\/11\/Data-de-caducitat-embotits-cuits-IMG-1.jpg","datePublished":"2022-11-08T18:04:35+00:00","dateModified":"2022-12-13T17:17:29+00:00","breadcrumb":{"@id":"https:\/\/www.aspb.cat\/es\/documents\/fecha-caducidad-embutidos-cocidos\/#breadcrumb"},"inLanguage":"es","potentialAction":[{"@type":"ReadAction","target":["https:\/\/www.aspb.cat\/es\/documents\/fecha-caducidad-embutidos-cocidos\/"]}]},{"@type":"ImageObject","inLanguage":"es","@id":"https:\/\/www.aspb.cat\/es\/documents\/fecha-caducidad-embutidos-cocidos\/#primaryimage","url":"https:\/\/www.aspb.cat\/wp-content\/uploads\/2022\/11\/Data-de-caducitat-embotits-cuits-IMG-1.jpg","contentUrl":"https:\/\/www.aspb.cat\/wp-content\/uploads\/2022\/11\/Data-de-caducitat-embotits-cuits-IMG-1.jpg","width":595,"height":842},{"@type":"BreadcrumbList","@id":"https:\/\/www.aspb.cat\/es\/documents\/fecha-caducidad-embutidos-cocidos\/#breadcrumb","itemListElement":[{"@type":"ListItem","position":1,"name":"Inici","item":"https:\/\/www.aspb.cat\/es\/"},{"@type":"ListItem","position":2,"name":"Documents","item":"https:\/\/www.aspb.cat\/documents\/"},{"@type":"ListItem","position":3,"name":"Fecha de caducidad en embutidos loncheados y preenvasadoData de caducitat en embotits llescats i preenvasat"}]},{"@type":"WebSite","@id":"https:\/\/www.aspb.cat\/#website","url":"https:\/\/www.aspb.cat\/","name":"ASPB","description":"Just another WordPress site","potentialAction":[{"@type":"SearchAction","target":{"@type":"EntryPoint","urlTemplate":"https:\/\/www.aspb.cat\/?s={search_term_string}"},"query-input":{"@type":"PropertyValueSpecification","valueRequired":true,"valueName":"search_term_string"}}],"inLanguage":"es"}]}},"_links":{"self":[{"href":"https:\/\/www.aspb.cat\/es\/wp-json\/wp\/v2\/documento\/46953","targetHints":{"allow":["GET"]}}],"collection":[{"href":"https:\/\/www.aspb.cat\/es\/wp-json\/wp\/v2\/documento"}],"about":[{"href":"https:\/\/www.aspb.cat\/es\/wp-json\/wp\/v2\/types\/documento"}],"version-history":[{"count":2,"href":"https:\/\/www.aspb.cat\/es\/wp-json\/wp\/v2\/documento\/46953\/revisions"}],"predecessor-version":[{"id":46991,"href":"https:\/\/www.aspb.cat\/es\/wp-json\/wp\/v2\/documento\/46953\/revisions\/46991"}],"wp:featuredmedia":[{"embeddable":true,"href":"https:\/\/www.aspb.cat\/es\/wp-json\/wp\/v2\/media\/46955"}],"wp:attachment":[{"href":"https:\/\/www.aspb.cat\/es\/wp-json\/wp\/v2\/media?parent=46953"}],"wp:term":[{"taxonomy":"tema","embeddable":true,"href":"https:\/\/www.aspb.cat\/es\/wp-json\/wp\/v2\/tema?post=46953"},{"taxonomy":"tipusdocument","embeddable":true,"href":"https:\/\/www.aspb.cat\/es\/wp-json\/wp\/v2\/tipusdocument?post=46953"}],"curies":[{"name":"wp","href":"https:\/\/api.w.org\/{rel}","templated":true}]}}

<p>Documento que contiene los criterios para establecer la fecha de caducidad en embutidos cocidos, loncheados o cortados en porciones, preenvasados en el comercio minorista, en relación con el riesgo de <em>Listeria monocytogenes</em>.</p>
<p>El Comité Científico Asesor de Seguridad Alimentaria aprobó un Informe sobre el establecimiento de la vida útil segura de determinados alimentos listos para el consumo, loncheados y preenvasados en el comercio minorista en relación con el riesgo de <em>Listeria monocytogenes</em>, que se puede consultar en este <a href="https://acsa.gencat.cat/ca/detall/publicacio/Establiment-de-la-vida-util-segura-de-determinats-aliments-a-punt-per-al-consum-llescats-i-preenvasats-en-el-comerc-minorista-en-relacio-amb-el-risc-de-Listeria-monocytogenes" target="_blank" rel="noopener">enlaçe</a>.</p>
