{"id":45959,"date":"2022-11-08T15:43:13","date_gmt":"2022-11-08T15:43:13","guid":{"rendered":"https:\/\/www.aspb.cat\/?post_type=documento&#038;p=45959"},"modified":"2022-11-15T16:21:30","modified_gmt":"2022-11-15T16:21:30","slug":"barcelona-salud-barrios-27","status":"publish","type":"documento","link":"https:\/\/www.aspb.cat\/es\/documentos\/barcelona-salud-barrios-27\/","title":{"rendered":"Barcelona Salut als barris. Bolet\u00edn N\u00ba27"},"content":{"rendered":"<p>Se ha publicado el <a href=\"https:\/\/mailchi.mp\/aspb\/barcelona-salut-als-barris-27\" target=\"_blank\" rel=\"noopener\">bolet\u00edn n\u00famero 27<\/a> de <em>Barcelona Salut als Barris<\/em> durante este mes de octubre de 2022<\/p>\n<p>En este bolet\u00edn le informamos de la <strong>gimnasia suave<\/strong> que se realiza en diferentes espacios del distrito de Sant Mart\u00ed para promocionar el <strong>bienestar emocional<\/strong> entre las personas mayores. Les explicamos la <strong>Jornada de Condiciones Sociales y Salud Mental<\/strong> que ha tenido lugar en la biblioteca de la Zona Nord, a la que asistieron m\u00e1s de 90 personas. Explicamos el inicio del <strong>Aula Ambienta<\/strong>l itinerante en el barrio del Poble-sec y tambi\u00e9n el programa de arte y salud que se desarrolla en la Verneda y la Pau donde la tem\u00e1tica ir\u00e1 enfocada a la emergencia clim\u00e1tica.<\/p>\n<p>Finalmente, presentamos el programa del <strong>XX encuentro del PACAP<\/strong> que este a\u00f1o tendr\u00e1 lugar en Reus.<\/p>\n","protected":false},"featured_media":45975,"template":"","tema":[190,192],"tipusdocument":[335],"class_list":["post-45959","documento","type-documento","status-publish","has-post-thumbnail","hentry","tema-barris-es","tema-entornos","tipusdocument-boletines","publish","author-ext_acaillab","impar","primero"],"acf":[],"yoast_head":"<!-- This site is optimized with the Yoast SEO Premium plugin v27.5 (Yoast SEO v27.5) - https:\/\/yoast.com\/product\/yoast-seo-premium-wordpress\/ -->\n<title>Barcelona Salut als barris. Bolet\u00edn N\u00ba27 - ASPB<\/title>\n<meta name=\"robots\" content=\"index, follow, max-snippet:-1, max-image-preview:large, max-video-preview:-1\" \/>\n<link rel=\"canonical\" href=\"https:\/\/www.aspb.cat\/es\/documents\/barcelona-salud-barrios-27\/\" \/>\n<meta property=\"og:locale\" content=\"es_ES\" \/>\n<meta property=\"og:type\" content=\"article\" \/>\n<meta property=\"og:title\" content=\"Barcelona Salut als barris. Bolet\u00edn N\u00ba27\" \/>\n<meta property=\"og:description\" content=\"Se ha publicado el bolet\u00edn n\u00famero 27 de Barcelona Salut als Barris durante este mes [&hellip;]\" \/>\n<meta property=\"og:url\" content=\"https:\/\/www.aspb.cat\/es\/documents\/barcelona-salud-barrios-27\/\" \/>\n<meta property=\"og:site_name\" content=\"ASPB\" \/>\n<meta property=\"article:publisher\" content=\"https:\/\/www.facebook.com\/salutpublicabcn\" \/>\n<meta property=\"article:modified_time\" content=\"2022-11-15T16:21:30+00:00\" \/>\n<meta property=\"og:image\" content=\"https:\/\/www.aspb.cat\/wp-content\/uploads\/2022\/11\/BSaB_Butlleti_27-DOC.jpg\" \/>\n\t<meta property=\"og:image:width\" content=\"396\" \/>\n\t<meta property=\"og:image:height\" content=\"562\" \/>\n\t<meta property=\"og:image:type\" content=\"image\/jpeg\" \/>\n<meta name=\"twitter:card\" content=\"summary_large_image\" \/>\n<meta name=\"twitter:site\" content=\"@salutpublicabcn\" \/>\n<meta name=\"twitter:label1\" content=\"Tiempo de lectura\" \/>\n\t<meta name=\"twitter:data1\" content=\"1 minuto\" \/>\n<script type=\"application\/ld+json\" class=\"yoast-schema-graph\">{\"@context\":\"https:\\\/\\\/schema.org\",\"@graph\":[{\"@type\":\"WebPage\",\"@id\":\"https:\\\/\\\/www.aspb.cat\\\/es\\\/documents\\\/barcelona-salud-barrios-27\\\/\",\"url\":\"https:\\\/\\\/www.aspb.cat\\\/es\\\/documents\\\/barcelona-salud-barrios-27\\\/\",\"name\":\"Barcelona Salut als barris. Bolet\u00edn N\u00ba27 - ASPB\",\"isPartOf\":{\"@id\":\"https:\\\/\\\/www.aspb.cat\\\/#website\"},\"primaryImageOfPage\":{\"@id\":\"https:\\\/\\\/www.aspb.cat\\\/es\\\/documents\\\/barcelona-salud-barrios-27\\\/#primaryimage\"},\"image\":{\"@id\":\"https:\\\/\\\/www.aspb.cat\\\/es\\\/documents\\\/barcelona-salud-barrios-27\\\/#primaryimage\"},\"thumbnailUrl\":\"https:\\\/\\\/www.aspb.cat\\\/wp-content\\\/uploads\\\/2022\\\/11\\\/BSaB_Butlleti_27-DOC.jpg\",\"datePublished\":\"2022-11-08T15:43:13+00:00\",\"dateModified\":\"2022-11-15T16:21:30+00:00\",\"breadcrumb\":{\"@id\":\"https:\\\/\\\/www.aspb.cat\\\/es\\\/documents\\\/barcelona-salud-barrios-27\\\/#breadcrumb\"},\"inLanguage\":\"es\",\"potentialAction\":[{\"@type\":\"ReadAction\",\"target\":[\"https:\\\/\\\/www.aspb.cat\\\/es\\\/documents\\\/barcelona-salud-barrios-27\\\/\"]}]},{\"@type\":\"ImageObject\",\"inLanguage\":\"es\",\"@id\":\"https:\\\/\\\/www.aspb.cat\\\/es\\\/documents\\\/barcelona-salud-barrios-27\\\/#primaryimage\",\"url\":\"https:\\\/\\\/www.aspb.cat\\\/wp-content\\\/uploads\\\/2022\\\/11\\\/BSaB_Butlleti_27-DOC.jpg\",\"contentUrl\":\"https:\\\/\\\/www.aspb.cat\\\/wp-content\\\/uploads\\\/2022\\\/11\\\/BSaB_Butlleti_27-DOC.jpg\",\"width\":396,\"height\":562},{\"@type\":\"BreadcrumbList\",\"@id\":\"https:\\\/\\\/www.aspb.cat\\\/es\\\/documents\\\/barcelona-salud-barrios-27\\\/#breadcrumb\",\"itemListElement\":[{\"@type\":\"ListItem\",\"position\":1,\"name\":\"Inici\",\"item\":\"https:\\\/\\\/www.aspb.cat\\\/es\\\/\"},{\"@type\":\"ListItem\",\"position\":2,\"name\":\"Documents\",\"item\":\"https:\\\/\\\/www.aspb.cat\\\/documents\\\/\"},{\"@type\":\"ListItem\",\"position\":3,\"name\":\"Barcelona Salut als barris. Bolet\u00edn N\u00ba27\"}]},{\"@type\":\"WebSite\",\"@id\":\"https:\\\/\\\/www.aspb.cat\\\/#website\",\"url\":\"https:\\\/\\\/www.aspb.cat\\\/\",\"name\":\"ASPB\",\"description\":\"Just another WordPress site\",\"potentialAction\":[{\"@type\":\"SearchAction\",\"target\":{\"@type\":\"EntryPoint\",\"urlTemplate\":\"https:\\\/\\\/www.aspb.cat\\\/?s={search_term_string}\"},\"query-input\":{\"@type\":\"PropertyValueSpecification\",\"valueRequired\":true,\"valueName\":\"search_term_string\"}}],\"inLanguage\":\"es\"}]}<\/script>\n<!-- \/ Yoast SEO Premium plugin. -->","yoast_head_json":{"title":"Barcelona Salut als barris. Bolet\u00edn N\u00ba27 - ASPB","robots":{"index":"index","follow":"follow","max-snippet":"max-snippet:-1","max-image-preview":"max-image-preview:large","max-video-preview":"max-video-preview:-1"},"canonical":"https:\/\/www.aspb.cat\/es\/documents\/barcelona-salud-barrios-27\/","og_locale":"es_ES","og_type":"article","og_title":"Barcelona Salut als barris. Bolet\u00edn N\u00ba27","og_description":"Se ha publicado el bolet\u00edn n\u00famero 27 de Barcelona Salut als Barris durante este mes [&hellip;]","og_url":"https:\/\/www.aspb.cat\/es\/documents\/barcelona-salud-barrios-27\/","og_site_name":"ASPB","article_publisher":"https:\/\/www.facebook.com\/salutpublicabcn","article_modified_time":"2022-11-15T16:21:30+00:00","og_image":[{"width":396,"height":562,"url":"https:\/\/www.aspb.cat\/wp-content\/uploads\/2022\/11\/BSaB_Butlleti_27-DOC.jpg","type":"image\/jpeg"}],"twitter_card":"summary_large_image","twitter_site":"@salutpublicabcn","twitter_misc":{"Tiempo de lectura":"1 minuto"},"schema":{"@context":"https:\/\/schema.org","@graph":[{"@type":"WebPage","@id":"https:\/\/www.aspb.cat\/es\/documents\/barcelona-salud-barrios-27\/","url":"https:\/\/www.aspb.cat\/es\/documents\/barcelona-salud-barrios-27\/","name":"Barcelona Salut als barris. Bolet\u00edn N\u00ba27 - ASPB","isPartOf":{"@id":"https:\/\/www.aspb.cat\/#website"},"primaryImageOfPage":{"@id":"https:\/\/www.aspb.cat\/es\/documents\/barcelona-salud-barrios-27\/#primaryimage"},"image":{"@id":"https:\/\/www.aspb.cat\/es\/documents\/barcelona-salud-barrios-27\/#primaryimage"},"thumbnailUrl":"https:\/\/www.aspb.cat\/wp-content\/uploads\/2022\/11\/BSaB_Butlleti_27-DOC.jpg","datePublished":"2022-11-08T15:43:13+00:00","dateModified":"2022-11-15T16:21:30+00:00","breadcrumb":{"@id":"https:\/\/www.aspb.cat\/es\/documents\/barcelona-salud-barrios-27\/#breadcrumb"},"inLanguage":"es","potentialAction":[{"@type":"ReadAction","target":["https:\/\/www.aspb.cat\/es\/documents\/barcelona-salud-barrios-27\/"]}]},{"@type":"ImageObject","inLanguage":"es","@id":"https:\/\/www.aspb.cat\/es\/documents\/barcelona-salud-barrios-27\/#primaryimage","url":"https:\/\/www.aspb.cat\/wp-content\/uploads\/2022\/11\/BSaB_Butlleti_27-DOC.jpg","contentUrl":"https:\/\/www.aspb.cat\/wp-content\/uploads\/2022\/11\/BSaB_Butlleti_27-DOC.jpg","width":396,"height":562},{"@type":"BreadcrumbList","@id":"https:\/\/www.aspb.cat\/es\/documents\/barcelona-salud-barrios-27\/#breadcrumb","itemListElement":[{"@type":"ListItem","position":1,"name":"Inici","item":"https:\/\/www.aspb.cat\/es\/"},{"@type":"ListItem","position":2,"name":"Documents","item":"https:\/\/www.aspb.cat\/documents\/"},{"@type":"ListItem","position":3,"name":"Barcelona Salut als barris. Bolet\u00edn N\u00ba27"}]},{"@type":"WebSite","@id":"https:\/\/www.aspb.cat\/#website","url":"https:\/\/www.aspb.cat\/","name":"ASPB","description":"Just another WordPress site","potentialAction":[{"@type":"SearchAction","target":{"@type":"EntryPoint","urlTemplate":"https:\/\/www.aspb.cat\/?s={search_term_string}"},"query-input":{"@type":"PropertyValueSpecification","valueRequired":true,"valueName":"search_term_string"}}],"inLanguage":"es"}]}},"_links":{"self":[{"href":"https:\/\/www.aspb.cat\/es\/wp-json\/wp\/v2\/documento\/45959","targetHints":{"allow":["GET"]}}],"collection":[{"href":"https:\/\/www.aspb.cat\/es\/wp-json\/wp\/v2\/documento"}],"about":[{"href":"https:\/\/www.aspb.cat\/es\/wp-json\/wp\/v2\/types\/documento"}],"version-history":[{"count":5,"href":"https:\/\/www.aspb.cat\/es\/wp-json\/wp\/v2\/documento\/45959\/revisions"}],"predecessor-version":[{"id":46270,"href":"https:\/\/www.aspb.cat\/es\/wp-json\/wp\/v2\/documento\/45959\/revisions\/46270"}],"wp:featuredmedia":[{"embeddable":true,"href":"https:\/\/www.aspb.cat\/es\/wp-json\/wp\/v2\/media\/45975"}],"wp:attachment":[{"href":"https:\/\/www.aspb.cat\/es\/wp-json\/wp\/v2\/media?parent=45959"}],"wp:term":[{"taxonomy":"tema","embeddable":true,"href":"https:\/\/www.aspb.cat\/es\/wp-json\/wp\/v2\/tema?post=45959"},{"taxonomy":"tipusdocument","embeddable":true,"href":"https:\/\/www.aspb.cat\/es\/wp-json\/wp\/v2\/tipusdocument?post=45959"}],"curies":[{"name":"wp","href":"https:\/\/api.w.org\/{rel}","templated":true}]}}

Barcelona Salut als barris. Boletín Nº27

<p>Se ha publicado el <a href="https://mailchi.mp/aspb/barcelona-salut-als-barris-27" target="_blank" rel="noopener">boletín número 27</a> de <em>Barcelona Salut als Barris</em> durante este mes de octubre de 2022</p>
<p>En este boletín le informamos de la <strong>gimnasia suave</strong> que se realiza en diferentes espacios del distrito de Sant Martí para promocionar el <strong>bienestar emocional</strong> entre las personas mayores. Les explicamos la <strong>Jornada de Condiciones Sociales y Salud Mental</strong> que ha tenido lugar en la biblioteca de la Zona Nord, a la que asistieron más de 90 personas. Explicamos el inicio del <strong>Aula Ambienta</strong>l itinerante en el barrio del Poble-sec y también el programa de arte y salud que se desarrolla en la Verneda y la Pau donde la temática irá enfocada a la emergencia climática.</p>
<p>Finalmente, presentamos el programa del <strong>XX encuentro del PACAP</strong> que este año tendrá lugar en Reus.</p>

<!-- This site is optimized with the Yoast SEO Premium plugin v27.5 (Yoast SEO v27.5) - https://yoast.com/product/yoast-seo-premium-wordpress/ -->
<title>Barcelona Salut als barris. Boletín Nº27 - ASPB</title>
<meta name="robots" content="index, follow, max-snippet:-1, max-image-preview:large, max-video-preview:-1" />
<link rel="canonical" href="https://www.aspb.cat/es/documents/barcelona-salud-barrios-27/" />
<meta property="og:locale" content="es_ES" />
<meta property="og:type" content="article" />
<meta property="og:title" content="Barcelona Salut als barris. Boletín Nº27" />
<meta property="og:description" content="Se ha publicado el boletín número 27 de Barcelona Salut als Barris durante este mes [&hellip;]" />
<meta property="og:url" content="https://www.aspb.cat/es/documents/barcelona-salud-barrios-27/" />
<meta property="og:site_name" content="ASPB" />
<meta property="article:publisher" content="https://www.facebook.com/salutpublicabcn" />
<meta property="article:modified_time" content="2022-11-15T16:21:30+00:00" />
<meta property="og:image" content="https://www.aspb.cat/wp-content/uploads/2022/11/BSaB_Butlleti_27-DOC.jpg" />
	<meta property="og:image:width" content="396" />
	<meta property="og:image:height" content="562" />
	<meta property="og:image:type" content="image/jpeg" />
<meta name="twitter:card" content="summary_large_image" />
<meta name="twitter:site" content="@salutpublicabcn" />
<meta name="twitter:label1" content="Tiempo de lectura" />
	<meta name="twitter:data1" content="1 minuto" />
<script type="application/ld+json" class="yoast-schema-graph">{"@context":"https:\/\/schema.org","@graph":[{"@type":"WebPage","@id":"https:\/\/www.aspb.cat\/es\/documents\/barcelona-salud-barrios-27\/","url":"https:\/\/www.aspb.cat\/es\/documents\/barcelona-salud-barrios-27\/","name":"Barcelona Salut als barris. Boletín Nº27 - ASPB","isPartOf":{"@id":"https:\/\/www.aspb.cat\/#website"},"primaryImageOfPage":{"@id":"https:\/\/www.aspb.cat\/es\/documents\/barcelona-salud-barrios-27\/#primaryimage"},"image":{"@id":"https:\/\/www.aspb.cat\/es\/documents\/barcelona-salud-barrios-27\/#primaryimage"},"thumbnailUrl":"https:\/\/www.aspb.cat\/wp-content\/uploads\/2022\/11\/BSaB_Butlleti_27-DOC.jpg","datePublished":"2022-11-08T15:43:13+00:00","dateModified":"2022-11-15T16:21:30+00:00","breadcrumb":{"@id":"https:\/\/www.aspb.cat\/es\/documents\/barcelona-salud-barrios-27\/#breadcrumb"},"inLanguage":"es","potentialAction":[{"@type":"ReadAction","target":["https:\/\/www.aspb.cat\/es\/documents\/barcelona-salud-barrios-27\/"]}]},{"@type":"ImageObject","inLanguage":"es","@id":"https:\/\/www.aspb.cat\/es\/documents\/barcelona-salud-barrios-27\/#primaryimage","url":"https:\/\/www.aspb.cat\/wp-content\/uploads\/2022\/11\/BSaB_Butlleti_27-DOC.jpg","contentUrl":"https:\/\/www.aspb.cat\/wp-content\/uploads\/2022\/11\/BSaB_Butlleti_27-DOC.jpg","width":396,"height":562},{"@type":"BreadcrumbList","@id":"https:\/\/www.aspb.cat\/es\/documents\/barcelona-salud-barrios-27\/#breadcrumb","itemListElement":[{"@type":"ListItem","position":1,"name":"Inici","item":"https:\/\/www.aspb.cat\/es\/"},{"@type":"ListItem","position":2,"name":"Documents","item":"https:\/\/www.aspb.cat\/documents\/"},{"@type":"ListItem","position":3,"name":"Barcelona Salut als barris. Boletín Nº27"}]},{"@type":"WebSite","@id":"https:\/\/www.aspb.cat\/#website","url":"https:\/\/www.aspb.cat\/","name":"ASPB","description":"Just another WordPress site","potentialAction":[{"@type":"SearchAction","target":{"@type":"EntryPoint","urlTemplate":"https:\/\/www.aspb.cat\/?s={search_term_string}"},"query-input":{"@type":"PropertyValueSpecification","valueRequired":true,"valueName":"search_term_string"}}],"inLanguage":"es"}]}</script>
<!-- / Yoast SEO Premium plugin. -->

Barcelona Salut als barris. Boletín Nº27 - ASPB

Se ha publicado el boletín número 27 de Barcelona Salut als Barris durante este mes [&hellip;]
