{"id":45017,"date":"2022-08-01T17:04:47","date_gmt":"2022-08-01T17:04:47","guid":{"rendered":"https:\/\/www.aspb.cat\/documents\/estat-exclusio-residencial\/"},"modified":"2022-09-07T20:32:02","modified_gmt":"2022-09-07T20:32:02","slug":"estado-exclusion-residencial","status":"publish","type":"documento","link":"https:\/\/www.aspb.cat\/es\/documentos\/estado-exclusion-residencial\/","title":{"rendered":"Estado de la exclusi\u00f3n residencial: impactos de la ley 24\/2015 y otras medidas de respuesta"},"content":{"rendered":"<p>Acceder a la vivienda y hacer frente a los gastos derivados de los suministros b\u00e1sicos son problemas que actualmente sufren muchas familias catalanas. En este informe se expone cu\u00e1l ha sido el papel de movimientos sociales como la PAH y la APE como identificadores del problema de la emergencia habitacional y pobreza energ\u00e9tica, y el impulso de nuevas legislaciones que puedan dar respuesta. En concreto, el informe se centra en la Ley 24\/2015 de medidas urgentes para hacer frente a la emergencia habitacional y la pobreza energ\u00e9tica, un gran hito conseguido gracias a la movilizaci\u00f3n social. Sin embargo, se pretenden explicar estas problem\u00e1ticas y sus relaciones con la salud de quien las sufre. Los resultados y conclusiones de la investigaci\u00f3n han permitido generar unas recomendaciones que, de aplicarse, permitir\u00edan reducir estas problem\u00e1ticas y sus efectos.<\/p>\n","protected":false},"featured_media":45018,"template":"","tema":[192,340],"tipusdocument":[167],"class_list":["post-45017","documento","type-documento","status-publish","has-post-thumbnail","hentry","tema-entornos","tema-vivienda","tipusdocument-informes","publish","author-ext_acaillab","impar","primero"],"acf":[],"yoast_head":"<!-- This site is optimized with the Yoast SEO Premium plugin v27.5 (Yoast SEO v27.5) - https:\/\/yoast.com\/product\/yoast-seo-premium-wordpress\/ -->\n<title>Estado de la exclusi\u00f3n residencial: impactos de la ley 24\/2015 y otras medidas de respuesta - ASPB<\/title>\n<meta name=\"robots\" content=\"index, follow, max-snippet:-1, max-image-preview:large, max-video-preview:-1\" \/>\n<link rel=\"canonical\" href=\"https:\/\/www.aspb.cat\/es\/documents\/estado-exclusion-residencial\/\" \/>\n<meta property=\"og:locale\" content=\"es_ES\" \/>\n<meta property=\"og:type\" content=\"article\" \/>\n<meta property=\"og:title\" content=\"Estado de la exclusi\u00f3n residencial: impactos de la ley 24\/2015 y otras medidas de respuesta\" \/>\n<meta property=\"og:description\" content=\"Acceder a la vivienda y hacer frente a los gastos derivados de los suministros b\u00e1sicos [&hellip;]\" \/>\n<meta property=\"og:url\" content=\"https:\/\/www.aspb.cat\/es\/documents\/estado-exclusion-residencial\/\" \/>\n<meta property=\"og:site_name\" content=\"ASPB\" \/>\n<meta property=\"article:publisher\" content=\"https:\/\/www.facebook.com\/salutpublicabcn\" \/>\n<meta property=\"article:modified_time\" content=\"2022-09-07T20:32:02+00:00\" \/>\n<meta property=\"og:image\" content=\"https:\/\/www.aspb.cat\/wp-content\/uploads\/2022\/08\/Estat-exclusio-residencial-IMG.jpg\" \/>\n\t<meta property=\"og:image:width\" content=\"595\" \/>\n\t<meta property=\"og:image:height\" content=\"842\" \/>\n\t<meta property=\"og:image:type\" content=\"image\/jpeg\" \/>\n<meta name=\"twitter:card\" content=\"summary_large_image\" \/>\n<meta name=\"twitter:site\" content=\"@salutpublicabcn\" \/>\n<meta name=\"twitter:label1\" content=\"Tiempo de lectura\" \/>\n\t<meta name=\"twitter:data1\" content=\"1 minuto\" \/>\n<script type=\"application\/ld+json\" class=\"yoast-schema-graph\">{\"@context\":\"https:\\\/\\\/schema.org\",\"@graph\":[{\"@type\":\"WebPage\",\"@id\":\"https:\\\/\\\/www.aspb.cat\\\/es\\\/documents\\\/estado-exclusion-residencial\\\/\",\"url\":\"https:\\\/\\\/www.aspb.cat\\\/es\\\/documents\\\/estado-exclusion-residencial\\\/\",\"name\":\"Estado de la exclusi\u00f3n residencial: impactos de la ley 24\\\/2015 y otras medidas de respuesta - ASPB\",\"isPartOf\":{\"@id\":\"https:\\\/\\\/www.aspb.cat\\\/#website\"},\"primaryImageOfPage\":{\"@id\":\"https:\\\/\\\/www.aspb.cat\\\/es\\\/documents\\\/estado-exclusion-residencial\\\/#primaryimage\"},\"image\":{\"@id\":\"https:\\\/\\\/www.aspb.cat\\\/es\\\/documents\\\/estado-exclusion-residencial\\\/#primaryimage\"},\"thumbnailUrl\":\"https:\\\/\\\/www.aspb.cat\\\/wp-content\\\/uploads\\\/2022\\\/08\\\/Estat-exclusio-residencial-IMG.jpg\",\"datePublished\":\"2022-08-01T17:04:47+00:00\",\"dateModified\":\"2022-09-07T20:32:02+00:00\",\"breadcrumb\":{\"@id\":\"https:\\\/\\\/www.aspb.cat\\\/es\\\/documents\\\/estado-exclusion-residencial\\\/#breadcrumb\"},\"inLanguage\":\"es\",\"potentialAction\":[{\"@type\":\"ReadAction\",\"target\":[\"https:\\\/\\\/www.aspb.cat\\\/es\\\/documents\\\/estado-exclusion-residencial\\\/\"]}]},{\"@type\":\"ImageObject\",\"inLanguage\":\"es\",\"@id\":\"https:\\\/\\\/www.aspb.cat\\\/es\\\/documents\\\/estado-exclusion-residencial\\\/#primaryimage\",\"url\":\"https:\\\/\\\/www.aspb.cat\\\/wp-content\\\/uploads\\\/2022\\\/08\\\/Estat-exclusio-residencial-IMG.jpg\",\"contentUrl\":\"https:\\\/\\\/www.aspb.cat\\\/wp-content\\\/uploads\\\/2022\\\/08\\\/Estat-exclusio-residencial-IMG.jpg\",\"width\":595,\"height\":842},{\"@type\":\"BreadcrumbList\",\"@id\":\"https:\\\/\\\/www.aspb.cat\\\/es\\\/documents\\\/estado-exclusion-residencial\\\/#breadcrumb\",\"itemListElement\":[{\"@type\":\"ListItem\",\"position\":1,\"name\":\"Inici\",\"item\":\"https:\\\/\\\/www.aspb.cat\\\/es\\\/\"},{\"@type\":\"ListItem\",\"position\":2,\"name\":\"Documents\",\"item\":\"https:\\\/\\\/www.aspb.cat\\\/documents\\\/\"},{\"@type\":\"ListItem\",\"position\":3,\"name\":\"Estado de la exclusi\u00f3n residencial: impactos de la ley 24\\\/2015 y otras medidas de respuesta\"}]},{\"@type\":\"WebSite\",\"@id\":\"https:\\\/\\\/www.aspb.cat\\\/#website\",\"url\":\"https:\\\/\\\/www.aspb.cat\\\/\",\"name\":\"ASPB\",\"description\":\"Just another WordPress site\",\"potentialAction\":[{\"@type\":\"SearchAction\",\"target\":{\"@type\":\"EntryPoint\",\"urlTemplate\":\"https:\\\/\\\/www.aspb.cat\\\/?s={search_term_string}\"},\"query-input\":{\"@type\":\"PropertyValueSpecification\",\"valueRequired\":true,\"valueName\":\"search_term_string\"}}],\"inLanguage\":\"es\"}]}<\/script>\n<!-- \/ Yoast SEO Premium plugin. -->","yoast_head_json":{"title":"Estado de la exclusi\u00f3n residencial: impactos de la ley 24\/2015 y otras medidas de respuesta - ASPB","robots":{"index":"index","follow":"follow","max-snippet":"max-snippet:-1","max-image-preview":"max-image-preview:large","max-video-preview":"max-video-preview:-1"},"canonical":"https:\/\/www.aspb.cat\/es\/documents\/estado-exclusion-residencial\/","og_locale":"es_ES","og_type":"article","og_title":"Estado de la exclusi\u00f3n residencial: impactos de la ley 24\/2015 y otras medidas de respuesta","og_description":"Acceder a la vivienda y hacer frente a los gastos derivados de los suministros b\u00e1sicos [&hellip;]","og_url":"https:\/\/www.aspb.cat\/es\/documents\/estado-exclusion-residencial\/","og_site_name":"ASPB","article_publisher":"https:\/\/www.facebook.com\/salutpublicabcn","article_modified_time":"2022-09-07T20:32:02+00:00","og_image":[{"width":595,"height":842,"url":"https:\/\/www.aspb.cat\/wp-content\/uploads\/2022\/08\/Estat-exclusio-residencial-IMG.jpg","type":"image\/jpeg"}],"twitter_card":"summary_large_image","twitter_site":"@salutpublicabcn","twitter_misc":{"Tiempo de lectura":"1 minuto"},"schema":{"@context":"https:\/\/schema.org","@graph":[{"@type":"WebPage","@id":"https:\/\/www.aspb.cat\/es\/documents\/estado-exclusion-residencial\/","url":"https:\/\/www.aspb.cat\/es\/documents\/estado-exclusion-residencial\/","name":"Estado de la exclusi\u00f3n residencial: impactos de la ley 24\/2015 y otras medidas de respuesta - ASPB","isPartOf":{"@id":"https:\/\/www.aspb.cat\/#website"},"primaryImageOfPage":{"@id":"https:\/\/www.aspb.cat\/es\/documents\/estado-exclusion-residencial\/#primaryimage"},"image":{"@id":"https:\/\/www.aspb.cat\/es\/documents\/estado-exclusion-residencial\/#primaryimage"},"thumbnailUrl":"https:\/\/www.aspb.cat\/wp-content\/uploads\/2022\/08\/Estat-exclusio-residencial-IMG.jpg","datePublished":"2022-08-01T17:04:47+00:00","dateModified":"2022-09-07T20:32:02+00:00","breadcrumb":{"@id":"https:\/\/www.aspb.cat\/es\/documents\/estado-exclusion-residencial\/#breadcrumb"},"inLanguage":"es","potentialAction":[{"@type":"ReadAction","target":["https:\/\/www.aspb.cat\/es\/documents\/estado-exclusion-residencial\/"]}]},{"@type":"ImageObject","inLanguage":"es","@id":"https:\/\/www.aspb.cat\/es\/documents\/estado-exclusion-residencial\/#primaryimage","url":"https:\/\/www.aspb.cat\/wp-content\/uploads\/2022\/08\/Estat-exclusio-residencial-IMG.jpg","contentUrl":"https:\/\/www.aspb.cat\/wp-content\/uploads\/2022\/08\/Estat-exclusio-residencial-IMG.jpg","width":595,"height":842},{"@type":"BreadcrumbList","@id":"https:\/\/www.aspb.cat\/es\/documents\/estado-exclusion-residencial\/#breadcrumb","itemListElement":[{"@type":"ListItem","position":1,"name":"Inici","item":"https:\/\/www.aspb.cat\/es\/"},{"@type":"ListItem","position":2,"name":"Documents","item":"https:\/\/www.aspb.cat\/documents\/"},{"@type":"ListItem","position":3,"name":"Estado de la exclusi\u00f3n residencial: impactos de la ley 24\/2015 y otras medidas de respuesta"}]},{"@type":"WebSite","@id":"https:\/\/www.aspb.cat\/#website","url":"https:\/\/www.aspb.cat\/","name":"ASPB","description":"Just another WordPress site","potentialAction":[{"@type":"SearchAction","target":{"@type":"EntryPoint","urlTemplate":"https:\/\/www.aspb.cat\/?s={search_term_string}"},"query-input":{"@type":"PropertyValueSpecification","valueRequired":true,"valueName":"search_term_string"}}],"inLanguage":"es"}]}},"_links":{"self":[{"href":"https:\/\/www.aspb.cat\/es\/wp-json\/wp\/v2\/documento\/45017","targetHints":{"allow":["GET"]}}],"collection":[{"href":"https:\/\/www.aspb.cat\/es\/wp-json\/wp\/v2\/documento"}],"about":[{"href":"https:\/\/www.aspb.cat\/es\/wp-json\/wp\/v2\/types\/documento"}],"version-history":[{"count":2,"href":"https:\/\/www.aspb.cat\/es\/wp-json\/wp\/v2\/documento\/45017\/revisions"}],"predecessor-version":[{"id":45036,"href":"https:\/\/www.aspb.cat\/es\/wp-json\/wp\/v2\/documento\/45017\/revisions\/45036"}],"wp:featuredmedia":[{"embeddable":true,"href":"https:\/\/www.aspb.cat\/es\/wp-json\/wp\/v2\/media\/45018"}],"wp:attachment":[{"href":"https:\/\/www.aspb.cat\/es\/wp-json\/wp\/v2\/media?parent=45017"}],"wp:term":[{"taxonomy":"tema","embeddable":true,"href":"https:\/\/www.aspb.cat\/es\/wp-json\/wp\/v2\/tema?post=45017"},{"taxonomy":"tipusdocument","embeddable":true,"href":"https:\/\/www.aspb.cat\/es\/wp-json\/wp\/v2\/tipusdocument?post=45017"}],"curies":[{"name":"wp","href":"https:\/\/api.w.org\/{rel}","templated":true}]}}

Estado de la exclusión residencial: impactos de la ley 24/2015 y otras medidas de respuesta

<p>Acceder a la vivienda y hacer frente a los gastos derivados de los suministros básicos son problemas que actualmente sufren muchas familias catalanas. En este informe se expone cuál ha sido el papel de movimientos sociales como la PAH y la APE como identificadores del problema de la emergencia habitacional y pobreza energética, y el impulso de nuevas legislaciones que puedan dar respuesta. En concreto, el informe se centra en la Ley 24/2015 de medidas urgentes para hacer frente a la emergencia habitacional y la pobreza energética, un gran hito conseguido gracias a la movilización social. Sin embargo, se pretenden explicar estas problemáticas y sus relaciones con la salud de quien las sufre. Los resultados y conclusiones de la investigación han permitido generar unas recomendaciones que, de aplicarse, permitirían reducir estas problemáticas y sus efectos.</p>

<!-- This site is optimized with the Yoast SEO Premium plugin v27.5 (Yoast SEO v27.5) - https://yoast.com/product/yoast-seo-premium-wordpress/ -->
<title>Estado de la exclusión residencial: impactos de la ley 24/2015 y otras medidas de respuesta - ASPB</title>
<meta name="robots" content="index, follow, max-snippet:-1, max-image-preview:large, max-video-preview:-1" />
<link rel="canonical" href="https://www.aspb.cat/es/documents/estado-exclusion-residencial/" />
<meta property="og:locale" content="es_ES" />
<meta property="og:type" content="article" />
<meta property="og:title" content="Estado de la exclusión residencial: impactos de la ley 24/2015 y otras medidas de respuesta" />
<meta property="og:description" content="Acceder a la vivienda y hacer frente a los gastos derivados de los suministros básicos [&hellip;]" />
<meta property="og:url" content="https://www.aspb.cat/es/documents/estado-exclusion-residencial/" />
<meta property="og:site_name" content="ASPB" />
<meta property="article:publisher" content="https://www.facebook.com/salutpublicabcn" />
<meta property="article:modified_time" content="2022-09-07T20:32:02+00:00" />
<meta property="og:image" content="https://www.aspb.cat/wp-content/uploads/2022/08/Estat-exclusio-residencial-IMG.jpg" />
	<meta property="og:image:width" content="595" />
	<meta property="og:image:height" content="842" />
	<meta property="og:image:type" content="image/jpeg" />
<meta name="twitter:card" content="summary_large_image" />
<meta name="twitter:site" content="@salutpublicabcn" />
<meta name="twitter:label1" content="Tiempo de lectura" />
	<meta name="twitter:data1" content="1 minuto" />
<script type="application/ld+json" class="yoast-schema-graph">{"@context":"https:\/\/schema.org","@graph":[{"@type":"WebPage","@id":"https:\/\/www.aspb.cat\/es\/documents\/estado-exclusion-residencial\/","url":"https:\/\/www.aspb.cat\/es\/documents\/estado-exclusion-residencial\/","name":"Estado de la exclusión residencial: impactos de la ley 24\/2015 y otras medidas de respuesta - ASPB","isPartOf":{"@id":"https:\/\/www.aspb.cat\/#website"},"primaryImageOfPage":{"@id":"https:\/\/www.aspb.cat\/es\/documents\/estado-exclusion-residencial\/#primaryimage"},"image":{"@id":"https:\/\/www.aspb.cat\/es\/documents\/estado-exclusion-residencial\/#primaryimage"},"thumbnailUrl":"https:\/\/www.aspb.cat\/wp-content\/uploads\/2022\/08\/Estat-exclusio-residencial-IMG.jpg","datePublished":"2022-08-01T17:04:47+00:00","dateModified":"2022-09-07T20:32:02+00:00","breadcrumb":{"@id":"https:\/\/www.aspb.cat\/es\/documents\/estado-exclusion-residencial\/#breadcrumb"},"inLanguage":"es","potentialAction":[{"@type":"ReadAction","target":["https:\/\/www.aspb.cat\/es\/documents\/estado-exclusion-residencial\/"]}]},{"@type":"ImageObject","inLanguage":"es","@id":"https:\/\/www.aspb.cat\/es\/documents\/estado-exclusion-residencial\/#primaryimage","url":"https:\/\/www.aspb.cat\/wp-content\/uploads\/2022\/08\/Estat-exclusio-residencial-IMG.jpg","contentUrl":"https:\/\/www.aspb.cat\/wp-content\/uploads\/2022\/08\/Estat-exclusio-residencial-IMG.jpg","width":595,"height":842},{"@type":"BreadcrumbList","@id":"https:\/\/www.aspb.cat\/es\/documents\/estado-exclusion-residencial\/#breadcrumb","itemListElement":[{"@type":"ListItem","position":1,"name":"Inici","item":"https:\/\/www.aspb.cat\/es\/"},{"@type":"ListItem","position":2,"name":"Documents","item":"https:\/\/www.aspb.cat\/documents\/"},{"@type":"ListItem","position":3,"name":"Estado de la exclusión residencial: impactos de la ley 24\/2015 y otras medidas de respuesta"}]},{"@type":"WebSite","@id":"https:\/\/www.aspb.cat\/#website","url":"https:\/\/www.aspb.cat\/","name":"ASPB","description":"Just another WordPress site","potentialAction":[{"@type":"SearchAction","target":{"@type":"EntryPoint","urlTemplate":"https:\/\/www.aspb.cat\/?s={search_term_string}"},"query-input":{"@type":"PropertyValueSpecification","valueRequired":true,"valueName":"search_term_string"}}],"inLanguage":"es"}]}</script>
<!-- / Yoast SEO Premium plugin. -->

Estado de la exclusión residencial: impactos de la ley 24/2015 y otras medidas de respuesta - ASPB

Acceder a la vivienda y hacer frente a los gastos derivados de los suministros básicos [&hellip;]
