{"id":41888,"date":"2022-03-28T12:59:06","date_gmt":"2022-03-28T12:59:06","guid":{"rendered":"https:\/\/www.aspb.cat\/documents\/salut-determinants-alumnat-adolescent-enquesta-fresc\/"},"modified":"2026-01-27T10:21:29","modified_gmt":"2026-01-27T10:21:29","slug":"salud-determinantes-alumnado-adolescente-encuesta-fresc","status":"publish","type":"documento","link":"https:\/\/www.aspb.cat\/es\/documentos\/salud-determinantes-alumnado-adolescente-encuesta-fresc\/","title":{"rendered":"La salud y sus determinantes en el alumnado adolescente 2025"},"content":{"rendered":"\n<p>La <em>Ag\u00e8ncia de Salut P\u00fablica de Barcelona<\/em>> (ASPB) ha publicado los resultados de la nueva edici\u00f3n de la encuesta de la encuesta Factores de Riesgo en Estudiantes de Secundaria (FRESCO), realizada a casi 3.700 estudiantes de secundaria, bachillerato, entre febrero y mayo de 2025. El estudio se elabora peri\u00f3dicamente para conocer los determinantes, comportamientos y actitudes relacionadas con la salud en el alumnado adolescente de 13 a 19 a\u00f1os. Los datos obtenidos sirven para orientar y evaluar pol\u00edticas e intervenciones de promoci\u00f3n de la salud dirigidas a esta poblaci\u00f3n.<\/p>\n\n<p>Seg\u00fan los resultados crece el l\u00edmite de tiempo de uso del m\u00f3vil a casa. M\u00e1s de la mitad del alumnado de 2.\u00ba de ESO y casi un tercio de 4.\u00ba de ESO afirma tener restricciones, una tendencia al alza respecto al 2021. Aun as\u00ed, el m\u00f3vil contin\u00faa siendo el dispositivo al cual m\u00e1s tiempo le dedican, con una media de unas 5 horas diarias los fines de semana. Como novedad, la consulta aporta datos sobre el consumo de pornograf\u00eda, el primer contacto se sit\u00faa en los 12 a\u00f1os y el consumo es m\u00e1s frecuente en los chicos.<\/p>\n\n<p>La salud global de la poblaci\u00f3n adolescente es buena, seg\u00fan el estudio, mejora la salud percibida y el bienestar emocional. Por otro lado, sigue la tendencia al alza de la insatisfacci\u00f3n con el propio cuerpo. Aumenta m\u00e1s de 10 puntos porcentuales respecto a 2021 y contin\u00faa siendo m\u00e1s frecuente en las chicas (3 de cada 4).<\/p>\n\n<p>El aspecto f\u00edsico contin\u00faa siendo la principal causa de discriminaci\u00f3n en ambos sexos y ha aumentado sobre todo entre los chicos. Aun as\u00ed, se observa un aumento de la discriminaci\u00f3n por motivos de origen que se sit\u00faa como segunda causa en los chicos. En las chicas se mantiene como segunda causa la discriminaci\u00f3n por raz\u00f3n de g\u00e9nero.<\/p>\n\n<p>Con relaci\u00f3n a las violencias, aumenta la frecuencia de maltrato escolar (*bullying), tanto en cuanto a ser v\u00edctimas como ser agresores\/se. Es m\u00e1s frecuente a los niveles de ESO y va disminuyendo con la edad. No se observan diferencias seg\u00fan nivel socioecon\u00f3mico.<\/p>\n\n<p>Se confirma en positivo la bajada del consumo de tabaco, cannabis, y alcohol, pero crece el uso de pitillos electr\u00f3nicos. Destaca tambi\u00e9n el aumento del juego de apuestas, sobre todo entre los chicos.<\/p>\n\n<p>Esta edici\u00f3n recoge tambi\u00e9n en qu\u00e9 medida el alumnado adolescente est\u00e1 preocupado por algunas crisis globales. En general, las que m\u00e1s preocupan son las crisis econ\u00f3micas, el cambio clim\u00e1tico y las guerras. Las chicas muestran m\u00e1s inquietud y hay diferencias seg\u00fan el nivel socioecon\u00f3mico del barrio donde se ubica el centro.<\/p>\n\n\n\n<div class=\"moure_faqs_aqui\"><\/div>\n\n\n\n<div class=\"figure\"><\/div>\n","protected":false},"featured_media":62159,"template":"","tema":[150,186,192,199,333,351],"tipusdocument":[155],"class_list":["post-41888","documento","type-documento","status-publish","has-post-thumbnail","hentry","tema-salud-cifras-es","tema-etapas-vida","tema-entornos","tema-encuesta-fresc","tema-escuelas","tema-adolescencia-es","tipusdocument-material-divulgativo","publish","author-ext_acaillab","impar","primero"],"acf":[],"yoast_head":"<!-- This site is optimized with the Yoast SEO Premium plugin v27.5 (Yoast SEO v27.5) - https:\/\/yoast.com\/product\/yoast-seo-premium-wordpress\/ -->\n<title>La salud y sus determinantes en el alumnado adolescente 2025 - ASPB<\/title>\n<meta name=\"robots\" content=\"index, follow, max-snippet:-1, max-image-preview:large, max-video-preview:-1\" \/>\n<link rel=\"canonical\" href=\"https:\/\/www.aspb.cat\/es\/documentos\/salud-determinantes-alumnado-adolescente-encuesta-fresc\/\" \/>\n<meta property=\"og:locale\" content=\"es_ES\" \/>\n<meta property=\"og:type\" content=\"article\" \/>\n<meta property=\"og:title\" content=\"La salud y sus determinantes en el alumnado adolescente 2025\" \/>\n<meta property=\"og:description\" content=\"La Ag\u00e8ncia de Salut P\u00fablica de Barcelona&gt; (ASPB) ha publicado los resultados de la nueva [&hellip;]\" \/>\n<meta property=\"og:url\" content=\"https:\/\/www.aspb.cat\/es\/documentos\/salud-determinantes-alumnado-adolescente-encuesta-fresc\/\" \/>\n<meta property=\"og:site_name\" content=\"ASPB\" \/>\n<meta property=\"article:publisher\" content=\"https:\/\/www.facebook.com\/salutpublicabcn\" \/>\n<meta property=\"article:modified_time\" content=\"2026-01-27T10:21:29+00:00\" \/>\n<meta property=\"og:image\" content=\"https:\/\/www.aspb.cat\/wp-content\/uploads\/2026\/01\/salut-alumnat-adolescents-barcelona-enquesta-fresc-2025-NOT.jpg\" \/>\n\t<meta property=\"og:image:width\" content=\"730\" \/>\n\t<meta property=\"og:image:height\" content=\"459\" \/>\n\t<meta property=\"og:image:type\" content=\"image\/jpeg\" \/>\n<meta name=\"twitter:card\" content=\"summary_large_image\" \/>\n<meta name=\"twitter:site\" content=\"@salutpublicabcn\" \/>\n<meta name=\"twitter:label1\" content=\"Tiempo de lectura\" \/>\n\t<meta name=\"twitter:data1\" content=\"3 minutos\" \/>\n<script type=\"application\/ld+json\" class=\"yoast-schema-graph\">{\"@context\":\"https:\\\/\\\/schema.org\",\"@graph\":[{\"@type\":\"WebPage\",\"@id\":\"https:\\\/\\\/www.aspb.cat\\\/es\\\/documentos\\\/salud-determinantes-alumnado-adolescente-encuesta-fresc\\\/\",\"url\":\"https:\\\/\\\/www.aspb.cat\\\/es\\\/documentos\\\/salud-determinantes-alumnado-adolescente-encuesta-fresc\\\/\",\"name\":\"La salud y sus determinantes en el alumnado adolescente 2025 - ASPB\",\"isPartOf\":{\"@id\":\"https:\\\/\\\/www.aspb.cat\\\/#website\"},\"primaryImageOfPage\":{\"@id\":\"https:\\\/\\\/www.aspb.cat\\\/es\\\/documentos\\\/salud-determinantes-alumnado-adolescente-encuesta-fresc\\\/#primaryimage\"},\"image\":{\"@id\":\"https:\\\/\\\/www.aspb.cat\\\/es\\\/documentos\\\/salud-determinantes-alumnado-adolescente-encuesta-fresc\\\/#primaryimage\"},\"thumbnailUrl\":\"https:\\\/\\\/www.aspb.cat\\\/wp-content\\\/uploads\\\/2026\\\/01\\\/salut-alumnat-adolescents-barcelona-enquesta-fresc-2025-NOT.jpg\",\"datePublished\":\"2022-03-28T12:59:06+00:00\",\"dateModified\":\"2026-01-27T10:21:29+00:00\",\"breadcrumb\":{\"@id\":\"https:\\\/\\\/www.aspb.cat\\\/es\\\/documentos\\\/salud-determinantes-alumnado-adolescente-encuesta-fresc\\\/#breadcrumb\"},\"inLanguage\":\"es\",\"potentialAction\":[{\"@type\":\"ReadAction\",\"target\":[\"https:\\\/\\\/www.aspb.cat\\\/es\\\/documentos\\\/salud-determinantes-alumnado-adolescente-encuesta-fresc\\\/\"]}]},{\"@type\":\"ImageObject\",\"inLanguage\":\"es\",\"@id\":\"https:\\\/\\\/www.aspb.cat\\\/es\\\/documentos\\\/salud-determinantes-alumnado-adolescente-encuesta-fresc\\\/#primaryimage\",\"url\":\"https:\\\/\\\/www.aspb.cat\\\/wp-content\\\/uploads\\\/2026\\\/01\\\/salut-alumnat-adolescents-barcelona-enquesta-fresc-2025-NOT.jpg\",\"contentUrl\":\"https:\\\/\\\/www.aspb.cat\\\/wp-content\\\/uploads\\\/2026\\\/01\\\/salut-alumnat-adolescents-barcelona-enquesta-fresc-2025-NOT.jpg\",\"width\":730,\"height\":459},{\"@type\":\"BreadcrumbList\",\"@id\":\"https:\\\/\\\/www.aspb.cat\\\/es\\\/documentos\\\/salud-determinantes-alumnado-adolescente-encuesta-fresc\\\/#breadcrumb\",\"itemListElement\":[{\"@type\":\"ListItem\",\"position\":1,\"name\":\"Inici\",\"item\":\"https:\\\/\\\/www.aspb.cat\\\/es\\\/\"},{\"@type\":\"ListItem\",\"position\":2,\"name\":\"Documents\",\"item\":\"https:\\\/\\\/www.aspb.cat\\\/documents\\\/\"},{\"@type\":\"ListItem\",\"position\":3,\"name\":\"La salud y sus determinantes en el alumnado adolescente 2025\"}]},{\"@type\":\"WebSite\",\"@id\":\"https:\\\/\\\/www.aspb.cat\\\/#website\",\"url\":\"https:\\\/\\\/www.aspb.cat\\\/\",\"name\":\"ASPB\",\"description\":\"Just another WordPress site\",\"potentialAction\":[{\"@type\":\"SearchAction\",\"target\":{\"@type\":\"EntryPoint\",\"urlTemplate\":\"https:\\\/\\\/www.aspb.cat\\\/?s={search_term_string}\"},\"query-input\":{\"@type\":\"PropertyValueSpecification\",\"valueRequired\":true,\"valueName\":\"search_term_string\"}}],\"inLanguage\":\"es\"}]}<\/script>\n<!-- \/ Yoast SEO Premium plugin. -->","yoast_head_json":{"title":"La salud y sus determinantes en el alumnado adolescente 2025 - ASPB","robots":{"index":"index","follow":"follow","max-snippet":"max-snippet:-1","max-image-preview":"max-image-preview:large","max-video-preview":"max-video-preview:-1"},"canonical":"https:\/\/www.aspb.cat\/es\/documentos\/salud-determinantes-alumnado-adolescente-encuesta-fresc\/","og_locale":"es_ES","og_type":"article","og_title":"La salud y sus determinantes en el alumnado adolescente 2025","og_description":"La Ag\u00e8ncia de Salut P\u00fablica de Barcelona> (ASPB) ha publicado los resultados de la nueva [&hellip;]","og_url":"https:\/\/www.aspb.cat\/es\/documentos\/salud-determinantes-alumnado-adolescente-encuesta-fresc\/","og_site_name":"ASPB","article_publisher":"https:\/\/www.facebook.com\/salutpublicabcn","article_modified_time":"2026-01-27T10:21:29+00:00","og_image":[{"width":730,"height":459,"url":"https:\/\/www.aspb.cat\/wp-content\/uploads\/2026\/01\/salut-alumnat-adolescents-barcelona-enquesta-fresc-2025-NOT.jpg","type":"image\/jpeg"}],"twitter_card":"summary_large_image","twitter_site":"@salutpublicabcn","twitter_misc":{"Tiempo de lectura":"3 minutos"},"schema":{"@context":"https:\/\/schema.org","@graph":[{"@type":"WebPage","@id":"https:\/\/www.aspb.cat\/es\/documentos\/salud-determinantes-alumnado-adolescente-encuesta-fresc\/","url":"https:\/\/www.aspb.cat\/es\/documentos\/salud-determinantes-alumnado-adolescente-encuesta-fresc\/","name":"La salud y sus determinantes en el alumnado adolescente 2025 - ASPB","isPartOf":{"@id":"https:\/\/www.aspb.cat\/#website"},"primaryImageOfPage":{"@id":"https:\/\/www.aspb.cat\/es\/documentos\/salud-determinantes-alumnado-adolescente-encuesta-fresc\/#primaryimage"},"image":{"@id":"https:\/\/www.aspb.cat\/es\/documentos\/salud-determinantes-alumnado-adolescente-encuesta-fresc\/#primaryimage"},"thumbnailUrl":"https:\/\/www.aspb.cat\/wp-content\/uploads\/2026\/01\/salut-alumnat-adolescents-barcelona-enquesta-fresc-2025-NOT.jpg","datePublished":"2022-03-28T12:59:06+00:00","dateModified":"2026-01-27T10:21:29+00:00","breadcrumb":{"@id":"https:\/\/www.aspb.cat\/es\/documentos\/salud-determinantes-alumnado-adolescente-encuesta-fresc\/#breadcrumb"},"inLanguage":"es","potentialAction":[{"@type":"ReadAction","target":["https:\/\/www.aspb.cat\/es\/documentos\/salud-determinantes-alumnado-adolescente-encuesta-fresc\/"]}]},{"@type":"ImageObject","inLanguage":"es","@id":"https:\/\/www.aspb.cat\/es\/documentos\/salud-determinantes-alumnado-adolescente-encuesta-fresc\/#primaryimage","url":"https:\/\/www.aspb.cat\/wp-content\/uploads\/2026\/01\/salut-alumnat-adolescents-barcelona-enquesta-fresc-2025-NOT.jpg","contentUrl":"https:\/\/www.aspb.cat\/wp-content\/uploads\/2026\/01\/salut-alumnat-adolescents-barcelona-enquesta-fresc-2025-NOT.jpg","width":730,"height":459},{"@type":"BreadcrumbList","@id":"https:\/\/www.aspb.cat\/es\/documentos\/salud-determinantes-alumnado-adolescente-encuesta-fresc\/#breadcrumb","itemListElement":[{"@type":"ListItem","position":1,"name":"Inici","item":"https:\/\/www.aspb.cat\/es\/"},{"@type":"ListItem","position":2,"name":"Documents","item":"https:\/\/www.aspb.cat\/documents\/"},{"@type":"ListItem","position":3,"name":"La salud y sus determinantes en el alumnado adolescente 2025"}]},{"@type":"WebSite","@id":"https:\/\/www.aspb.cat\/#website","url":"https:\/\/www.aspb.cat\/","name":"ASPB","description":"Just another WordPress site","potentialAction":[{"@type":"SearchAction","target":{"@type":"EntryPoint","urlTemplate":"https:\/\/www.aspb.cat\/?s={search_term_string}"},"query-input":{"@type":"PropertyValueSpecification","valueRequired":true,"valueName":"search_term_string"}}],"inLanguage":"es"}]}},"_links":{"self":[{"href":"https:\/\/www.aspb.cat\/es\/wp-json\/wp\/v2\/documento\/41888","targetHints":{"allow":["GET"]}}],"collection":[{"href":"https:\/\/www.aspb.cat\/es\/wp-json\/wp\/v2\/documento"}],"about":[{"href":"https:\/\/www.aspb.cat\/es\/wp-json\/wp\/v2\/types\/documento"}],"version-history":[{"count":12,"href":"https:\/\/www.aspb.cat\/es\/wp-json\/wp\/v2\/documento\/41888\/revisions"}],"predecessor-version":[{"id":62207,"href":"https:\/\/www.aspb.cat\/es\/wp-json\/wp\/v2\/documento\/41888\/revisions\/62207"}],"wp:featuredmedia":[{"embeddable":true,"href":"https:\/\/www.aspb.cat\/es\/wp-json\/wp\/v2\/media\/62159"}],"wp:attachment":[{"href":"https:\/\/www.aspb.cat\/es\/wp-json\/wp\/v2\/media?parent=41888"}],"wp:term":[{"taxonomy":"tema","embeddable":true,"href":"https:\/\/www.aspb.cat\/es\/wp-json\/wp\/v2\/tema?post=41888"},{"taxonomy":"tipusdocument","embeddable":true,"href":"https:\/\/www.aspb.cat\/es\/wp-json\/wp\/v2\/tipusdocument?post=41888"}],"curies":[{"name":"wp","href":"https:\/\/api.w.org\/{rel}","templated":true}]}}

<p>La <em>Agència de Salut Pública de Barcelona</em>> (ASPB) ha publicado los resultados de la nueva edición de la encuesta de la encuesta Factores de Riesgo en Estudiantes de Secundaria (FRESCO), realizada a casi 3.700 estudiantes de secundaria, bachillerato, entre febrero y mayo de 2025. El estudio se elabora periódicamente para conocer los determinantes, comportamientos y actitudes relacionadas con la salud en el alumnado adolescente de 13 a 19 años. Los datos obtenidos sirven para orientar y evaluar políticas e intervenciones de promoción de la salud dirigidas a esta población.</p>

<p>Según los resultados crece el límite de tiempo de uso del móvil a casa. Más de la mitad del alumnado de 2.º de ESO y casi un tercio de 4.º de ESO afirma tener restricciones, una tendencia al alza respecto al 2021. Aun así, el móvil continúa siendo el dispositivo al cual más tiempo le dedican, con una media de unas 5 horas diarias los fines de semana. Como novedad, la consulta aporta datos sobre el consumo de pornografía, el primer contacto se sitúa en los 12 años y el consumo es más frecuente en los chicos.</p>

<p>La salud global de la población adolescente es buena, según el estudio, mejora la salud percibida y el bienestar emocional. Por otro lado, sigue la tendencia al alza de la insatisfacción con el propio cuerpo. Aumenta más de 10 puntos porcentuales respecto a 2021 y continúa siendo más frecuente en las chicas (3 de cada 4).</p>

<p>El aspecto físico continúa siendo la principal causa de discriminación en ambos sexos y ha aumentado sobre todo entre los chicos. Aun así, se observa un aumento de la discriminación por motivos de origen que se sitúa como segunda causa en los chicos. En las chicas se mantiene como segunda causa la discriminación por razón de género.</p>

<p>Con relación a las violencias, aumenta la frecuencia de maltrato escolar (*bullying), tanto en cuanto a ser víctimas como ser agresores/se. Es más frecuente a los niveles de ESO y va disminuyendo con la edad. No se observan diferencias según nivel socioeconómico.</p>

<p>Se confirma en positivo la bajada del consumo de tabaco, cannabis, y alcohol, pero crece el uso de pitillos electrónicos. Destaca también el aumento del juego de apuestas, sobre todo entre los chicos.</p>

<p>Esta edición recoge también en qué medida el alumnado adolescente está preocupado por algunas crisis globales. En general, las que más preocupan son las crisis económicas, el cambio climático y las guerras. Las chicas muestran más inquietud y hay diferencias según el nivel socioeconómico del barrio donde se ubica el centro.</p>



<div class="moure_faqs_aqui"></div>



<div class="figure"></div>

<!-- This site is optimized with the Yoast SEO Premium plugin v27.5 (Yoast SEO v27.5) - https://yoast.com/product/yoast-seo-premium-wordpress/ -->
<title>La salud y sus determinantes en el alumnado adolescente 2025 - ASPB</title>
<meta name="robots" content="index, follow, max-snippet:-1, max-image-preview:large, max-video-preview:-1" />
<link rel="canonical" href="https://www.aspb.cat/es/documentos/salud-determinantes-alumnado-adolescente-encuesta-fresc/" />
<meta property="og:locale" content="es_ES" />
<meta property="og:type" content="article" />
<meta property="og:title" content="La salud y sus determinantes en el alumnado adolescente 2025" />
<meta property="og:description" content="La Agència de Salut Pública de Barcelona&gt; (ASPB) ha publicado los resultados de la nueva [&hellip;]" />
<meta property="og:url" content="https://www.aspb.cat/es/documentos/salud-determinantes-alumnado-adolescente-encuesta-fresc/" />
<meta property="og:site_name" content="ASPB" />
<meta property="article:publisher" content="https://www.facebook.com/salutpublicabcn" />
<meta property="article:modified_time" content="2026-01-27T10:21:29+00:00" />
<meta property="og:image" content="https://www.aspb.cat/wp-content/uploads/2026/01/salut-alumnat-adolescents-barcelona-enquesta-fresc-2025-NOT.jpg" />
	<meta property="og:image:width" content="730" />
	<meta property="og:image:height" content="459" />
	<meta property="og:image:type" content="image/jpeg" />
<meta name="twitter:card" content="summary_large_image" />
<meta name="twitter:site" content="@salutpublicabcn" />
<meta name="twitter:label1" content="Tiempo de lectura" />
	<meta name="twitter:data1" content="3 minutos" />
<script type="application/ld+json" class="yoast-schema-graph">{"@context":"https:\/\/schema.org","@graph":[{"@type":"WebPage","@id":"https:\/\/www.aspb.cat\/es\/documentos\/salud-determinantes-alumnado-adolescente-encuesta-fresc\/","url":"https:\/\/www.aspb.cat\/es\/documentos\/salud-determinantes-alumnado-adolescente-encuesta-fresc\/","name":"La salud y sus determinantes en el alumnado adolescente 2025 - ASPB","isPartOf":{"@id":"https:\/\/www.aspb.cat\/#website"},"primaryImageOfPage":{"@id":"https:\/\/www.aspb.cat\/es\/documentos\/salud-determinantes-alumnado-adolescente-encuesta-fresc\/#primaryimage"},"image":{"@id":"https:\/\/www.aspb.cat\/es\/documentos\/salud-determinantes-alumnado-adolescente-encuesta-fresc\/#primaryimage"},"thumbnailUrl":"https:\/\/www.aspb.cat\/wp-content\/uploads\/2026\/01\/salut-alumnat-adolescents-barcelona-enquesta-fresc-2025-NOT.jpg","datePublished":"2022-03-28T12:59:06+00:00","dateModified":"2026-01-27T10:21:29+00:00","breadcrumb":{"@id":"https:\/\/www.aspb.cat\/es\/documentos\/salud-determinantes-alumnado-adolescente-encuesta-fresc\/#breadcrumb"},"inLanguage":"es","potentialAction":[{"@type":"ReadAction","target":["https:\/\/www.aspb.cat\/es\/documentos\/salud-determinantes-alumnado-adolescente-encuesta-fresc\/"]}]},{"@type":"ImageObject","inLanguage":"es","@id":"https:\/\/www.aspb.cat\/es\/documentos\/salud-determinantes-alumnado-adolescente-encuesta-fresc\/#primaryimage","url":"https:\/\/www.aspb.cat\/wp-content\/uploads\/2026\/01\/salut-alumnat-adolescents-barcelona-enquesta-fresc-2025-NOT.jpg","contentUrl":"https:\/\/www.aspb.cat\/wp-content\/uploads\/2026\/01\/salut-alumnat-adolescents-barcelona-enquesta-fresc-2025-NOT.jpg","width":730,"height":459},{"@type":"BreadcrumbList","@id":"https:\/\/www.aspb.cat\/es\/documentos\/salud-determinantes-alumnado-adolescente-encuesta-fresc\/#breadcrumb","itemListElement":[{"@type":"ListItem","position":1,"name":"Inici","item":"https:\/\/www.aspb.cat\/es\/"},{"@type":"ListItem","position":2,"name":"Documents","item":"https:\/\/www.aspb.cat\/documents\/"},{"@type":"ListItem","position":3,"name":"La salud y sus determinantes en el alumnado adolescente 2025"}]},{"@type":"WebSite","@id":"https:\/\/www.aspb.cat\/#website","url":"https:\/\/www.aspb.cat\/","name":"ASPB","description":"Just another WordPress site","potentialAction":[{"@type":"SearchAction","target":{"@type":"EntryPoint","urlTemplate":"https:\/\/www.aspb.cat\/?s={search_term_string}"},"query-input":{"@type":"PropertyValueSpecification","valueRequired":true,"valueName":"search_term_string"}}],"inLanguage":"es"}]}</script>
<!-- / Yoast SEO Premium plugin. -->

La Agència de Salut Pública de Barcelona> (ASPB) ha publicado los resultados de la nueva [&hellip;]
