{"id":40210,"date":"2016-07-13T13:47:27","date_gmt":"2016-07-13T13:47:27","guid":{"rendered":"https:\/\/www.aspb.cat\/documents\/parlem-ne-no-et-tallis\/"},"modified":"2022-12-07T19:53:06","modified_gmt":"2022-12-07T19:53:06","slug":"parlem-ne-no-et-tallis","status":"publish","type":"documento","link":"https:\/\/www.aspb.cat\/es\/documentos\/parlem-ne-no-et-tallis\/","title":{"rendered":"Parlem-ne; no et tallis!"},"content":{"rendered":"<h3>Programes de promoci\u00f3 de la salut a les escoles<\/h3>\n<p><strong>PARLEM-NE, NO ET TALLIS&nbsp; \u00e9s un programa de prevenci\u00f3 de les relacions sexuals no protegides, prevenci\u00f3 de l\u2019embar\u00e0s adolescent i de les infeccions de transmissi\u00f3 sexual<\/strong>, que inclou el VIH\/sida. S\u2019adre\u00e7a als estudiants de secund\u00e0ria, i es pot fer des de 3er d\u2019ESO fins a 2n de batxillerat o de cicles formatius. El professorat pot triar entre dos itineraris d\u2019acord amb les caracter\u00edstiques del grup, del centre, i de les seves prefer\u00e8ncies. L&#8217;itinerari 1 consta de 6 activitats condu\u00efdes pel professorat i permet treballar de forma m\u00e9s lenta i esglaonada, mentre que l&#8217;itinerari 2, t\u00e9 4 activitats, \u00e9s m\u00e9s r\u00e0pid i directe i incorpora activitats dutes a terme per una parella d&#8217;alumnes. Tots dos itineraris inclouen una visita a un centre d\u2019atenci\u00f3 a la salut sexual i reproductiva.<\/p>\n<p>El nivell \u00f2ptim d&#8217;utilitzaci\u00f3 \u00e9s entre els 15 i 18 anys (preferentment 4rt d&#8217;ESO o educaci\u00f3 postobligat\u00f2ria). No recomanat per a nivells inferiors.<\/p>\n<p>Per\u00edode d&#8217;inscripci\u00f3: fins el 31 d&#8217;octubre de cada curs<\/p>\n<h3>Material i recursos de suport<\/h3>\n<div class=\"moure_faqs_aqui\"><\/div>\n<h3>Inscripci\u00f3<\/h3>\n<div class=\"moure_faqs_aqui\"><\/div>\n<h3>Valoraci\u00f3<\/h3>\n<div class=\"moure_faqs_aqui\"><\/div>\n<h3>Contacta&#8217;ns<\/h3>\n<div class=\"moure_faqs_aqui\"><\/div>\n<h3><\/h3>\n","protected":false},"featured_media":40212,"template":"","tema":[186,192,202,333,351,370],"tipusdocument":[338],"class_list":["post-40210","documento","type-documento","status-publish","has-post-thumbnail","hentry","tema-etapas-vida","tema-entornos","tema-vivir-salud","tema-escuelas","tema-adolescencia-es","tema-sexualidad-afectividad","tipusdocument-programas","publish","author-ext_acaillab","impar","primero"],"acf":[],"yoast_head":"<!-- This site is optimized with the Yoast SEO Premium plugin v27.5 (Yoast SEO v27.5) - https:\/\/yoast.com\/product\/yoast-seo-premium-wordpress\/ -->\n<title>Parlem-ne; no et tallis! - ASPB<\/title>\n<meta name=\"robots\" content=\"index, follow, max-snippet:-1, max-image-preview:large, max-video-preview:-1\" \/>\n<link rel=\"canonical\" href=\"https:\/\/www.aspb.cat\/es\/documents\/parlem-ne-no-et-tallis\/\" \/>\n<meta property=\"og:locale\" content=\"es_ES\" \/>\n<meta property=\"og:type\" content=\"article\" \/>\n<meta property=\"og:title\" content=\"Parlem-ne; no et tallis!\" \/>\n<meta property=\"og:description\" content=\"Programes de promoci\u00f3 de la salut a les escoles PARLEM-NE, NO ET TALLIS&nbsp; \u00e9s un [&hellip;]\" \/>\n<meta property=\"og:url\" content=\"https:\/\/www.aspb.cat\/es\/documents\/parlem-ne-no-et-tallis\/\" \/>\n<meta property=\"og:site_name\" content=\"ASPB\" \/>\n<meta property=\"article:publisher\" content=\"https:\/\/www.facebook.com\/salutpublicabcn\" \/>\n<meta property=\"article:modified_time\" content=\"2022-12-07T19:53:06+00:00\" \/>\n<meta property=\"og:image\" content=\"https:\/\/www.aspb.cat\/wp-content\/uploads\/2016\/07\/parlem_ne_info.jpg\" \/>\n\t<meta property=\"og:image:width\" content=\"426\" \/>\n\t<meta property=\"og:image:height\" content=\"605\" \/>\n\t<meta property=\"og:image:type\" content=\"image\/jpeg\" \/>\n<meta name=\"twitter:card\" content=\"summary_large_image\" \/>\n<meta name=\"twitter:site\" content=\"@salutpublicabcn\" \/>\n<meta name=\"twitter:label1\" content=\"Tiempo de lectura\" \/>\n\t<meta name=\"twitter:data1\" content=\"1 minuto\" \/>\n<script type=\"application\/ld+json\" class=\"yoast-schema-graph\">{\"@context\":\"https:\\\/\\\/schema.org\",\"@graph\":[{\"@type\":\"WebPage\",\"@id\":\"https:\\\/\\\/www.aspb.cat\\\/es\\\/documents\\\/parlem-ne-no-et-tallis\\\/\",\"url\":\"https:\\\/\\\/www.aspb.cat\\\/es\\\/documents\\\/parlem-ne-no-et-tallis\\\/\",\"name\":\"Parlem-ne; no et tallis! - ASPB\",\"isPartOf\":{\"@id\":\"https:\\\/\\\/www.aspb.cat\\\/#website\"},\"primaryImageOfPage\":{\"@id\":\"https:\\\/\\\/www.aspb.cat\\\/es\\\/documents\\\/parlem-ne-no-et-tallis\\\/#primaryimage\"},\"image\":{\"@id\":\"https:\\\/\\\/www.aspb.cat\\\/es\\\/documents\\\/parlem-ne-no-et-tallis\\\/#primaryimage\"},\"thumbnailUrl\":\"https:\\\/\\\/www.aspb.cat\\\/wp-content\\\/uploads\\\/2016\\\/07\\\/parlem_ne_info.jpg\",\"datePublished\":\"2016-07-13T13:47:27+00:00\",\"dateModified\":\"2022-12-07T19:53:06+00:00\",\"breadcrumb\":{\"@id\":\"https:\\\/\\\/www.aspb.cat\\\/es\\\/documents\\\/parlem-ne-no-et-tallis\\\/#breadcrumb\"},\"inLanguage\":\"es\",\"potentialAction\":[{\"@type\":\"ReadAction\",\"target\":[\"https:\\\/\\\/www.aspb.cat\\\/es\\\/documents\\\/parlem-ne-no-et-tallis\\\/\"]}]},{\"@type\":\"ImageObject\",\"inLanguage\":\"es\",\"@id\":\"https:\\\/\\\/www.aspb.cat\\\/es\\\/documents\\\/parlem-ne-no-et-tallis\\\/#primaryimage\",\"url\":\"https:\\\/\\\/www.aspb.cat\\\/wp-content\\\/uploads\\\/2016\\\/07\\\/parlem_ne_info.jpg\",\"contentUrl\":\"https:\\\/\\\/www.aspb.cat\\\/wp-content\\\/uploads\\\/2016\\\/07\\\/parlem_ne_info.jpg\",\"width\":426,\"height\":605},{\"@type\":\"BreadcrumbList\",\"@id\":\"https:\\\/\\\/www.aspb.cat\\\/es\\\/documents\\\/parlem-ne-no-et-tallis\\\/#breadcrumb\",\"itemListElement\":[{\"@type\":\"ListItem\",\"position\":1,\"name\":\"Inici\",\"item\":\"https:\\\/\\\/www.aspb.cat\\\/es\\\/\"},{\"@type\":\"ListItem\",\"position\":2,\"name\":\"Documents\",\"item\":\"https:\\\/\\\/www.aspb.cat\\\/documents\\\/\"},{\"@type\":\"ListItem\",\"position\":3,\"name\":\"Parlem-ne; no et tallis!\"}]},{\"@type\":\"WebSite\",\"@id\":\"https:\\\/\\\/www.aspb.cat\\\/#website\",\"url\":\"https:\\\/\\\/www.aspb.cat\\\/\",\"name\":\"ASPB\",\"description\":\"Just another WordPress site\",\"potentialAction\":[{\"@type\":\"SearchAction\",\"target\":{\"@type\":\"EntryPoint\",\"urlTemplate\":\"https:\\\/\\\/www.aspb.cat\\\/?s={search_term_string}\"},\"query-input\":{\"@type\":\"PropertyValueSpecification\",\"valueRequired\":true,\"valueName\":\"search_term_string\"}}],\"inLanguage\":\"es\"}]}<\/script>\n<!-- \/ Yoast SEO Premium plugin. -->","yoast_head_json":{"title":"Parlem-ne; no et tallis! - ASPB","robots":{"index":"index","follow":"follow","max-snippet":"max-snippet:-1","max-image-preview":"max-image-preview:large","max-video-preview":"max-video-preview:-1"},"canonical":"https:\/\/www.aspb.cat\/es\/documents\/parlem-ne-no-et-tallis\/","og_locale":"es_ES","og_type":"article","og_title":"Parlem-ne; no et tallis!","og_description":"Programes de promoci\u00f3 de la salut a les escoles PARLEM-NE, NO ET TALLIS&nbsp; \u00e9s un [&hellip;]","og_url":"https:\/\/www.aspb.cat\/es\/documents\/parlem-ne-no-et-tallis\/","og_site_name":"ASPB","article_publisher":"https:\/\/www.facebook.com\/salutpublicabcn","article_modified_time":"2022-12-07T19:53:06+00:00","og_image":[{"width":426,"height":605,"url":"https:\/\/www.aspb.cat\/wp-content\/uploads\/2016\/07\/parlem_ne_info.jpg","type":"image\/jpeg"}],"twitter_card":"summary_large_image","twitter_site":"@salutpublicabcn","twitter_misc":{"Tiempo de lectura":"1 minuto"},"schema":{"@context":"https:\/\/schema.org","@graph":[{"@type":"WebPage","@id":"https:\/\/www.aspb.cat\/es\/documents\/parlem-ne-no-et-tallis\/","url":"https:\/\/www.aspb.cat\/es\/documents\/parlem-ne-no-et-tallis\/","name":"Parlem-ne; no et tallis! - ASPB","isPartOf":{"@id":"https:\/\/www.aspb.cat\/#website"},"primaryImageOfPage":{"@id":"https:\/\/www.aspb.cat\/es\/documents\/parlem-ne-no-et-tallis\/#primaryimage"},"image":{"@id":"https:\/\/www.aspb.cat\/es\/documents\/parlem-ne-no-et-tallis\/#primaryimage"},"thumbnailUrl":"https:\/\/www.aspb.cat\/wp-content\/uploads\/2016\/07\/parlem_ne_info.jpg","datePublished":"2016-07-13T13:47:27+00:00","dateModified":"2022-12-07T19:53:06+00:00","breadcrumb":{"@id":"https:\/\/www.aspb.cat\/es\/documents\/parlem-ne-no-et-tallis\/#breadcrumb"},"inLanguage":"es","potentialAction":[{"@type":"ReadAction","target":["https:\/\/www.aspb.cat\/es\/documents\/parlem-ne-no-et-tallis\/"]}]},{"@type":"ImageObject","inLanguage":"es","@id":"https:\/\/www.aspb.cat\/es\/documents\/parlem-ne-no-et-tallis\/#primaryimage","url":"https:\/\/www.aspb.cat\/wp-content\/uploads\/2016\/07\/parlem_ne_info.jpg","contentUrl":"https:\/\/www.aspb.cat\/wp-content\/uploads\/2016\/07\/parlem_ne_info.jpg","width":426,"height":605},{"@type":"BreadcrumbList","@id":"https:\/\/www.aspb.cat\/es\/documents\/parlem-ne-no-et-tallis\/#breadcrumb","itemListElement":[{"@type":"ListItem","position":1,"name":"Inici","item":"https:\/\/www.aspb.cat\/es\/"},{"@type":"ListItem","position":2,"name":"Documents","item":"https:\/\/www.aspb.cat\/documents\/"},{"@type":"ListItem","position":3,"name":"Parlem-ne; no et tallis!"}]},{"@type":"WebSite","@id":"https:\/\/www.aspb.cat\/#website","url":"https:\/\/www.aspb.cat\/","name":"ASPB","description":"Just another WordPress site","potentialAction":[{"@type":"SearchAction","target":{"@type":"EntryPoint","urlTemplate":"https:\/\/www.aspb.cat\/?s={search_term_string}"},"query-input":{"@type":"PropertyValueSpecification","valueRequired":true,"valueName":"search_term_string"}}],"inLanguage":"es"}]}},"_links":{"self":[{"href":"https:\/\/www.aspb.cat\/es\/wp-json\/wp\/v2\/documento\/40210","targetHints":{"allow":["GET"]}}],"collection":[{"href":"https:\/\/www.aspb.cat\/es\/wp-json\/wp\/v2\/documento"}],"about":[{"href":"https:\/\/www.aspb.cat\/es\/wp-json\/wp\/v2\/types\/documento"}],"version-history":[{"count":7,"href":"https:\/\/www.aspb.cat\/es\/wp-json\/wp\/v2\/documento\/40210\/revisions"}],"predecessor-version":[{"id":46883,"href":"https:\/\/www.aspb.cat\/es\/wp-json\/wp\/v2\/documento\/40210\/revisions\/46883"}],"wp:featuredmedia":[{"embeddable":true,"href":"https:\/\/www.aspb.cat\/es\/wp-json\/wp\/v2\/media\/40212"}],"wp:attachment":[{"href":"https:\/\/www.aspb.cat\/es\/wp-json\/wp\/v2\/media?parent=40210"}],"wp:term":[{"taxonomy":"tema","embeddable":true,"href":"https:\/\/www.aspb.cat\/es\/wp-json\/wp\/v2\/tema?post=40210"},{"taxonomy":"tipusdocument","embeddable":true,"href":"https:\/\/www.aspb.cat\/es\/wp-json\/wp\/v2\/tipusdocument?post=40210"}],"curies":[{"name":"wp","href":"https:\/\/api.w.org\/{rel}","templated":true}]}}

<h3>Programes de promoció de la salut a les escoles</h3>
<p><strong>PARLEM-NE, NO ET TALLIS&nbsp; és un programa de prevenció de les relacions sexuals no protegides, prevenció de l’embaràs adolescent i de les infeccions de transmissió sexual</strong>, que inclou el VIH/sida. S’adreça als estudiants de secundària, i es pot fer des de 3er d’ESO fins a 2n de batxillerat o de cicles formatius. El professorat pot triar entre dos itineraris d’acord amb les característiques del grup, del centre, i de les seves preferències. L&#8217;itinerari 1 consta de 6 activitats conduïdes pel professorat i permet treballar de forma més lenta i esglaonada, mentre que l&#8217;itinerari 2, té 4 activitats, és més ràpid i directe i incorpora activitats dutes a terme per una parella d&#8217;alumnes. Tots dos itineraris inclouen una visita a un centre d’atenció a la salut sexual i reproductiva.</p>
<p>El nivell òptim d&#8217;utilització és entre els 15 i 18 anys (preferentment 4rt d&#8217;ESO o educació postobligatòria). No recomanat per a nivells inferiors.</p>
<p>Període d&#8217;inscripció: fins el 31 d&#8217;octubre de cada curs</p>
<h3>Material i recursos de suport</h3>
<div class="moure_faqs_aqui"></div>
<h3>Inscripció</h3>
<div class="moure_faqs_aqui"></div>
<h3>Valoració</h3>
<div class="moure_faqs_aqui"></div>
<h3>Contacta&#8217;ns</h3>
<div class="moure_faqs_aqui"></div>
<h3></h3>

<!-- This site is optimized with the Yoast SEO Premium plugin v27.5 (Yoast SEO v27.5) - https://yoast.com/product/yoast-seo-premium-wordpress/ -->
<title>Parlem-ne; no et tallis! - ASPB</title>
<meta name="robots" content="index, follow, max-snippet:-1, max-image-preview:large, max-video-preview:-1" />
<link rel="canonical" href="https://www.aspb.cat/es/documents/parlem-ne-no-et-tallis/" />
<meta property="og:locale" content="es_ES" />
<meta property="og:type" content="article" />
<meta property="og:title" content="Parlem-ne; no et tallis!" />
<meta property="og:description" content="Programes de promoció de la salut a les escoles PARLEM-NE, NO ET TALLIS&nbsp; és un [&hellip;]" />
<meta property="og:url" content="https://www.aspb.cat/es/documents/parlem-ne-no-et-tallis/" />
<meta property="og:site_name" content="ASPB" />
<meta property="article:publisher" content="https://www.facebook.com/salutpublicabcn" />
<meta property="article:modified_time" content="2022-12-07T19:53:06+00:00" />
<meta property="og:image" content="https://www.aspb.cat/wp-content/uploads/2016/07/parlem_ne_info.jpg" />
	<meta property="og:image:width" content="426" />
	<meta property="og:image:height" content="605" />
	<meta property="og:image:type" content="image/jpeg" />
<meta name="twitter:card" content="summary_large_image" />
<meta name="twitter:site" content="@salutpublicabcn" />
<meta name="twitter:label1" content="Tiempo de lectura" />
	<meta name="twitter:data1" content="1 minuto" />
<script type="application/ld+json" class="yoast-schema-graph">{"@context":"https:\/\/schema.org","@graph":[{"@type":"WebPage","@id":"https:\/\/www.aspb.cat\/es\/documents\/parlem-ne-no-et-tallis\/","url":"https:\/\/www.aspb.cat\/es\/documents\/parlem-ne-no-et-tallis\/","name":"Parlem-ne; no et tallis! - ASPB","isPartOf":{"@id":"https:\/\/www.aspb.cat\/#website"},"primaryImageOfPage":{"@id":"https:\/\/www.aspb.cat\/es\/documents\/parlem-ne-no-et-tallis\/#primaryimage"},"image":{"@id":"https:\/\/www.aspb.cat\/es\/documents\/parlem-ne-no-et-tallis\/#primaryimage"},"thumbnailUrl":"https:\/\/www.aspb.cat\/wp-content\/uploads\/2016\/07\/parlem_ne_info.jpg","datePublished":"2016-07-13T13:47:27+00:00","dateModified":"2022-12-07T19:53:06+00:00","breadcrumb":{"@id":"https:\/\/www.aspb.cat\/es\/documents\/parlem-ne-no-et-tallis\/#breadcrumb"},"inLanguage":"es","potentialAction":[{"@type":"ReadAction","target":["https:\/\/www.aspb.cat\/es\/documents\/parlem-ne-no-et-tallis\/"]}]},{"@type":"ImageObject","inLanguage":"es","@id":"https:\/\/www.aspb.cat\/es\/documents\/parlem-ne-no-et-tallis\/#primaryimage","url":"https:\/\/www.aspb.cat\/wp-content\/uploads\/2016\/07\/parlem_ne_info.jpg","contentUrl":"https:\/\/www.aspb.cat\/wp-content\/uploads\/2016\/07\/parlem_ne_info.jpg","width":426,"height":605},{"@type":"BreadcrumbList","@id":"https:\/\/www.aspb.cat\/es\/documents\/parlem-ne-no-et-tallis\/#breadcrumb","itemListElement":[{"@type":"ListItem","position":1,"name":"Inici","item":"https:\/\/www.aspb.cat\/es\/"},{"@type":"ListItem","position":2,"name":"Documents","item":"https:\/\/www.aspb.cat\/documents\/"},{"@type":"ListItem","position":3,"name":"Parlem-ne; no et tallis!"}]},{"@type":"WebSite","@id":"https:\/\/www.aspb.cat\/#website","url":"https:\/\/www.aspb.cat\/","name":"ASPB","description":"Just another WordPress site","potentialAction":[{"@type":"SearchAction","target":{"@type":"EntryPoint","urlTemplate":"https:\/\/www.aspb.cat\/?s={search_term_string}"},"query-input":{"@type":"PropertyValueSpecification","valueRequired":true,"valueName":"search_term_string"}}],"inLanguage":"es"}]}</script>
<!-- / Yoast SEO Premium plugin. -->

Programes de promoció de la salut a les escoles PARLEM-NE, NO ET TALLIS&nbsp; és un [&hellip;]
