{"id":38698,"date":"2021-12-13T15:04:09","date_gmt":"2021-12-13T15:04:09","guid":{"rendered":"https:\/\/www.aspb.cat\/documents\/barcelona-salut-barris-24\/"},"modified":"2022-12-13T18:00:47","modified_gmt":"2022-12-13T18:00:47","slug":"barcelona-salud-barrios-24","status":"publish","type":"documento","link":"https:\/\/www.aspb.cat\/es\/documentos\/barcelona-salud-barrios-24\/","title":{"rendered":"Barcelona Salut als barris. Bolet\u00edn N\u00ba24"},"content":{"rendered":"<p>Este julio se ha publicado el<a href=\"https:\/\/mailchi.mp\/aspb\/barcelona-salut-als-barris-7976633\" target=\"_blank\" rel=\"noopener\"> bolet\u00edn n\u00famero 24<\/a> Barcelona Salut als Barris con la participaci\u00f3n de diferentes territorios que forman parte del programa Barcelona Salud en los Barrios (BSaB).<\/p>\n<p>En este bolet\u00edn se explican dos experiencias vinculadas con BSaB en el contexto de la pandemia causada por la COVID-19. En la Zona Norte de Nou Barris se llev\u00f3 a cabo una actividad para sensibilizar a la vecindad sobre el buen uso de la mascarilla. Mientras que en el Raval se ha realizado una adaptaci\u00f3n de la Escuela de Salud para Personas Mayores, trabajando en grupos reducidos conectados simult\u00e1neamente desde diferentes espacios y potenciando la comunicaci\u00f3n intergeneracional.<\/p>\n<p>Adem\u00e1s, se presentan un par de proyectos: \u00abM\u00fasica en T\u00e0ndem\u00bb que tiene el objetivo de promover el bienestar emocional y social de ni\u00f1os del barrio del Carmel mediante la mentor\u00eda educativa por parte de personas voluntarias y el aprendizaje de t\u00e9cnicas musicales ; y \u00ab\u00a1A l&#8217;escola ens cuidem!\u00bb un proyecto interescolar implementado en el Poblesec que tiene como objetivo fomentar la reflexi\u00f3n en la infancia sobre la importancia de poner los cuidados en el centro de la sociedad. Asimismo, se enlaza a una reciente publicaci\u00f3n sobre los efectos en la salud de la intervenci\u00f3n comunitaria \u00abBaixem al Carrer\u00bb, as\u00ed como al v\u00eddeo del acto de inauguraci\u00f3n de la exposici\u00f3n de Arte y Salud: \u00abEl Gran Circ\u00bb que se puede ver en la sede de la ASPB en la plaza Lesseps.<\/p>\n<p>Por \u00faltimo, se informa que ya est\u00e1 abierto el per\u00edodo de inscripci\u00f3n para los programas de promoci\u00f3n de la salud de la ASPB, y se invita a las pr\u00f3ximas sesiones cient\u00edficas de la ASPB.<\/p>\n","protected":false},"featured_media":38696,"template":"","tema":[190,192],"tipusdocument":[335],"class_list":["post-38698","documento","type-documento","status-publish","has-post-thumbnail","hentry","tema-barris-es","tema-entornos","tipusdocument-boletines","publish","author-ext_acaillab","impar","primero"],"acf":[],"yoast_head":"<!-- This site is optimized with the Yoast SEO Premium plugin v27.5 (Yoast SEO v27.5) - https:\/\/yoast.com\/product\/yoast-seo-premium-wordpress\/ -->\n<title>Barcelona Salut als barris. Bolet\u00edn N\u00ba24 - ASPB<\/title>\n<meta name=\"robots\" content=\"index, follow, max-snippet:-1, max-image-preview:large, max-video-preview:-1\" \/>\n<link rel=\"canonical\" href=\"https:\/\/www.aspb.cat\/es\/documents\/barcelona-salud-barrios-24\/\" \/>\n<meta property=\"og:locale\" content=\"es_ES\" \/>\n<meta property=\"og:type\" content=\"article\" \/>\n<meta property=\"og:title\" content=\"Barcelona Salut als barris. Bolet\u00edn N\u00ba24\" \/>\n<meta property=\"og:description\" content=\"Este julio se ha publicado el bolet\u00edn n\u00famero 24 Barcelona Salut als Barris con la [&hellip;]\" \/>\n<meta property=\"og:url\" content=\"https:\/\/www.aspb.cat\/es\/documents\/barcelona-salud-barrios-24\/\" \/>\n<meta property=\"og:site_name\" content=\"ASPB\" \/>\n<meta property=\"article:publisher\" content=\"https:\/\/www.facebook.com\/salutpublicabcn\" \/>\n<meta property=\"article:modified_time\" content=\"2022-12-13T18:00:47+00:00\" \/>\n<meta property=\"og:image\" content=\"https:\/\/www.aspb.cat\/wp-content\/uploads\/2021\/12\/BSaB_Butlleti_24.jpg\" \/>\n\t<meta property=\"og:image:width\" content=\"396\" \/>\n\t<meta property=\"og:image:height\" content=\"562\" \/>\n\t<meta property=\"og:image:type\" content=\"image\/jpeg\" \/>\n<meta name=\"twitter:card\" content=\"summary_large_image\" \/>\n<meta name=\"twitter:site\" content=\"@salutpublicabcn\" \/>\n<meta name=\"twitter:label1\" content=\"Tiempo de lectura\" \/>\n\t<meta name=\"twitter:data1\" content=\"2 minutos\" \/>\n<script type=\"application\/ld+json\" class=\"yoast-schema-graph\">{\"@context\":\"https:\\\/\\\/schema.org\",\"@graph\":[{\"@type\":\"WebPage\",\"@id\":\"https:\\\/\\\/www.aspb.cat\\\/es\\\/documents\\\/barcelona-salud-barrios-24\\\/\",\"url\":\"https:\\\/\\\/www.aspb.cat\\\/es\\\/documents\\\/barcelona-salud-barrios-24\\\/\",\"name\":\"Barcelona Salut als barris. Bolet\u00edn N\u00ba24 - ASPB\",\"isPartOf\":{\"@id\":\"https:\\\/\\\/www.aspb.cat\\\/#website\"},\"primaryImageOfPage\":{\"@id\":\"https:\\\/\\\/www.aspb.cat\\\/es\\\/documents\\\/barcelona-salud-barrios-24\\\/#primaryimage\"},\"image\":{\"@id\":\"https:\\\/\\\/www.aspb.cat\\\/es\\\/documents\\\/barcelona-salud-barrios-24\\\/#primaryimage\"},\"thumbnailUrl\":\"https:\\\/\\\/www.aspb.cat\\\/wp-content\\\/uploads\\\/2021\\\/12\\\/BSaB_Butlleti_24.jpg\",\"datePublished\":\"2021-12-13T15:04:09+00:00\",\"dateModified\":\"2022-12-13T18:00:47+00:00\",\"breadcrumb\":{\"@id\":\"https:\\\/\\\/www.aspb.cat\\\/es\\\/documents\\\/barcelona-salud-barrios-24\\\/#breadcrumb\"},\"inLanguage\":\"es\",\"potentialAction\":[{\"@type\":\"ReadAction\",\"target\":[\"https:\\\/\\\/www.aspb.cat\\\/es\\\/documents\\\/barcelona-salud-barrios-24\\\/\"]}]},{\"@type\":\"ImageObject\",\"inLanguage\":\"es\",\"@id\":\"https:\\\/\\\/www.aspb.cat\\\/es\\\/documents\\\/barcelona-salud-barrios-24\\\/#primaryimage\",\"url\":\"https:\\\/\\\/www.aspb.cat\\\/wp-content\\\/uploads\\\/2021\\\/12\\\/BSaB_Butlleti_24.jpg\",\"contentUrl\":\"https:\\\/\\\/www.aspb.cat\\\/wp-content\\\/uploads\\\/2021\\\/12\\\/BSaB_Butlleti_24.jpg\",\"width\":396,\"height\":562},{\"@type\":\"BreadcrumbList\",\"@id\":\"https:\\\/\\\/www.aspb.cat\\\/es\\\/documents\\\/barcelona-salud-barrios-24\\\/#breadcrumb\",\"itemListElement\":[{\"@type\":\"ListItem\",\"position\":1,\"name\":\"Inici\",\"item\":\"https:\\\/\\\/www.aspb.cat\\\/es\\\/\"},{\"@type\":\"ListItem\",\"position\":2,\"name\":\"Documents\",\"item\":\"https:\\\/\\\/www.aspb.cat\\\/documents\\\/\"},{\"@type\":\"ListItem\",\"position\":3,\"name\":\"Barcelona Salut als barris. Bolet\u00edn N\u00ba24\"}]},{\"@type\":\"WebSite\",\"@id\":\"https:\\\/\\\/www.aspb.cat\\\/#website\",\"url\":\"https:\\\/\\\/www.aspb.cat\\\/\",\"name\":\"ASPB\",\"description\":\"Just another WordPress site\",\"potentialAction\":[{\"@type\":\"SearchAction\",\"target\":{\"@type\":\"EntryPoint\",\"urlTemplate\":\"https:\\\/\\\/www.aspb.cat\\\/?s={search_term_string}\"},\"query-input\":{\"@type\":\"PropertyValueSpecification\",\"valueRequired\":true,\"valueName\":\"search_term_string\"}}],\"inLanguage\":\"es\"}]}<\/script>\n<!-- \/ Yoast SEO Premium plugin. -->","yoast_head_json":{"title":"Barcelona Salut als barris. Bolet\u00edn N\u00ba24 - ASPB","robots":{"index":"index","follow":"follow","max-snippet":"max-snippet:-1","max-image-preview":"max-image-preview:large","max-video-preview":"max-video-preview:-1"},"canonical":"https:\/\/www.aspb.cat\/es\/documents\/barcelona-salud-barrios-24\/","og_locale":"es_ES","og_type":"article","og_title":"Barcelona Salut als barris. Bolet\u00edn N\u00ba24","og_description":"Este julio se ha publicado el bolet\u00edn n\u00famero 24 Barcelona Salut als Barris con la [&hellip;]","og_url":"https:\/\/www.aspb.cat\/es\/documents\/barcelona-salud-barrios-24\/","og_site_name":"ASPB","article_publisher":"https:\/\/www.facebook.com\/salutpublicabcn","article_modified_time":"2022-12-13T18:00:47+00:00","og_image":[{"width":396,"height":562,"url":"https:\/\/www.aspb.cat\/wp-content\/uploads\/2021\/12\/BSaB_Butlleti_24.jpg","type":"image\/jpeg"}],"twitter_card":"summary_large_image","twitter_site":"@salutpublicabcn","twitter_misc":{"Tiempo de lectura":"2 minutos"},"schema":{"@context":"https:\/\/schema.org","@graph":[{"@type":"WebPage","@id":"https:\/\/www.aspb.cat\/es\/documents\/barcelona-salud-barrios-24\/","url":"https:\/\/www.aspb.cat\/es\/documents\/barcelona-salud-barrios-24\/","name":"Barcelona Salut als barris. Bolet\u00edn N\u00ba24 - ASPB","isPartOf":{"@id":"https:\/\/www.aspb.cat\/#website"},"primaryImageOfPage":{"@id":"https:\/\/www.aspb.cat\/es\/documents\/barcelona-salud-barrios-24\/#primaryimage"},"image":{"@id":"https:\/\/www.aspb.cat\/es\/documents\/barcelona-salud-barrios-24\/#primaryimage"},"thumbnailUrl":"https:\/\/www.aspb.cat\/wp-content\/uploads\/2021\/12\/BSaB_Butlleti_24.jpg","datePublished":"2021-12-13T15:04:09+00:00","dateModified":"2022-12-13T18:00:47+00:00","breadcrumb":{"@id":"https:\/\/www.aspb.cat\/es\/documents\/barcelona-salud-barrios-24\/#breadcrumb"},"inLanguage":"es","potentialAction":[{"@type":"ReadAction","target":["https:\/\/www.aspb.cat\/es\/documents\/barcelona-salud-barrios-24\/"]}]},{"@type":"ImageObject","inLanguage":"es","@id":"https:\/\/www.aspb.cat\/es\/documents\/barcelona-salud-barrios-24\/#primaryimage","url":"https:\/\/www.aspb.cat\/wp-content\/uploads\/2021\/12\/BSaB_Butlleti_24.jpg","contentUrl":"https:\/\/www.aspb.cat\/wp-content\/uploads\/2021\/12\/BSaB_Butlleti_24.jpg","width":396,"height":562},{"@type":"BreadcrumbList","@id":"https:\/\/www.aspb.cat\/es\/documents\/barcelona-salud-barrios-24\/#breadcrumb","itemListElement":[{"@type":"ListItem","position":1,"name":"Inici","item":"https:\/\/www.aspb.cat\/es\/"},{"@type":"ListItem","position":2,"name":"Documents","item":"https:\/\/www.aspb.cat\/documents\/"},{"@type":"ListItem","position":3,"name":"Barcelona Salut als barris. Bolet\u00edn N\u00ba24"}]},{"@type":"WebSite","@id":"https:\/\/www.aspb.cat\/#website","url":"https:\/\/www.aspb.cat\/","name":"ASPB","description":"Just another WordPress site","potentialAction":[{"@type":"SearchAction","target":{"@type":"EntryPoint","urlTemplate":"https:\/\/www.aspb.cat\/?s={search_term_string}"},"query-input":{"@type":"PropertyValueSpecification","valueRequired":true,"valueName":"search_term_string"}}],"inLanguage":"es"}]}},"_links":{"self":[{"href":"https:\/\/www.aspb.cat\/es\/wp-json\/wp\/v2\/documento\/38698","targetHints":{"allow":["GET"]}}],"collection":[{"href":"https:\/\/www.aspb.cat\/es\/wp-json\/wp\/v2\/documento"}],"about":[{"href":"https:\/\/www.aspb.cat\/es\/wp-json\/wp\/v2\/types\/documento"}],"version-history":[{"count":6,"href":"https:\/\/www.aspb.cat\/es\/wp-json\/wp\/v2\/documento\/38698\/revisions"}],"predecessor-version":[{"id":47004,"href":"https:\/\/www.aspb.cat\/es\/wp-json\/wp\/v2\/documento\/38698\/revisions\/47004"}],"wp:featuredmedia":[{"embeddable":true,"href":"https:\/\/www.aspb.cat\/es\/wp-json\/wp\/v2\/media\/38696"}],"wp:attachment":[{"href":"https:\/\/www.aspb.cat\/es\/wp-json\/wp\/v2\/media?parent=38698"}],"wp:term":[{"taxonomy":"tema","embeddable":true,"href":"https:\/\/www.aspb.cat\/es\/wp-json\/wp\/v2\/tema?post=38698"},{"taxonomy":"tipusdocument","embeddable":true,"href":"https:\/\/www.aspb.cat\/es\/wp-json\/wp\/v2\/tipusdocument?post=38698"}],"curies":[{"name":"wp","href":"https:\/\/api.w.org\/{rel}","templated":true}]}}

Barcelona Salut als barris. Boletín Nº24

<p>Este julio se ha publicado el<a href="https://mailchi.mp/aspb/barcelona-salut-als-barris-7976633" target="_blank" rel="noopener"> boletín número 24</a> Barcelona Salut als Barris con la participación de diferentes territorios que forman parte del programa Barcelona Salud en los Barrios (BSaB).</p>
<p>En este boletín se explican dos experiencias vinculadas con BSaB en el contexto de la pandemia causada por la COVID-19. En la Zona Norte de Nou Barris se llevó a cabo una actividad para sensibilizar a la vecindad sobre el buen uso de la mascarilla. Mientras que en el Raval se ha realizado una adaptación de la Escuela de Salud para Personas Mayores, trabajando en grupos reducidos conectados simultáneamente desde diferentes espacios y potenciando la comunicación intergeneracional.</p>
<p>Además, se presentan un par de proyectos: «Música en Tàndem» que tiene el objetivo de promover el bienestar emocional y social de niños del barrio del Carmel mediante la mentoría educativa por parte de personas voluntarias y el aprendizaje de técnicas musicales ; y «¡A l&#8217;escola ens cuidem!» un proyecto interescolar implementado en el Poblesec que tiene como objetivo fomentar la reflexión en la infancia sobre la importancia de poner los cuidados en el centro de la sociedad. Asimismo, se enlaza a una reciente publicación sobre los efectos en la salud de la intervención comunitaria «Baixem al Carrer», así como al vídeo del acto de inauguración de la exposición de Arte y Salud: «El Gran Circ» que se puede ver en la sede de la ASPB en la plaza Lesseps.</p>
<p>Por último, se informa que ya está abierto el período de inscripción para los programas de promoción de la salud de la ASPB, y se invita a las próximas sesiones científicas de la ASPB.</p>

<!-- This site is optimized with the Yoast SEO Premium plugin v27.5 (Yoast SEO v27.5) - https://yoast.com/product/yoast-seo-premium-wordpress/ -->
<title>Barcelona Salut als barris. Boletín Nº24 - ASPB</title>
<meta name="robots" content="index, follow, max-snippet:-1, max-image-preview:large, max-video-preview:-1" />
<link rel="canonical" href="https://www.aspb.cat/es/documents/barcelona-salud-barrios-24/" />
<meta property="og:locale" content="es_ES" />
<meta property="og:type" content="article" />
<meta property="og:title" content="Barcelona Salut als barris. Boletín Nº24" />
<meta property="og:description" content="Este julio se ha publicado el boletín número 24 Barcelona Salut als Barris con la [&hellip;]" />
<meta property="og:url" content="https://www.aspb.cat/es/documents/barcelona-salud-barrios-24/" />
<meta property="og:site_name" content="ASPB" />
<meta property="article:publisher" content="https://www.facebook.com/salutpublicabcn" />
<meta property="article:modified_time" content="2022-12-13T18:00:47+00:00" />
<meta property="og:image" content="https://www.aspb.cat/wp-content/uploads/2021/12/BSaB_Butlleti_24.jpg" />
	<meta property="og:image:width" content="396" />
	<meta property="og:image:height" content="562" />
	<meta property="og:image:type" content="image/jpeg" />
<meta name="twitter:card" content="summary_large_image" />
<meta name="twitter:site" content="@salutpublicabcn" />
<meta name="twitter:label1" content="Tiempo de lectura" />
	<meta name="twitter:data1" content="2 minutos" />
<script type="application/ld+json" class="yoast-schema-graph">{"@context":"https:\/\/schema.org","@graph":[{"@type":"WebPage","@id":"https:\/\/www.aspb.cat\/es\/documents\/barcelona-salud-barrios-24\/","url":"https:\/\/www.aspb.cat\/es\/documents\/barcelona-salud-barrios-24\/","name":"Barcelona Salut als barris. Boletín Nº24 - ASPB","isPartOf":{"@id":"https:\/\/www.aspb.cat\/#website"},"primaryImageOfPage":{"@id":"https:\/\/www.aspb.cat\/es\/documents\/barcelona-salud-barrios-24\/#primaryimage"},"image":{"@id":"https:\/\/www.aspb.cat\/es\/documents\/barcelona-salud-barrios-24\/#primaryimage"},"thumbnailUrl":"https:\/\/www.aspb.cat\/wp-content\/uploads\/2021\/12\/BSaB_Butlleti_24.jpg","datePublished":"2021-12-13T15:04:09+00:00","dateModified":"2022-12-13T18:00:47+00:00","breadcrumb":{"@id":"https:\/\/www.aspb.cat\/es\/documents\/barcelona-salud-barrios-24\/#breadcrumb"},"inLanguage":"es","potentialAction":[{"@type":"ReadAction","target":["https:\/\/www.aspb.cat\/es\/documents\/barcelona-salud-barrios-24\/"]}]},{"@type":"ImageObject","inLanguage":"es","@id":"https:\/\/www.aspb.cat\/es\/documents\/barcelona-salud-barrios-24\/#primaryimage","url":"https:\/\/www.aspb.cat\/wp-content\/uploads\/2021\/12\/BSaB_Butlleti_24.jpg","contentUrl":"https:\/\/www.aspb.cat\/wp-content\/uploads\/2021\/12\/BSaB_Butlleti_24.jpg","width":396,"height":562},{"@type":"BreadcrumbList","@id":"https:\/\/www.aspb.cat\/es\/documents\/barcelona-salud-barrios-24\/#breadcrumb","itemListElement":[{"@type":"ListItem","position":1,"name":"Inici","item":"https:\/\/www.aspb.cat\/es\/"},{"@type":"ListItem","position":2,"name":"Documents","item":"https:\/\/www.aspb.cat\/documents\/"},{"@type":"ListItem","position":3,"name":"Barcelona Salut als barris. Boletín Nº24"}]},{"@type":"WebSite","@id":"https:\/\/www.aspb.cat\/#website","url":"https:\/\/www.aspb.cat\/","name":"ASPB","description":"Just another WordPress site","potentialAction":[{"@type":"SearchAction","target":{"@type":"EntryPoint","urlTemplate":"https:\/\/www.aspb.cat\/?s={search_term_string}"},"query-input":{"@type":"PropertyValueSpecification","valueRequired":true,"valueName":"search_term_string"}}],"inLanguage":"es"}]}</script>
<!-- / Yoast SEO Premium plugin. -->

Barcelona Salut als barris. Boletín Nº24 - ASPB

Este julio se ha publicado el boletín número 24 Barcelona Salut als Barris con la [&hellip;]
