{"id":36699,"date":"2021-09-29T10:34:41","date_gmt":"2021-09-29T10:34:41","guid":{"rendered":"https:\/\/www.aspb.cat\/?post_type=documento&#038;p=36699"},"modified":"2022-12-14T12:50:03","modified_gmt":"2022-12-14T12:50:03","slug":"desigualdades-socioeconomicas-mortalidad-barcelona-1996-2015","status":"publish","type":"documento","link":"https:\/\/www.aspb.cat\/es\/documentos\/desigualdades-socioeconomicas-mortalidad-barcelona-1996-2015\/","title":{"rendered":"Evoluci\u00f3n de las desigualdades socioecon\u00f3micas en la mortalidad en \u00e1reas de Barcelona, 1996-2015"},"content":{"rendered":"<p>El presente informe elaborado por la Ag\u00e8ncia de salut p\u00fablica de Barcelona (ASPB) recoge un conjunto de medidas sobre las desigualdades socioecon\u00f3micas y ambientales en la distribuci\u00f3n geogr\u00e1fica de la mortalidad en Barcelona, entre los a\u00f1os 1996 y 2015. En este documento se pueden observar las principales causas de muerte, su evoluci\u00f3n temporal, y su relaci\u00f3n con varios factores de privaci\u00f3n, para cada distrito y barrio de la ciudad. Los datos recogidos en este informe forman parte del proyecto Medea3. Un proyecto m\u00e1s amplio y coordinado entre diferentes agencias y que comprende diversas ciudades de Espa\u00f1a.<\/p>\n<div class=\"figure\"><img decoding=\"async\" class=\"alignnone size-full wp-image-47034 aligncenter\" src=\"https:\/\/www.aspb.cat\/wp-content\/uploads\/2021\/09\/Logo-Union-Europea-03.jpg\" alt=\"\" width=\"250\" height=\"97\"><\/div>\n<p style=\"text-align: center;\">Proyecto \u00abPI16\/00961\u00bb, financiado por el Instituto de Salud Carlos III y cofinanciado por la Uni\u00f3n Europea (FEDER) \u00abUna manera de hacer Europa\u201d.<\/p>\n","protected":false},"featured_media":36702,"template":"","tema":[150,356],"tipusdocument":[167],"class_list":["post-36699","documento","type-documento","status-publish","has-post-thumbnail","hentry","tema-salud-cifras-es","tema-informacio-de-la-mortalitat","tipusdocument-informes","publish","author-ext_acaillab","impar","primero"],"acf":[],"yoast_head":"<!-- This site is optimized with the Yoast SEO Premium plugin v27.5 (Yoast SEO v27.5) - https:\/\/yoast.com\/product\/yoast-seo-premium-wordpress\/ -->\n<title>Evoluci\u00f3n de las desigualdades socioecon\u00f3micas en la mortalidad en \u00e1reas de Barcelona, 1996-2015 - ASPB<\/title>\n<meta name=\"robots\" content=\"index, follow, max-snippet:-1, max-image-preview:large, max-video-preview:-1\" \/>\n<link rel=\"canonical\" href=\"https:\/\/www.aspb.cat\/es\/documents\/desigualdades-socioeconomicas-mortalidad-barcelona-1996-2015\/\" \/>\n<meta property=\"og:locale\" content=\"es_ES\" \/>\n<meta property=\"og:type\" content=\"article\" \/>\n<meta property=\"og:title\" content=\"Evoluci\u00f3n de las desigualdades socioecon\u00f3micas en la mortalidad en \u00e1reas de Barcelona, 1996-2015\" \/>\n<meta property=\"og:description\" content=\"El presente informe elaborado por la Ag\u00e8ncia de salut p\u00fablica de Barcelona (ASPB) recoge un [&hellip;]\" \/>\n<meta property=\"og:url\" content=\"https:\/\/www.aspb.cat\/es\/documents\/desigualdades-socioeconomicas-mortalidad-barcelona-1996-2015\/\" \/>\n<meta property=\"og:site_name\" content=\"ASPB\" \/>\n<meta property=\"article:publisher\" content=\"https:\/\/www.facebook.com\/salutpublicabcn\" \/>\n<meta property=\"article:modified_time\" content=\"2022-12-14T12:50:03+00:00\" \/>\n<meta property=\"og:image\" content=\"https:\/\/www.aspb.cat\/wp-content\/uploads\/2021\/09\/desigualdades-socioeconomicas-mortalidad-barcelona-1996-2015.jpg\" \/>\n\t<meta property=\"og:image:width\" content=\"595\" \/>\n\t<meta property=\"og:image:height\" content=\"842\" \/>\n\t<meta property=\"og:image:type\" content=\"image\/jpeg\" \/>\n<meta name=\"twitter:card\" content=\"summary_large_image\" \/>\n<meta name=\"twitter:site\" content=\"@salutpublicabcn\" \/>\n<meta name=\"twitter:label1\" content=\"Tiempo de lectura\" \/>\n\t<meta name=\"twitter:data1\" content=\"1 minuto\" \/>\n<script type=\"application\/ld+json\" class=\"yoast-schema-graph\">{\"@context\":\"https:\\\/\\\/schema.org\",\"@graph\":[{\"@type\":\"WebPage\",\"@id\":\"https:\\\/\\\/www.aspb.cat\\\/es\\\/documents\\\/desigualdades-socioeconomicas-mortalidad-barcelona-1996-2015\\\/\",\"url\":\"https:\\\/\\\/www.aspb.cat\\\/es\\\/documents\\\/desigualdades-socioeconomicas-mortalidad-barcelona-1996-2015\\\/\",\"name\":\"Evoluci\u00f3n de las desigualdades socioecon\u00f3micas en la mortalidad en \u00e1reas de Barcelona, 1996-2015 - ASPB\",\"isPartOf\":{\"@id\":\"https:\\\/\\\/www.aspb.cat\\\/#website\"},\"primaryImageOfPage\":{\"@id\":\"https:\\\/\\\/www.aspb.cat\\\/es\\\/documents\\\/desigualdades-socioeconomicas-mortalidad-barcelona-1996-2015\\\/#primaryimage\"},\"image\":{\"@id\":\"https:\\\/\\\/www.aspb.cat\\\/es\\\/documents\\\/desigualdades-socioeconomicas-mortalidad-barcelona-1996-2015\\\/#primaryimage\"},\"thumbnailUrl\":\"https:\\\/\\\/www.aspb.cat\\\/wp-content\\\/uploads\\\/2021\\\/09\\\/desigualdades-socioeconomicas-mortalidad-barcelona-1996-2015.jpg\",\"datePublished\":\"2021-09-29T10:34:41+00:00\",\"dateModified\":\"2022-12-14T12:50:03+00:00\",\"breadcrumb\":{\"@id\":\"https:\\\/\\\/www.aspb.cat\\\/es\\\/documents\\\/desigualdades-socioeconomicas-mortalidad-barcelona-1996-2015\\\/#breadcrumb\"},\"inLanguage\":\"es\",\"potentialAction\":[{\"@type\":\"ReadAction\",\"target\":[\"https:\\\/\\\/www.aspb.cat\\\/es\\\/documents\\\/desigualdades-socioeconomicas-mortalidad-barcelona-1996-2015\\\/\"]}]},{\"@type\":\"ImageObject\",\"inLanguage\":\"es\",\"@id\":\"https:\\\/\\\/www.aspb.cat\\\/es\\\/documents\\\/desigualdades-socioeconomicas-mortalidad-barcelona-1996-2015\\\/#primaryimage\",\"url\":\"https:\\\/\\\/www.aspb.cat\\\/wp-content\\\/uploads\\\/2021\\\/09\\\/desigualdades-socioeconomicas-mortalidad-barcelona-1996-2015.jpg\",\"contentUrl\":\"https:\\\/\\\/www.aspb.cat\\\/wp-content\\\/uploads\\\/2021\\\/09\\\/desigualdades-socioeconomicas-mortalidad-barcelona-1996-2015.jpg\",\"width\":595,\"height\":842},{\"@type\":\"BreadcrumbList\",\"@id\":\"https:\\\/\\\/www.aspb.cat\\\/es\\\/documents\\\/desigualdades-socioeconomicas-mortalidad-barcelona-1996-2015\\\/#breadcrumb\",\"itemListElement\":[{\"@type\":\"ListItem\",\"position\":1,\"name\":\"Inici\",\"item\":\"https:\\\/\\\/www.aspb.cat\\\/es\\\/\"},{\"@type\":\"ListItem\",\"position\":2,\"name\":\"Documents\",\"item\":\"https:\\\/\\\/www.aspb.cat\\\/documents\\\/\"},{\"@type\":\"ListItem\",\"position\":3,\"name\":\"Evoluci\u00f3n de las desigualdades socioecon\u00f3micas en la mortalidad en \u00e1reas de Barcelona, 1996-2015\"}]},{\"@type\":\"WebSite\",\"@id\":\"https:\\\/\\\/www.aspb.cat\\\/#website\",\"url\":\"https:\\\/\\\/www.aspb.cat\\\/\",\"name\":\"ASPB\",\"description\":\"Just another WordPress site\",\"potentialAction\":[{\"@type\":\"SearchAction\",\"target\":{\"@type\":\"EntryPoint\",\"urlTemplate\":\"https:\\\/\\\/www.aspb.cat\\\/?s={search_term_string}\"},\"query-input\":{\"@type\":\"PropertyValueSpecification\",\"valueRequired\":true,\"valueName\":\"search_term_string\"}}],\"inLanguage\":\"es\"}]}<\/script>\n<!-- \/ Yoast SEO Premium plugin. -->","yoast_head_json":{"title":"Evoluci\u00f3n de las desigualdades socioecon\u00f3micas en la mortalidad en \u00e1reas de Barcelona, 1996-2015 - ASPB","robots":{"index":"index","follow":"follow","max-snippet":"max-snippet:-1","max-image-preview":"max-image-preview:large","max-video-preview":"max-video-preview:-1"},"canonical":"https:\/\/www.aspb.cat\/es\/documents\/desigualdades-socioeconomicas-mortalidad-barcelona-1996-2015\/","og_locale":"es_ES","og_type":"article","og_title":"Evoluci\u00f3n de las desigualdades socioecon\u00f3micas en la mortalidad en \u00e1reas de Barcelona, 1996-2015","og_description":"El presente informe elaborado por la Ag\u00e8ncia de salut p\u00fablica de Barcelona (ASPB) recoge un [&hellip;]","og_url":"https:\/\/www.aspb.cat\/es\/documents\/desigualdades-socioeconomicas-mortalidad-barcelona-1996-2015\/","og_site_name":"ASPB","article_publisher":"https:\/\/www.facebook.com\/salutpublicabcn","article_modified_time":"2022-12-14T12:50:03+00:00","og_image":[{"width":595,"height":842,"url":"https:\/\/www.aspb.cat\/wp-content\/uploads\/2021\/09\/desigualdades-socioeconomicas-mortalidad-barcelona-1996-2015.jpg","type":"image\/jpeg"}],"twitter_card":"summary_large_image","twitter_site":"@salutpublicabcn","twitter_misc":{"Tiempo de lectura":"1 minuto"},"schema":{"@context":"https:\/\/schema.org","@graph":[{"@type":"WebPage","@id":"https:\/\/www.aspb.cat\/es\/documents\/desigualdades-socioeconomicas-mortalidad-barcelona-1996-2015\/","url":"https:\/\/www.aspb.cat\/es\/documents\/desigualdades-socioeconomicas-mortalidad-barcelona-1996-2015\/","name":"Evoluci\u00f3n de las desigualdades socioecon\u00f3micas en la mortalidad en \u00e1reas de Barcelona, 1996-2015 - ASPB","isPartOf":{"@id":"https:\/\/www.aspb.cat\/#website"},"primaryImageOfPage":{"@id":"https:\/\/www.aspb.cat\/es\/documents\/desigualdades-socioeconomicas-mortalidad-barcelona-1996-2015\/#primaryimage"},"image":{"@id":"https:\/\/www.aspb.cat\/es\/documents\/desigualdades-socioeconomicas-mortalidad-barcelona-1996-2015\/#primaryimage"},"thumbnailUrl":"https:\/\/www.aspb.cat\/wp-content\/uploads\/2021\/09\/desigualdades-socioeconomicas-mortalidad-barcelona-1996-2015.jpg","datePublished":"2021-09-29T10:34:41+00:00","dateModified":"2022-12-14T12:50:03+00:00","breadcrumb":{"@id":"https:\/\/www.aspb.cat\/es\/documents\/desigualdades-socioeconomicas-mortalidad-barcelona-1996-2015\/#breadcrumb"},"inLanguage":"es","potentialAction":[{"@type":"ReadAction","target":["https:\/\/www.aspb.cat\/es\/documents\/desigualdades-socioeconomicas-mortalidad-barcelona-1996-2015\/"]}]},{"@type":"ImageObject","inLanguage":"es","@id":"https:\/\/www.aspb.cat\/es\/documents\/desigualdades-socioeconomicas-mortalidad-barcelona-1996-2015\/#primaryimage","url":"https:\/\/www.aspb.cat\/wp-content\/uploads\/2021\/09\/desigualdades-socioeconomicas-mortalidad-barcelona-1996-2015.jpg","contentUrl":"https:\/\/www.aspb.cat\/wp-content\/uploads\/2021\/09\/desigualdades-socioeconomicas-mortalidad-barcelona-1996-2015.jpg","width":595,"height":842},{"@type":"BreadcrumbList","@id":"https:\/\/www.aspb.cat\/es\/documents\/desigualdades-socioeconomicas-mortalidad-barcelona-1996-2015\/#breadcrumb","itemListElement":[{"@type":"ListItem","position":1,"name":"Inici","item":"https:\/\/www.aspb.cat\/es\/"},{"@type":"ListItem","position":2,"name":"Documents","item":"https:\/\/www.aspb.cat\/documents\/"},{"@type":"ListItem","position":3,"name":"Evoluci\u00f3n de las desigualdades socioecon\u00f3micas en la mortalidad en \u00e1reas de Barcelona, 1996-2015"}]},{"@type":"WebSite","@id":"https:\/\/www.aspb.cat\/#website","url":"https:\/\/www.aspb.cat\/","name":"ASPB","description":"Just another WordPress site","potentialAction":[{"@type":"SearchAction","target":{"@type":"EntryPoint","urlTemplate":"https:\/\/www.aspb.cat\/?s={search_term_string}"},"query-input":{"@type":"PropertyValueSpecification","valueRequired":true,"valueName":"search_term_string"}}],"inLanguage":"es"}]}},"_links":{"self":[{"href":"https:\/\/www.aspb.cat\/es\/wp-json\/wp\/v2\/documento\/36699","targetHints":{"allow":["GET"]}}],"collection":[{"href":"https:\/\/www.aspb.cat\/es\/wp-json\/wp\/v2\/documento"}],"about":[{"href":"https:\/\/www.aspb.cat\/es\/wp-json\/wp\/v2\/types\/documento"}],"version-history":[{"count":15,"href":"https:\/\/www.aspb.cat\/es\/wp-json\/wp\/v2\/documento\/36699\/revisions"}],"predecessor-version":[{"id":47044,"href":"https:\/\/www.aspb.cat\/es\/wp-json\/wp\/v2\/documento\/36699\/revisions\/47044"}],"wp:featuredmedia":[{"embeddable":true,"href":"https:\/\/www.aspb.cat\/es\/wp-json\/wp\/v2\/media\/36702"}],"wp:attachment":[{"href":"https:\/\/www.aspb.cat\/es\/wp-json\/wp\/v2\/media?parent=36699"}],"wp:term":[{"taxonomy":"tema","embeddable":true,"href":"https:\/\/www.aspb.cat\/es\/wp-json\/wp\/v2\/tema?post=36699"},{"taxonomy":"tipusdocument","embeddable":true,"href":"https:\/\/www.aspb.cat\/es\/wp-json\/wp\/v2\/tipusdocument?post=36699"}],"curies":[{"name":"wp","href":"https:\/\/api.w.org\/{rel}","templated":true}]}}

Evolución de las desigualdades socioeconómicas en la mortalidad en áreas de Barcelona, 1996-2015

<p>El presente informe elaborado por la Agència de salut pública de Barcelona (ASPB) recoge un conjunto de medidas sobre las desigualdades socioeconómicas y ambientales en la distribución geográfica de la mortalidad en Barcelona, entre los años 1996 y 2015. En este documento se pueden observar las principales causas de muerte, su evolución temporal, y su relación con varios factores de privación, para cada distrito y barrio de la ciudad. Los datos recogidos en este informe forman parte del proyecto Medea3. Un proyecto más amplio y coordinado entre diferentes agencias y que comprende diversas ciudades de España.</p>
<div class="figure"><img decoding="async" class="alignnone size-full wp-image-47034 aligncenter" src="https://www.aspb.cat/wp-content/uploads/2021/09/Logo-Union-Europea-03.jpg" alt="" width="250" height="97"></div>
<p style="text-align: center;">Proyecto «PI16/00961», financiado por el Instituto de Salud Carlos III y cofinanciado por la Unión Europea (FEDER) «Una manera de hacer Europa”.</p>

<!-- This site is optimized with the Yoast SEO Premium plugin v27.5 (Yoast SEO v27.5) - https://yoast.com/product/yoast-seo-premium-wordpress/ -->
<title>Evolución de las desigualdades socioeconómicas en la mortalidad en áreas de Barcelona, 1996-2015 - ASPB</title>
<meta name="robots" content="index, follow, max-snippet:-1, max-image-preview:large, max-video-preview:-1" />
<link rel="canonical" href="https://www.aspb.cat/es/documents/desigualdades-socioeconomicas-mortalidad-barcelona-1996-2015/" />
<meta property="og:locale" content="es_ES" />
<meta property="og:type" content="article" />
<meta property="og:title" content="Evolución de las desigualdades socioeconómicas en la mortalidad en áreas de Barcelona, 1996-2015" />
<meta property="og:description" content="El presente informe elaborado por la Agència de salut pública de Barcelona (ASPB) recoge un [&hellip;]" />
<meta property="og:url" content="https://www.aspb.cat/es/documents/desigualdades-socioeconomicas-mortalidad-barcelona-1996-2015/" />
<meta property="og:site_name" content="ASPB" />
<meta property="article:publisher" content="https://www.facebook.com/salutpublicabcn" />
<meta property="article:modified_time" content="2022-12-14T12:50:03+00:00" />
<meta property="og:image" content="https://www.aspb.cat/wp-content/uploads/2021/09/desigualdades-socioeconomicas-mortalidad-barcelona-1996-2015.jpg" />
	<meta property="og:image:width" content="595" />
	<meta property="og:image:height" content="842" />
	<meta property="og:image:type" content="image/jpeg" />
<meta name="twitter:card" content="summary_large_image" />
<meta name="twitter:site" content="@salutpublicabcn" />
<meta name="twitter:label1" content="Tiempo de lectura" />
	<meta name="twitter:data1" content="1 minuto" />
<script type="application/ld+json" class="yoast-schema-graph">{"@context":"https:\/\/schema.org","@graph":[{"@type":"WebPage","@id":"https:\/\/www.aspb.cat\/es\/documents\/desigualdades-socioeconomicas-mortalidad-barcelona-1996-2015\/","url":"https:\/\/www.aspb.cat\/es\/documents\/desigualdades-socioeconomicas-mortalidad-barcelona-1996-2015\/","name":"Evolución de las desigualdades socioeconómicas en la mortalidad en áreas de Barcelona, 1996-2015 - ASPB","isPartOf":{"@id":"https:\/\/www.aspb.cat\/#website"},"primaryImageOfPage":{"@id":"https:\/\/www.aspb.cat\/es\/documents\/desigualdades-socioeconomicas-mortalidad-barcelona-1996-2015\/#primaryimage"},"image":{"@id":"https:\/\/www.aspb.cat\/es\/documents\/desigualdades-socioeconomicas-mortalidad-barcelona-1996-2015\/#primaryimage"},"thumbnailUrl":"https:\/\/www.aspb.cat\/wp-content\/uploads\/2021\/09\/desigualdades-socioeconomicas-mortalidad-barcelona-1996-2015.jpg","datePublished":"2021-09-29T10:34:41+00:00","dateModified":"2022-12-14T12:50:03+00:00","breadcrumb":{"@id":"https:\/\/www.aspb.cat\/es\/documents\/desigualdades-socioeconomicas-mortalidad-barcelona-1996-2015\/#breadcrumb"},"inLanguage":"es","potentialAction":[{"@type":"ReadAction","target":["https:\/\/www.aspb.cat\/es\/documents\/desigualdades-socioeconomicas-mortalidad-barcelona-1996-2015\/"]}]},{"@type":"ImageObject","inLanguage":"es","@id":"https:\/\/www.aspb.cat\/es\/documents\/desigualdades-socioeconomicas-mortalidad-barcelona-1996-2015\/#primaryimage","url":"https:\/\/www.aspb.cat\/wp-content\/uploads\/2021\/09\/desigualdades-socioeconomicas-mortalidad-barcelona-1996-2015.jpg","contentUrl":"https:\/\/www.aspb.cat\/wp-content\/uploads\/2021\/09\/desigualdades-socioeconomicas-mortalidad-barcelona-1996-2015.jpg","width":595,"height":842},{"@type":"BreadcrumbList","@id":"https:\/\/www.aspb.cat\/es\/documents\/desigualdades-socioeconomicas-mortalidad-barcelona-1996-2015\/#breadcrumb","itemListElement":[{"@type":"ListItem","position":1,"name":"Inici","item":"https:\/\/www.aspb.cat\/es\/"},{"@type":"ListItem","position":2,"name":"Documents","item":"https:\/\/www.aspb.cat\/documents\/"},{"@type":"ListItem","position":3,"name":"Evolución de las desigualdades socioeconómicas en la mortalidad en áreas de Barcelona, 1996-2015"}]},{"@type":"WebSite","@id":"https:\/\/www.aspb.cat\/#website","url":"https:\/\/www.aspb.cat\/","name":"ASPB","description":"Just another WordPress site","potentialAction":[{"@type":"SearchAction","target":{"@type":"EntryPoint","urlTemplate":"https:\/\/www.aspb.cat\/?s={search_term_string}"},"query-input":{"@type":"PropertyValueSpecification","valueRequired":true,"valueName":"search_term_string"}}],"inLanguage":"es"}]}</script>
<!-- / Yoast SEO Premium plugin. -->

Evolución de las desigualdades socioeconómicas en la mortalidad en áreas de Barcelona, 1996-2015 - ASPB

El presente informe elaborado por la Agència de salut pública de Barcelona (ASPB) recoge un [&hellip;]
