{"id":33586,"date":"2021-06-04T12:36:11","date_gmt":"2021-06-04T12:36:11","guid":{"rendered":"https:\/\/www.aspb.cat\/documents\/15-06-2021-la-salut-de-les-persones-en-situacio-de-sensellarisme-durant-la-pandemia\/"},"modified":"2021-12-23T12:06:57","modified_gmt":"2021-12-23T12:06:57","slug":"15-06-2021-persones-sintecho","status":"publish","type":"documento","link":"https:\/\/www.aspb.cat\/es\/documentos\/15-06-2021-persones-sintecho\/","title":{"rendered":"15\/06\/2021. La salut de les persones en situaci\u00f3 de sensellarisme durant la pand\u00e8mia"},"content":{"rendered":"\n<p id=\"block-b2a8a55b-16c9-422b-9b96-0ff202e8bdae\"><strong>Moderaci\u00f3n:<\/strong> <strong>Elia Diez<\/strong>, <em>Ag\u00e8ncia de Salut P\u00fablica de Barcelona<\/em><br><strong>Ponencias:<\/strong><\/p>\n\n\n\n<ul class=\"wp-block-list\" id=\"block-d01fbe63-946c-4eff-afb3-05361f07965c\"><li><strong>L&#8217;atenci\u00f3 a les persones sense llar i la pand\u00e8mia: el dispositiu d&#8217;allotjament d&#8217;emerg\u00e8ncia a Barcelona<\/strong><br>Albert Sales, Investigador del <em>Institut d&#8217;Estudis Regionals i Metropolitans de Barcelona<\/em><\/li><li><strong> Situaci\u00f3 de les persones sensellar en temps de pand\u00e8mia, amb mirada de g\u00e8nere.<\/strong><br>Jes\u00fas Ruiz, Director d&#8217;Ass\u00eds, centre d&#8217;acollida (coordinador del \u00e1rea social)<\/li><li><strong>La salut de les persones allotjades en els dispositius de les persones sensellar i sensesostre durant la pand\u00e8mia<\/strong><br>Victoria Porth\u00e9. Investigadora CIBER, <em>Servei del Servei de Programes i Intervencions Preventives<\/em>. <em>Ag\u00e8ncia de Salut de Barcelona <\/em> <\/li><\/ul>\n\n\n\n<div class=\"figure\"><\/div>\n","protected":false},"featured_media":33094,"template":"","tema":[291,186,192,202],"tipusdocument":[339],"class_list":["post-33586","documento","type-documento","status-publish","has-post-thumbnail","hentry","tema-sesiones-cientificas-es","tema-etapas-vida","tema-entornos","tema-vivir-salud","tipusdocument-sesiones-cientificas","publish","author-ext_acaillab","impar","primero"],"acf":[],"yoast_head":"<!-- This site is optimized with the Yoast SEO Premium plugin v27.5 (Yoast SEO v27.5) - https:\/\/yoast.com\/product\/yoast-seo-premium-wordpress\/ -->\n<title>15\/06\/2021. La salut de les persones en situaci\u00f3 de sensellarisme durant la pand\u00e8mia - ASPB<\/title>\n<meta name=\"robots\" content=\"index, follow, max-snippet:-1, max-image-preview:large, max-video-preview:-1\" \/>\n<link rel=\"canonical\" href=\"https:\/\/www.aspb.cat\/es\/documents\/15-06-2021-persones-sintecho\/\" \/>\n<meta property=\"og:locale\" content=\"es_ES\" \/>\n<meta property=\"og:type\" content=\"article\" \/>\n<meta property=\"og:title\" content=\"15\/06\/2021. La salut de les persones en situaci\u00f3 de sensellarisme durant la pand\u00e8mia\" \/>\n<meta property=\"og:description\" content=\"Moderaci\u00f3n: Elia Diez, Ag\u00e8ncia de Salut P\u00fablica de BarcelonaPonencias: L&#8217;atenci\u00f3 a les persones sense llar [&hellip;]\" \/>\n<meta property=\"og:url\" content=\"https:\/\/www.aspb.cat\/es\/documents\/15-06-2021-persones-sintecho\/\" \/>\n<meta property=\"og:site_name\" content=\"ASPB\" \/>\n<meta property=\"article:publisher\" content=\"https:\/\/www.facebook.com\/salutpublicabcn\" \/>\n<meta property=\"article:modified_time\" content=\"2021-12-23T12:06:57+00:00\" \/>\n<meta property=\"og:image\" content=\"https:\/\/www.aspb.cat\/wp-content\/uploads\/2021\/06\/ASPB-SessionsCientifiques_210615_NOT.jpg\" \/>\n\t<meta property=\"og:image:width\" content=\"1521\" \/>\n\t<meta property=\"og:image:height\" content=\"956\" \/>\n\t<meta property=\"og:image:type\" content=\"image\/jpeg\" \/>\n<meta name=\"twitter:card\" content=\"summary_large_image\" \/>\n<meta name=\"twitter:site\" content=\"@salutpublicabcn\" \/>\n<meta name=\"twitter:label1\" content=\"Tiempo de lectura\" \/>\n\t<meta name=\"twitter:data1\" content=\"1 minuto\" \/>\n<script type=\"application\/ld+json\" class=\"yoast-schema-graph\">{\"@context\":\"https:\\\/\\\/schema.org\",\"@graph\":[{\"@type\":\"WebPage\",\"@id\":\"https:\\\/\\\/www.aspb.cat\\\/es\\\/documents\\\/15-06-2021-persones-sintecho\\\/\",\"url\":\"https:\\\/\\\/www.aspb.cat\\\/es\\\/documents\\\/15-06-2021-persones-sintecho\\\/\",\"name\":\"15\\\/06\\\/2021. La salut de les persones en situaci\u00f3 de sensellarisme durant la pand\u00e8mia - ASPB\",\"isPartOf\":{\"@id\":\"https:\\\/\\\/www.aspb.cat\\\/#website\"},\"primaryImageOfPage\":{\"@id\":\"https:\\\/\\\/www.aspb.cat\\\/es\\\/documents\\\/15-06-2021-persones-sintecho\\\/#primaryimage\"},\"image\":{\"@id\":\"https:\\\/\\\/www.aspb.cat\\\/es\\\/documents\\\/15-06-2021-persones-sintecho\\\/#primaryimage\"},\"thumbnailUrl\":\"https:\\\/\\\/www.aspb.cat\\\/wp-content\\\/uploads\\\/2021\\\/06\\\/ASPB-SessionsCientifiques_210615_NOT.jpg\",\"datePublished\":\"2021-06-04T12:36:11+00:00\",\"dateModified\":\"2021-12-23T12:06:57+00:00\",\"breadcrumb\":{\"@id\":\"https:\\\/\\\/www.aspb.cat\\\/es\\\/documents\\\/15-06-2021-persones-sintecho\\\/#breadcrumb\"},\"inLanguage\":\"es\",\"potentialAction\":[{\"@type\":\"ReadAction\",\"target\":[\"https:\\\/\\\/www.aspb.cat\\\/es\\\/documents\\\/15-06-2021-persones-sintecho\\\/\"]}]},{\"@type\":\"ImageObject\",\"inLanguage\":\"es\",\"@id\":\"https:\\\/\\\/www.aspb.cat\\\/es\\\/documents\\\/15-06-2021-persones-sintecho\\\/#primaryimage\",\"url\":\"https:\\\/\\\/www.aspb.cat\\\/wp-content\\\/uploads\\\/2021\\\/06\\\/ASPB-SessionsCientifiques_210615_NOT.jpg\",\"contentUrl\":\"https:\\\/\\\/www.aspb.cat\\\/wp-content\\\/uploads\\\/2021\\\/06\\\/ASPB-SessionsCientifiques_210615_NOT.jpg\",\"width\":1521,\"height\":956},{\"@type\":\"BreadcrumbList\",\"@id\":\"https:\\\/\\\/www.aspb.cat\\\/es\\\/documents\\\/15-06-2021-persones-sintecho\\\/#breadcrumb\",\"itemListElement\":[{\"@type\":\"ListItem\",\"position\":1,\"name\":\"Inici\",\"item\":\"https:\\\/\\\/www.aspb.cat\\\/es\\\/\"},{\"@type\":\"ListItem\",\"position\":2,\"name\":\"Documents\",\"item\":\"https:\\\/\\\/www.aspb.cat\\\/documents\\\/\"},{\"@type\":\"ListItem\",\"position\":3,\"name\":\"15\\\/06\\\/2021. La salut de les persones en situaci\u00f3 de sensellarisme durant la pand\u00e8mia\"}]},{\"@type\":\"WebSite\",\"@id\":\"https:\\\/\\\/www.aspb.cat\\\/#website\",\"url\":\"https:\\\/\\\/www.aspb.cat\\\/\",\"name\":\"ASPB\",\"description\":\"Just another WordPress site\",\"potentialAction\":[{\"@type\":\"SearchAction\",\"target\":{\"@type\":\"EntryPoint\",\"urlTemplate\":\"https:\\\/\\\/www.aspb.cat\\\/?s={search_term_string}\"},\"query-input\":{\"@type\":\"PropertyValueSpecification\",\"valueRequired\":true,\"valueName\":\"search_term_string\"}}],\"inLanguage\":\"es\"}]}<\/script>\n<!-- \/ Yoast SEO Premium plugin. -->","yoast_head_json":{"title":"15\/06\/2021. La salut de les persones en situaci\u00f3 de sensellarisme durant la pand\u00e8mia - ASPB","robots":{"index":"index","follow":"follow","max-snippet":"max-snippet:-1","max-image-preview":"max-image-preview:large","max-video-preview":"max-video-preview:-1"},"canonical":"https:\/\/www.aspb.cat\/es\/documents\/15-06-2021-persones-sintecho\/","og_locale":"es_ES","og_type":"article","og_title":"15\/06\/2021. La salut de les persones en situaci\u00f3 de sensellarisme durant la pand\u00e8mia","og_description":"Moderaci\u00f3n: Elia Diez, Ag\u00e8ncia de Salut P\u00fablica de BarcelonaPonencias: L&#8217;atenci\u00f3 a les persones sense llar [&hellip;]","og_url":"https:\/\/www.aspb.cat\/es\/documents\/15-06-2021-persones-sintecho\/","og_site_name":"ASPB","article_publisher":"https:\/\/www.facebook.com\/salutpublicabcn","article_modified_time":"2021-12-23T12:06:57+00:00","og_image":[{"width":1521,"height":956,"url":"https:\/\/www.aspb.cat\/wp-content\/uploads\/2021\/06\/ASPB-SessionsCientifiques_210615_NOT.jpg","type":"image\/jpeg"}],"twitter_card":"summary_large_image","twitter_site":"@salutpublicabcn","twitter_misc":{"Tiempo de lectura":"1 minuto"},"schema":{"@context":"https:\/\/schema.org","@graph":[{"@type":"WebPage","@id":"https:\/\/www.aspb.cat\/es\/documents\/15-06-2021-persones-sintecho\/","url":"https:\/\/www.aspb.cat\/es\/documents\/15-06-2021-persones-sintecho\/","name":"15\/06\/2021. La salut de les persones en situaci\u00f3 de sensellarisme durant la pand\u00e8mia - ASPB","isPartOf":{"@id":"https:\/\/www.aspb.cat\/#website"},"primaryImageOfPage":{"@id":"https:\/\/www.aspb.cat\/es\/documents\/15-06-2021-persones-sintecho\/#primaryimage"},"image":{"@id":"https:\/\/www.aspb.cat\/es\/documents\/15-06-2021-persones-sintecho\/#primaryimage"},"thumbnailUrl":"https:\/\/www.aspb.cat\/wp-content\/uploads\/2021\/06\/ASPB-SessionsCientifiques_210615_NOT.jpg","datePublished":"2021-06-04T12:36:11+00:00","dateModified":"2021-12-23T12:06:57+00:00","breadcrumb":{"@id":"https:\/\/www.aspb.cat\/es\/documents\/15-06-2021-persones-sintecho\/#breadcrumb"},"inLanguage":"es","potentialAction":[{"@type":"ReadAction","target":["https:\/\/www.aspb.cat\/es\/documents\/15-06-2021-persones-sintecho\/"]}]},{"@type":"ImageObject","inLanguage":"es","@id":"https:\/\/www.aspb.cat\/es\/documents\/15-06-2021-persones-sintecho\/#primaryimage","url":"https:\/\/www.aspb.cat\/wp-content\/uploads\/2021\/06\/ASPB-SessionsCientifiques_210615_NOT.jpg","contentUrl":"https:\/\/www.aspb.cat\/wp-content\/uploads\/2021\/06\/ASPB-SessionsCientifiques_210615_NOT.jpg","width":1521,"height":956},{"@type":"BreadcrumbList","@id":"https:\/\/www.aspb.cat\/es\/documents\/15-06-2021-persones-sintecho\/#breadcrumb","itemListElement":[{"@type":"ListItem","position":1,"name":"Inici","item":"https:\/\/www.aspb.cat\/es\/"},{"@type":"ListItem","position":2,"name":"Documents","item":"https:\/\/www.aspb.cat\/documents\/"},{"@type":"ListItem","position":3,"name":"15\/06\/2021. La salut de les persones en situaci\u00f3 de sensellarisme durant la pand\u00e8mia"}]},{"@type":"WebSite","@id":"https:\/\/www.aspb.cat\/#website","url":"https:\/\/www.aspb.cat\/","name":"ASPB","description":"Just another WordPress site","potentialAction":[{"@type":"SearchAction","target":{"@type":"EntryPoint","urlTemplate":"https:\/\/www.aspb.cat\/?s={search_term_string}"},"query-input":{"@type":"PropertyValueSpecification","valueRequired":true,"valueName":"search_term_string"}}],"inLanguage":"es"}]}},"_links":{"self":[{"href":"https:\/\/www.aspb.cat\/es\/wp-json\/wp\/v2\/documento\/33586","targetHints":{"allow":["GET"]}}],"collection":[{"href":"https:\/\/www.aspb.cat\/es\/wp-json\/wp\/v2\/documento"}],"about":[{"href":"https:\/\/www.aspb.cat\/es\/wp-json\/wp\/v2\/types\/documento"}],"version-history":[{"count":2,"href":"https:\/\/www.aspb.cat\/es\/wp-json\/wp\/v2\/documento\/33586\/revisions"}],"predecessor-version":[{"id":39237,"href":"https:\/\/www.aspb.cat\/es\/wp-json\/wp\/v2\/documento\/33586\/revisions\/39237"}],"wp:featuredmedia":[{"embeddable":true,"href":"https:\/\/www.aspb.cat\/es\/wp-json\/wp\/v2\/media\/33094"}],"wp:attachment":[{"href":"https:\/\/www.aspb.cat\/es\/wp-json\/wp\/v2\/media?parent=33586"}],"wp:term":[{"taxonomy":"tema","embeddable":true,"href":"https:\/\/www.aspb.cat\/es\/wp-json\/wp\/v2\/tema?post=33586"},{"taxonomy":"tipusdocument","embeddable":true,"href":"https:\/\/www.aspb.cat\/es\/wp-json\/wp\/v2\/tipusdocument?post=33586"}],"curies":[{"name":"wp","href":"https:\/\/api.w.org\/{rel}","templated":true}]}}

15/06/2021. La salut de les persones en situació de sensellarisme durant la pandèmia

<p id="block-b2a8a55b-16c9-422b-9b96-0ff202e8bdae"><strong>Moderación:</strong> <strong>Elia Diez</strong>, <em>Agència de Salut Pública de Barcelona</em><br><strong>Ponencias:</strong></p>



<ul class="wp-block-list" id="block-d01fbe63-946c-4eff-afb3-05361f07965c"><li><strong>L&#8217;atenció a les persones sense llar i la pandèmia: el dispositiu d&#8217;allotjament d&#8217;emergència a Barcelona</strong><br>Albert Sales, Investigador del <em>Institut d&#8217;Estudis Regionals i Metropolitans de Barcelona</em></li><li><strong> Situació de les persones sensellar en temps de pandèmia, amb mirada de gènere.</strong><br>Jesús Ruiz, Director d&#8217;Assís, centre d&#8217;acollida (coordinador del área social)</li><li><strong>La salut de les persones allotjades en els dispositius de les persones sensellar i sensesostre durant la pandèmia</strong><br>Victoria Porthé. Investigadora CIBER, <em>Servei del Servei de Programes i Intervencions Preventives</em>. <em>Agència de Salut de Barcelona </em> </li></ul>



<div class="figure"></div>

<!-- This site is optimized with the Yoast SEO Premium plugin v27.5 (Yoast SEO v27.5) - https://yoast.com/product/yoast-seo-premium-wordpress/ -->
<title>15/06/2021. La salut de les persones en situació de sensellarisme durant la pandèmia - ASPB</title>
<meta name="robots" content="index, follow, max-snippet:-1, max-image-preview:large, max-video-preview:-1" />
<link rel="canonical" href="https://www.aspb.cat/es/documents/15-06-2021-persones-sintecho/" />
<meta property="og:locale" content="es_ES" />
<meta property="og:type" content="article" />
<meta property="og:title" content="15/06/2021. La salut de les persones en situació de sensellarisme durant la pandèmia" />
<meta property="og:description" content="Moderación: Elia Diez, Agència de Salut Pública de BarcelonaPonencias: L&#8217;atenció a les persones sense llar [&hellip;]" />
<meta property="og:url" content="https://www.aspb.cat/es/documents/15-06-2021-persones-sintecho/" />
<meta property="og:site_name" content="ASPB" />
<meta property="article:publisher" content="https://www.facebook.com/salutpublicabcn" />
<meta property="article:modified_time" content="2021-12-23T12:06:57+00:00" />
<meta property="og:image" content="https://www.aspb.cat/wp-content/uploads/2021/06/ASPB-SessionsCientifiques_210615_NOT.jpg" />
	<meta property="og:image:width" content="1521" />
	<meta property="og:image:height" content="956" />
	<meta property="og:image:type" content="image/jpeg" />
<meta name="twitter:card" content="summary_large_image" />
<meta name="twitter:site" content="@salutpublicabcn" />
<meta name="twitter:label1" content="Tiempo de lectura" />
	<meta name="twitter:data1" content="1 minuto" />
<script type="application/ld+json" class="yoast-schema-graph">{"@context":"https:\/\/schema.org","@graph":[{"@type":"WebPage","@id":"https:\/\/www.aspb.cat\/es\/documents\/15-06-2021-persones-sintecho\/","url":"https:\/\/www.aspb.cat\/es\/documents\/15-06-2021-persones-sintecho\/","name":"15\/06\/2021. La salut de les persones en situació de sensellarisme durant la pandèmia - ASPB","isPartOf":{"@id":"https:\/\/www.aspb.cat\/#website"},"primaryImageOfPage":{"@id":"https:\/\/www.aspb.cat\/es\/documents\/15-06-2021-persones-sintecho\/#primaryimage"},"image":{"@id":"https:\/\/www.aspb.cat\/es\/documents\/15-06-2021-persones-sintecho\/#primaryimage"},"thumbnailUrl":"https:\/\/www.aspb.cat\/wp-content\/uploads\/2021\/06\/ASPB-SessionsCientifiques_210615_NOT.jpg","datePublished":"2021-06-04T12:36:11+00:00","dateModified":"2021-12-23T12:06:57+00:00","breadcrumb":{"@id":"https:\/\/www.aspb.cat\/es\/documents\/15-06-2021-persones-sintecho\/#breadcrumb"},"inLanguage":"es","potentialAction":[{"@type":"ReadAction","target":["https:\/\/www.aspb.cat\/es\/documents\/15-06-2021-persones-sintecho\/"]}]},{"@type":"ImageObject","inLanguage":"es","@id":"https:\/\/www.aspb.cat\/es\/documents\/15-06-2021-persones-sintecho\/#primaryimage","url":"https:\/\/www.aspb.cat\/wp-content\/uploads\/2021\/06\/ASPB-SessionsCientifiques_210615_NOT.jpg","contentUrl":"https:\/\/www.aspb.cat\/wp-content\/uploads\/2021\/06\/ASPB-SessionsCientifiques_210615_NOT.jpg","width":1521,"height":956},{"@type":"BreadcrumbList","@id":"https:\/\/www.aspb.cat\/es\/documents\/15-06-2021-persones-sintecho\/#breadcrumb","itemListElement":[{"@type":"ListItem","position":1,"name":"Inici","item":"https:\/\/www.aspb.cat\/es\/"},{"@type":"ListItem","position":2,"name":"Documents","item":"https:\/\/www.aspb.cat\/documents\/"},{"@type":"ListItem","position":3,"name":"15\/06\/2021. La salut de les persones en situació de sensellarisme durant la pandèmia"}]},{"@type":"WebSite","@id":"https:\/\/www.aspb.cat\/#website","url":"https:\/\/www.aspb.cat\/","name":"ASPB","description":"Just another WordPress site","potentialAction":[{"@type":"SearchAction","target":{"@type":"EntryPoint","urlTemplate":"https:\/\/www.aspb.cat\/?s={search_term_string}"},"query-input":{"@type":"PropertyValueSpecification","valueRequired":true,"valueName":"search_term_string"}}],"inLanguage":"es"}]}</script>
<!-- / Yoast SEO Premium plugin. -->

15/06/2021. La salut de les persones en situació de sensellarisme durant la pandèmia - ASPB

Moderación: Elia Diez, Agència de Salut Pública de BarcelonaPonencias: L&#8217;atenció a les persones sense llar [&hellip;]
