{"id":33332,"date":"2018-03-20T16:59:14","date_gmt":"2018-03-20T16:59:14","guid":{"rendered":"https:\/\/www.aspb.cat\/documents\/incapacitats-temporals-document-informatiu\/"},"modified":"2021-08-06T10:30:56","modified_gmt":"2021-08-06T10:30:56","slug":"incapacidades-temporales-documento-informativo","status":"publish","type":"documento","link":"https:\/\/www.aspb.cat\/es\/documentos\/incapacidades-temporales-documento-informativo\/","title":{"rendered":"Incapacidades temporales. Documento informativo"},"content":{"rendered":"<p>Informaci\u00f3n sobre los conceptos b\u00e1sicos de la incapacidad temporal (derecho a la prestaci\u00f3n, situaciones que protege, duraci\u00f3n, etc.), las diferencias entre la contingencia com\u00fan y la profesional y la gesti\u00f3n de la incapacidad temporal com\u00fan por parte de las Mutuas colaboradoras con la Seguridad Social.<\/p>\n","protected":false},"featured_media":33334,"template":"","tema":[195,196],"tipusdocument":[155],"class_list":["post-33332","documento","type-documento","status-publish","has-post-thumbnail","hentry","tema-recursos-en-salut-laboral-es","tema-salud-y-trabajo","tipusdocument-material-divulgativo","publish","author-ext_acaillab","impar","primero"],"acf":[],"yoast_head":"<!-- This site is optimized with the Yoast SEO Premium plugin v27.5 (Yoast SEO v27.5) - https:\/\/yoast.com\/product\/yoast-seo-premium-wordpress\/ -->\n<title>Incapacitats temporals. Document informatiu sobre les incapacitats temporals<\/title>\n<meta name=\"description\" content=\"Informaci\u00f3 sobre els conceptes b\u00e0sics de la incapacitat temporal (dret a la prestaci\u00f3, situacions que protegeix, durada, etc.), les difer\u00e8ncies entre la conting\u00e8ncia comuna i la professional i la gesti\u00f3 de la incapacitat temporal comuna per part de les M\u00fatues col.laboradores amb la Seguretat Social.\" \/>\n<meta name=\"robots\" content=\"index, follow, max-snippet:-1, max-image-preview:large, max-video-preview:-1\" \/>\n<link rel=\"canonical\" href=\"https:\/\/www.aspb.cat\/es\/documents\/incapacidades-temporales-documento-informativo\/\" \/>\n<meta property=\"og:locale\" content=\"es_ES\" \/>\n<meta property=\"og:type\" content=\"article\" \/>\n<meta property=\"og:title\" content=\"Incapacidades temporales. Documento informativo\" \/>\n<meta property=\"og:description\" content=\"Informaci\u00f3 sobre els conceptes b\u00e0sics de la incapacitat temporal (dret a la prestaci\u00f3, situacions que protegeix, durada, etc.), les difer\u00e8ncies entre la conting\u00e8ncia comuna i la professional i la gesti\u00f3 de la incapacitat temporal comuna per part de les M\u00fatues col.laboradores amb la Seguretat Social.\" \/>\n<meta property=\"og:url\" content=\"https:\/\/www.aspb.cat\/es\/documents\/incapacidades-temporales-documento-informativo\/\" \/>\n<meta property=\"og:site_name\" content=\"ASPB\" \/>\n<meta property=\"article:publisher\" content=\"https:\/\/www.facebook.com\/salutpublicabcn\" \/>\n<meta property=\"article:modified_time\" content=\"2021-08-06T10:30:56+00:00\" \/>\n<meta property=\"og:image\" content=\"https:\/\/www.aspb.cat\/wp-content\/uploads\/2018\/03\/ASPB_Salut-Treball_Incapacitats-temporals.jpg\" \/>\n\t<meta property=\"og:image:width\" content=\"595\" \/>\n\t<meta property=\"og:image:height\" content=\"842\" \/>\n\t<meta property=\"og:image:type\" content=\"image\/jpeg\" \/>\n<meta name=\"twitter:card\" content=\"summary_large_image\" \/>\n<meta name=\"twitter:site\" content=\"@salutpublicabcn\" \/>\n<meta name=\"twitter:label1\" content=\"Tiempo de lectura\" \/>\n\t<meta name=\"twitter:data1\" content=\"1 minuto\" \/>\n<script type=\"application\/ld+json\" class=\"yoast-schema-graph\">{\"@context\":\"https:\\\/\\\/schema.org\",\"@graph\":[{\"@type\":\"WebPage\",\"@id\":\"https:\\\/\\\/www.aspb.cat\\\/es\\\/documents\\\/incapacidades-temporales-documento-informativo\\\/\",\"url\":\"https:\\\/\\\/www.aspb.cat\\\/es\\\/documents\\\/incapacidades-temporales-documento-informativo\\\/\",\"name\":\"Incapacitats temporals. Document informatiu sobre les incapacitats temporals\",\"isPartOf\":{\"@id\":\"https:\\\/\\\/www.aspb.cat\\\/#website\"},\"primaryImageOfPage\":{\"@id\":\"https:\\\/\\\/www.aspb.cat\\\/es\\\/documents\\\/incapacidades-temporales-documento-informativo\\\/#primaryimage\"},\"image\":{\"@id\":\"https:\\\/\\\/www.aspb.cat\\\/es\\\/documents\\\/incapacidades-temporales-documento-informativo\\\/#primaryimage\"},\"thumbnailUrl\":\"https:\\\/\\\/www.aspb.cat\\\/wp-content\\\/uploads\\\/2018\\\/03\\\/ASPB_Salut-Treball_Incapacitats-temporals.jpg\",\"datePublished\":\"2018-03-20T16:59:14+00:00\",\"dateModified\":\"2021-08-06T10:30:56+00:00\",\"description\":\"Informaci\u00f3 sobre els conceptes b\u00e0sics de la incapacitat temporal (dret a la prestaci\u00f3, situacions que protegeix, durada, etc.), les difer\u00e8ncies entre la conting\u00e8ncia comuna i la professional i la gesti\u00f3 de la incapacitat temporal comuna per part de les M\u00fatues col.laboradores amb la Seguretat Social.\",\"breadcrumb\":{\"@id\":\"https:\\\/\\\/www.aspb.cat\\\/es\\\/documents\\\/incapacidades-temporales-documento-informativo\\\/#breadcrumb\"},\"inLanguage\":\"es\",\"potentialAction\":[{\"@type\":\"ReadAction\",\"target\":[\"https:\\\/\\\/www.aspb.cat\\\/es\\\/documents\\\/incapacidades-temporales-documento-informativo\\\/\"]}]},{\"@type\":\"ImageObject\",\"inLanguage\":\"es\",\"@id\":\"https:\\\/\\\/www.aspb.cat\\\/es\\\/documents\\\/incapacidades-temporales-documento-informativo\\\/#primaryimage\",\"url\":\"https:\\\/\\\/www.aspb.cat\\\/wp-content\\\/uploads\\\/2018\\\/03\\\/ASPB_Salut-Treball_Incapacitats-temporals.jpg\",\"contentUrl\":\"https:\\\/\\\/www.aspb.cat\\\/wp-content\\\/uploads\\\/2018\\\/03\\\/ASPB_Salut-Treball_Incapacitats-temporals.jpg\",\"width\":595,\"height\":842},{\"@type\":\"BreadcrumbList\",\"@id\":\"https:\\\/\\\/www.aspb.cat\\\/es\\\/documents\\\/incapacidades-temporales-documento-informativo\\\/#breadcrumb\",\"itemListElement\":[{\"@type\":\"ListItem\",\"position\":1,\"name\":\"Inici\",\"item\":\"https:\\\/\\\/www.aspb.cat\\\/es\\\/\"},{\"@type\":\"ListItem\",\"position\":2,\"name\":\"Documents\",\"item\":\"https:\\\/\\\/www.aspb.cat\\\/documents\\\/\"},{\"@type\":\"ListItem\",\"position\":3,\"name\":\"Incapacidades temporales. Documento informativo\"}]},{\"@type\":\"WebSite\",\"@id\":\"https:\\\/\\\/www.aspb.cat\\\/#website\",\"url\":\"https:\\\/\\\/www.aspb.cat\\\/\",\"name\":\"ASPB\",\"description\":\"Just another WordPress site\",\"potentialAction\":[{\"@type\":\"SearchAction\",\"target\":{\"@type\":\"EntryPoint\",\"urlTemplate\":\"https:\\\/\\\/www.aspb.cat\\\/?s={search_term_string}\"},\"query-input\":{\"@type\":\"PropertyValueSpecification\",\"valueRequired\":true,\"valueName\":\"search_term_string\"}}],\"inLanguage\":\"es\"}]}<\/script>\n<!-- \/ Yoast SEO Premium plugin. -->","yoast_head_json":{"title":"Incapacitats temporals. Document informatiu sobre les incapacitats temporals","description":"Informaci\u00f3 sobre els conceptes b\u00e0sics de la incapacitat temporal (dret a la prestaci\u00f3, situacions que protegeix, durada, etc.), les difer\u00e8ncies entre la conting\u00e8ncia comuna i la professional i la gesti\u00f3 de la incapacitat temporal comuna per part de les M\u00fatues col.laboradores amb la Seguretat Social.","robots":{"index":"index","follow":"follow","max-snippet":"max-snippet:-1","max-image-preview":"max-image-preview:large","max-video-preview":"max-video-preview:-1"},"canonical":"https:\/\/www.aspb.cat\/es\/documents\/incapacidades-temporales-documento-informativo\/","og_locale":"es_ES","og_type":"article","og_title":"Incapacidades temporales. Documento informativo","og_description":"Informaci\u00f3 sobre els conceptes b\u00e0sics de la incapacitat temporal (dret a la prestaci\u00f3, situacions que protegeix, durada, etc.), les difer\u00e8ncies entre la conting\u00e8ncia comuna i la professional i la gesti\u00f3 de la incapacitat temporal comuna per part de les M\u00fatues col.laboradores amb la Seguretat Social.","og_url":"https:\/\/www.aspb.cat\/es\/documents\/incapacidades-temporales-documento-informativo\/","og_site_name":"ASPB","article_publisher":"https:\/\/www.facebook.com\/salutpublicabcn","article_modified_time":"2021-08-06T10:30:56+00:00","og_image":[{"width":595,"height":842,"url":"https:\/\/www.aspb.cat\/wp-content\/uploads\/2018\/03\/ASPB_Salut-Treball_Incapacitats-temporals.jpg","type":"image\/jpeg"}],"twitter_card":"summary_large_image","twitter_site":"@salutpublicabcn","twitter_misc":{"Tiempo de lectura":"1 minuto"},"schema":{"@context":"https:\/\/schema.org","@graph":[{"@type":"WebPage","@id":"https:\/\/www.aspb.cat\/es\/documents\/incapacidades-temporales-documento-informativo\/","url":"https:\/\/www.aspb.cat\/es\/documents\/incapacidades-temporales-documento-informativo\/","name":"Incapacitats temporals. Document informatiu sobre les incapacitats temporals","isPartOf":{"@id":"https:\/\/www.aspb.cat\/#website"},"primaryImageOfPage":{"@id":"https:\/\/www.aspb.cat\/es\/documents\/incapacidades-temporales-documento-informativo\/#primaryimage"},"image":{"@id":"https:\/\/www.aspb.cat\/es\/documents\/incapacidades-temporales-documento-informativo\/#primaryimage"},"thumbnailUrl":"https:\/\/www.aspb.cat\/wp-content\/uploads\/2018\/03\/ASPB_Salut-Treball_Incapacitats-temporals.jpg","datePublished":"2018-03-20T16:59:14+00:00","dateModified":"2021-08-06T10:30:56+00:00","description":"Informaci\u00f3 sobre els conceptes b\u00e0sics de la incapacitat temporal (dret a la prestaci\u00f3, situacions que protegeix, durada, etc.), les difer\u00e8ncies entre la conting\u00e8ncia comuna i la professional i la gesti\u00f3 de la incapacitat temporal comuna per part de les M\u00fatues col.laboradores amb la Seguretat Social.","breadcrumb":{"@id":"https:\/\/www.aspb.cat\/es\/documents\/incapacidades-temporales-documento-informativo\/#breadcrumb"},"inLanguage":"es","potentialAction":[{"@type":"ReadAction","target":["https:\/\/www.aspb.cat\/es\/documents\/incapacidades-temporales-documento-informativo\/"]}]},{"@type":"ImageObject","inLanguage":"es","@id":"https:\/\/www.aspb.cat\/es\/documents\/incapacidades-temporales-documento-informativo\/#primaryimage","url":"https:\/\/www.aspb.cat\/wp-content\/uploads\/2018\/03\/ASPB_Salut-Treball_Incapacitats-temporals.jpg","contentUrl":"https:\/\/www.aspb.cat\/wp-content\/uploads\/2018\/03\/ASPB_Salut-Treball_Incapacitats-temporals.jpg","width":595,"height":842},{"@type":"BreadcrumbList","@id":"https:\/\/www.aspb.cat\/es\/documents\/incapacidades-temporales-documento-informativo\/#breadcrumb","itemListElement":[{"@type":"ListItem","position":1,"name":"Inici","item":"https:\/\/www.aspb.cat\/es\/"},{"@type":"ListItem","position":2,"name":"Documents","item":"https:\/\/www.aspb.cat\/documents\/"},{"@type":"ListItem","position":3,"name":"Incapacidades temporales. Documento informativo"}]},{"@type":"WebSite","@id":"https:\/\/www.aspb.cat\/#website","url":"https:\/\/www.aspb.cat\/","name":"ASPB","description":"Just another WordPress site","potentialAction":[{"@type":"SearchAction","target":{"@type":"EntryPoint","urlTemplate":"https:\/\/www.aspb.cat\/?s={search_term_string}"},"query-input":{"@type":"PropertyValueSpecification","valueRequired":true,"valueName":"search_term_string"}}],"inLanguage":"es"}]}},"_links":{"self":[{"href":"https:\/\/www.aspb.cat\/es\/wp-json\/wp\/v2\/documento\/33332","targetHints":{"allow":["GET"]}}],"collection":[{"href":"https:\/\/www.aspb.cat\/es\/wp-json\/wp\/v2\/documento"}],"about":[{"href":"https:\/\/www.aspb.cat\/es\/wp-json\/wp\/v2\/types\/documento"}],"version-history":[{"count":2,"href":"https:\/\/www.aspb.cat\/es\/wp-json\/wp\/v2\/documento\/33332\/revisions"}],"predecessor-version":[{"id":34816,"href":"https:\/\/www.aspb.cat\/es\/wp-json\/wp\/v2\/documento\/33332\/revisions\/34816"}],"wp:featuredmedia":[{"embeddable":true,"href":"https:\/\/www.aspb.cat\/es\/wp-json\/wp\/v2\/media\/33334"}],"wp:attachment":[{"href":"https:\/\/www.aspb.cat\/es\/wp-json\/wp\/v2\/media?parent=33332"}],"wp:term":[{"taxonomy":"tema","embeddable":true,"href":"https:\/\/www.aspb.cat\/es\/wp-json\/wp\/v2\/tema?post=33332"},{"taxonomy":"tipusdocument","embeddable":true,"href":"https:\/\/www.aspb.cat\/es\/wp-json\/wp\/v2\/tipusdocument?post=33332"}],"curies":[{"name":"wp","href":"https:\/\/api.w.org\/{rel}","templated":true}]}}

<p>Información sobre los conceptos básicos de la incapacidad temporal (derecho a la prestación, situaciones que protege, duración, etc.), las diferencias entre la contingencia común y la profesional y la gestión de la incapacidad temporal común por parte de las Mutuas colaboradoras con la Seguridad Social.</p>

<!-- This site is optimized with the Yoast SEO Premium plugin v27.5 (Yoast SEO v27.5) - https://yoast.com/product/yoast-seo-premium-wordpress/ -->
<title>Incapacitats temporals. Document informatiu sobre les incapacitats temporals</title>
<meta name="description" content="Informació sobre els conceptes bàsics de la incapacitat temporal (dret a la prestació, situacions que protegeix, durada, etc.), les diferències entre la contingència comuna i la professional i la gestió de la incapacitat temporal comuna per part de les Mútues col.laboradores amb la Seguretat Social." />
<meta name="robots" content="index, follow, max-snippet:-1, max-image-preview:large, max-video-preview:-1" />
<link rel="canonical" href="https://www.aspb.cat/es/documents/incapacidades-temporales-documento-informativo/" />
<meta property="og:locale" content="es_ES" />
<meta property="og:type" content="article" />
<meta property="og:title" content="Incapacidades temporales. Documento informativo" />
<meta property="og:description" content="Informació sobre els conceptes bàsics de la incapacitat temporal (dret a la prestació, situacions que protegeix, durada, etc.), les diferències entre la contingència comuna i la professional i la gestió de la incapacitat temporal comuna per part de les Mútues col.laboradores amb la Seguretat Social." />
<meta property="og:url" content="https://www.aspb.cat/es/documents/incapacidades-temporales-documento-informativo/" />
<meta property="og:site_name" content="ASPB" />
<meta property="article:publisher" content="https://www.facebook.com/salutpublicabcn" />
<meta property="article:modified_time" content="2021-08-06T10:30:56+00:00" />
<meta property="og:image" content="https://www.aspb.cat/wp-content/uploads/2018/03/ASPB_Salut-Treball_Incapacitats-temporals.jpg" />
	<meta property="og:image:width" content="595" />
	<meta property="og:image:height" content="842" />
	<meta property="og:image:type" content="image/jpeg" />
<meta name="twitter:card" content="summary_large_image" />
<meta name="twitter:site" content="@salutpublicabcn" />
<meta name="twitter:label1" content="Tiempo de lectura" />
	<meta name="twitter:data1" content="1 minuto" />
<script type="application/ld+json" class="yoast-schema-graph">{"@context":"https:\/\/schema.org","@graph":[{"@type":"WebPage","@id":"https:\/\/www.aspb.cat\/es\/documents\/incapacidades-temporales-documento-informativo\/","url":"https:\/\/www.aspb.cat\/es\/documents\/incapacidades-temporales-documento-informativo\/","name":"Incapacitats temporals. Document informatiu sobre les incapacitats temporals","isPartOf":{"@id":"https:\/\/www.aspb.cat\/#website"},"primaryImageOfPage":{"@id":"https:\/\/www.aspb.cat\/es\/documents\/incapacidades-temporales-documento-informativo\/#primaryimage"},"image":{"@id":"https:\/\/www.aspb.cat\/es\/documents\/incapacidades-temporales-documento-informativo\/#primaryimage"},"thumbnailUrl":"https:\/\/www.aspb.cat\/wp-content\/uploads\/2018\/03\/ASPB_Salut-Treball_Incapacitats-temporals.jpg","datePublished":"2018-03-20T16:59:14+00:00","dateModified":"2021-08-06T10:30:56+00:00","description":"Informació sobre els conceptes bàsics de la incapacitat temporal (dret a la prestació, situacions que protegeix, durada, etc.), les diferències entre la contingència comuna i la professional i la gestió de la incapacitat temporal comuna per part de les Mútues col.laboradores amb la Seguretat Social.","breadcrumb":{"@id":"https:\/\/www.aspb.cat\/es\/documents\/incapacidades-temporales-documento-informativo\/#breadcrumb"},"inLanguage":"es","potentialAction":[{"@type":"ReadAction","target":["https:\/\/www.aspb.cat\/es\/documents\/incapacidades-temporales-documento-informativo\/"]}]},{"@type":"ImageObject","inLanguage":"es","@id":"https:\/\/www.aspb.cat\/es\/documents\/incapacidades-temporales-documento-informativo\/#primaryimage","url":"https:\/\/www.aspb.cat\/wp-content\/uploads\/2018\/03\/ASPB_Salut-Treball_Incapacitats-temporals.jpg","contentUrl":"https:\/\/www.aspb.cat\/wp-content\/uploads\/2018\/03\/ASPB_Salut-Treball_Incapacitats-temporals.jpg","width":595,"height":842},{"@type":"BreadcrumbList","@id":"https:\/\/www.aspb.cat\/es\/documents\/incapacidades-temporales-documento-informativo\/#breadcrumb","itemListElement":[{"@type":"ListItem","position":1,"name":"Inici","item":"https:\/\/www.aspb.cat\/es\/"},{"@type":"ListItem","position":2,"name":"Documents","item":"https:\/\/www.aspb.cat\/documents\/"},{"@type":"ListItem","position":3,"name":"Incapacidades temporales. Documento informativo"}]},{"@type":"WebSite","@id":"https:\/\/www.aspb.cat\/#website","url":"https:\/\/www.aspb.cat\/","name":"ASPB","description":"Just another WordPress site","potentialAction":[{"@type":"SearchAction","target":{"@type":"EntryPoint","urlTemplate":"https:\/\/www.aspb.cat\/?s={search_term_string}"},"query-input":{"@type":"PropertyValueSpecification","valueRequired":true,"valueName":"search_term_string"}}],"inLanguage":"es"}]}</script>
<!-- / Yoast SEO Premium plugin. -->

Informació sobre els conceptes bàsics de la incapacitat temporal (dret a la prestació, situacions que protegeix, durada, etc.), les diferències entre la contingència comuna i la professional i la gestió de la incapacitat temporal comuna per part de les Mútues col.laboradores amb la Seguretat Social.
