{"id":33328,"date":"2019-06-28T11:27:39","date_gmt":"2019-06-28T11:27:39","guid":{"rendered":"https:\/\/www.aspb.cat\/documents\/aspb_risc-laboral-prestacions-embaras\/"},"modified":"2026-02-17T15:51:51","modified_gmt":"2026-02-17T15:51:51","slug":"aspb_riesgos-laborales-prestaciones-ambarazo","status":"publish","type":"documento","link":"https:\/\/www.aspb.cat\/es\/documentos\/aspb_riesgos-laborales-prestaciones-ambarazo\/","title":{"rendered":"Riesgo laboral y prestaciones por riesgo durante el embarazo y la lactancia natural"},"content":{"rendered":"<p>El documento Riesgo laboral y prestaciones por riesgo durante el embarazo y la lactancia natural trata los conceptos b\u00e1sicos de este tipo de riesgo, las prestaciones asociadas, las situaciones que protegen, como se solicitan o su duraci\u00f3n. Tambi\u00e9n ofrece informaci\u00f3n sobre los riesgos laborales m\u00e1s frecuentes durante el embarazo y la lactancia natural y las ocupaciones o actividades que pueden estar relacionadas.<br \/>\nEst\u00e1 organizado en forma de preguntas y respuestas breves y claras, y se dirige tanto al personal sanitario implicado en su gesti\u00f3n como a las mujeres trabajadoras.<span class=\"texto_pequeno\"><br \/>\n<\/span><\/p>\n","protected":false},"featured_media":33330,"template":"","tema":[195,196],"tipusdocument":[155],"class_list":["post-33328","documento","type-documento","status-publish","has-post-thumbnail","hentry","tema-recursos-en-salut-laboral-es","tema-salud-y-trabajo","tipusdocument-material-divulgativo","publish","author-ext_acaillab","impar","primero"],"acf":[],"yoast_head":"<!-- This site is optimized with the Yoast SEO Premium plugin v27.5 (Yoast SEO v27.5) - https:\/\/yoast.com\/product\/yoast-seo-premium-wordpress\/ -->\n<title>Riesgo laboral y prestaciones por riesgo durante el embarazo y la lactancia natural - ASPB<\/title>\n<meta name=\"robots\" content=\"index, follow, max-snippet:-1, max-image-preview:large, max-video-preview:-1\" \/>\n<link rel=\"canonical\" href=\"https:\/\/www.aspb.cat\/es\/documentos\/aspb_riesgos-laborales-prestaciones-ambarazo\/\" \/>\n<meta property=\"og:locale\" content=\"es_ES\" \/>\n<meta property=\"og:type\" content=\"article\" \/>\n<meta property=\"og:title\" content=\"Riesgo laboral y prestaciones por riesgo durante el embarazo y la lactancia natural\" \/>\n<meta property=\"og:description\" content=\"El documento Riesgo laboral y prestaciones por riesgo durante el embarazo y la lactancia natural [&hellip;]\" \/>\n<meta property=\"og:url\" content=\"https:\/\/www.aspb.cat\/es\/documentos\/aspb_riesgos-laborales-prestaciones-ambarazo\/\" \/>\n<meta property=\"og:site_name\" content=\"ASPB\" \/>\n<meta property=\"article:publisher\" content=\"https:\/\/www.facebook.com\/salutpublicabcn\" \/>\n<meta property=\"article:modified_time\" content=\"2026-02-17T15:51:51+00:00\" \/>\n<meta property=\"og:image\" content=\"https:\/\/www.aspb.cat\/wp-content\/uploads\/2019\/06\/ASPB_Risc-laboral-prestacions-embaras.png\" \/>\n\t<meta property=\"og:image:width\" content=\"595\" \/>\n\t<meta property=\"og:image:height\" content=\"842\" \/>\n\t<meta property=\"og:image:type\" content=\"image\/png\" \/>\n<meta name=\"twitter:card\" content=\"summary_large_image\" \/>\n<meta name=\"twitter:site\" content=\"@salutpublicabcn\" \/>\n<meta name=\"twitter:label1\" content=\"Tiempo de lectura\" \/>\n\t<meta name=\"twitter:data1\" content=\"1 minuto\" \/>\n<script type=\"application\/ld+json\" class=\"yoast-schema-graph\">{\"@context\":\"https:\\\/\\\/schema.org\",\"@graph\":[{\"@type\":\"WebPage\",\"@id\":\"https:\\\/\\\/www.aspb.cat\\\/es\\\/documentos\\\/aspb_riesgos-laborales-prestaciones-ambarazo\\\/\",\"url\":\"https:\\\/\\\/www.aspb.cat\\\/es\\\/documentos\\\/aspb_riesgos-laborales-prestaciones-ambarazo\\\/\",\"name\":\"Riesgo laboral y prestaciones por riesgo durante el embarazo y la lactancia natural - ASPB\",\"isPartOf\":{\"@id\":\"https:\\\/\\\/www.aspb.cat\\\/#website\"},\"primaryImageOfPage\":{\"@id\":\"https:\\\/\\\/www.aspb.cat\\\/es\\\/documentos\\\/aspb_riesgos-laborales-prestaciones-ambarazo\\\/#primaryimage\"},\"image\":{\"@id\":\"https:\\\/\\\/www.aspb.cat\\\/es\\\/documentos\\\/aspb_riesgos-laborales-prestaciones-ambarazo\\\/#primaryimage\"},\"thumbnailUrl\":\"https:\\\/\\\/www.aspb.cat\\\/wp-content\\\/uploads\\\/2019\\\/06\\\/ASPB_Risc-laboral-prestacions-embaras.png\",\"datePublished\":\"2019-06-28T11:27:39+00:00\",\"dateModified\":\"2026-02-17T15:51:51+00:00\",\"breadcrumb\":{\"@id\":\"https:\\\/\\\/www.aspb.cat\\\/es\\\/documentos\\\/aspb_riesgos-laborales-prestaciones-ambarazo\\\/#breadcrumb\"},\"inLanguage\":\"es\",\"potentialAction\":[{\"@type\":\"ReadAction\",\"target\":[\"https:\\\/\\\/www.aspb.cat\\\/es\\\/documentos\\\/aspb_riesgos-laborales-prestaciones-ambarazo\\\/\"]}]},{\"@type\":\"ImageObject\",\"inLanguage\":\"es\",\"@id\":\"https:\\\/\\\/www.aspb.cat\\\/es\\\/documentos\\\/aspb_riesgos-laborales-prestaciones-ambarazo\\\/#primaryimage\",\"url\":\"https:\\\/\\\/www.aspb.cat\\\/wp-content\\\/uploads\\\/2019\\\/06\\\/ASPB_Risc-laboral-prestacions-embaras.png\",\"contentUrl\":\"https:\\\/\\\/www.aspb.cat\\\/wp-content\\\/uploads\\\/2019\\\/06\\\/ASPB_Risc-laboral-prestacions-embaras.png\",\"width\":595,\"height\":842},{\"@type\":\"BreadcrumbList\",\"@id\":\"https:\\\/\\\/www.aspb.cat\\\/es\\\/documentos\\\/aspb_riesgos-laborales-prestaciones-ambarazo\\\/#breadcrumb\",\"itemListElement\":[{\"@type\":\"ListItem\",\"position\":1,\"name\":\"Inici\",\"item\":\"https:\\\/\\\/www.aspb.cat\\\/es\\\/\"},{\"@type\":\"ListItem\",\"position\":2,\"name\":\"Documents\",\"item\":\"https:\\\/\\\/www.aspb.cat\\\/documents\\\/\"},{\"@type\":\"ListItem\",\"position\":3,\"name\":\"Riesgo laboral y prestaciones por riesgo durante el embarazo y la lactancia natural\"}]},{\"@type\":\"WebSite\",\"@id\":\"https:\\\/\\\/www.aspb.cat\\\/#website\",\"url\":\"https:\\\/\\\/www.aspb.cat\\\/\",\"name\":\"ASPB\",\"description\":\"Just another WordPress site\",\"potentialAction\":[{\"@type\":\"SearchAction\",\"target\":{\"@type\":\"EntryPoint\",\"urlTemplate\":\"https:\\\/\\\/www.aspb.cat\\\/?s={search_term_string}\"},\"query-input\":{\"@type\":\"PropertyValueSpecification\",\"valueRequired\":true,\"valueName\":\"search_term_string\"}}],\"inLanguage\":\"es\"}]}<\/script>\n<!-- \/ Yoast SEO Premium plugin. -->","yoast_head_json":{"title":"Riesgo laboral y prestaciones por riesgo durante el embarazo y la lactancia natural - ASPB","robots":{"index":"index","follow":"follow","max-snippet":"max-snippet:-1","max-image-preview":"max-image-preview:large","max-video-preview":"max-video-preview:-1"},"canonical":"https:\/\/www.aspb.cat\/es\/documentos\/aspb_riesgos-laborales-prestaciones-ambarazo\/","og_locale":"es_ES","og_type":"article","og_title":"Riesgo laboral y prestaciones por riesgo durante el embarazo y la lactancia natural","og_description":"El documento Riesgo laboral y prestaciones por riesgo durante el embarazo y la lactancia natural [&hellip;]","og_url":"https:\/\/www.aspb.cat\/es\/documentos\/aspb_riesgos-laborales-prestaciones-ambarazo\/","og_site_name":"ASPB","article_publisher":"https:\/\/www.facebook.com\/salutpublicabcn","article_modified_time":"2026-02-17T15:51:51+00:00","og_image":[{"width":595,"height":842,"url":"https:\/\/www.aspb.cat\/wp-content\/uploads\/2019\/06\/ASPB_Risc-laboral-prestacions-embaras.png","type":"image\/png"}],"twitter_card":"summary_large_image","twitter_site":"@salutpublicabcn","twitter_misc":{"Tiempo de lectura":"1 minuto"},"schema":{"@context":"https:\/\/schema.org","@graph":[{"@type":"WebPage","@id":"https:\/\/www.aspb.cat\/es\/documentos\/aspb_riesgos-laborales-prestaciones-ambarazo\/","url":"https:\/\/www.aspb.cat\/es\/documentos\/aspb_riesgos-laborales-prestaciones-ambarazo\/","name":"Riesgo laboral y prestaciones por riesgo durante el embarazo y la lactancia natural - ASPB","isPartOf":{"@id":"https:\/\/www.aspb.cat\/#website"},"primaryImageOfPage":{"@id":"https:\/\/www.aspb.cat\/es\/documentos\/aspb_riesgos-laborales-prestaciones-ambarazo\/#primaryimage"},"image":{"@id":"https:\/\/www.aspb.cat\/es\/documentos\/aspb_riesgos-laborales-prestaciones-ambarazo\/#primaryimage"},"thumbnailUrl":"https:\/\/www.aspb.cat\/wp-content\/uploads\/2019\/06\/ASPB_Risc-laboral-prestacions-embaras.png","datePublished":"2019-06-28T11:27:39+00:00","dateModified":"2026-02-17T15:51:51+00:00","breadcrumb":{"@id":"https:\/\/www.aspb.cat\/es\/documentos\/aspb_riesgos-laborales-prestaciones-ambarazo\/#breadcrumb"},"inLanguage":"es","potentialAction":[{"@type":"ReadAction","target":["https:\/\/www.aspb.cat\/es\/documentos\/aspb_riesgos-laborales-prestaciones-ambarazo\/"]}]},{"@type":"ImageObject","inLanguage":"es","@id":"https:\/\/www.aspb.cat\/es\/documentos\/aspb_riesgos-laborales-prestaciones-ambarazo\/#primaryimage","url":"https:\/\/www.aspb.cat\/wp-content\/uploads\/2019\/06\/ASPB_Risc-laboral-prestacions-embaras.png","contentUrl":"https:\/\/www.aspb.cat\/wp-content\/uploads\/2019\/06\/ASPB_Risc-laboral-prestacions-embaras.png","width":595,"height":842},{"@type":"BreadcrumbList","@id":"https:\/\/www.aspb.cat\/es\/documentos\/aspb_riesgos-laborales-prestaciones-ambarazo\/#breadcrumb","itemListElement":[{"@type":"ListItem","position":1,"name":"Inici","item":"https:\/\/www.aspb.cat\/es\/"},{"@type":"ListItem","position":2,"name":"Documents","item":"https:\/\/www.aspb.cat\/documents\/"},{"@type":"ListItem","position":3,"name":"Riesgo laboral y prestaciones por riesgo durante el embarazo y la lactancia natural"}]},{"@type":"WebSite","@id":"https:\/\/www.aspb.cat\/#website","url":"https:\/\/www.aspb.cat\/","name":"ASPB","description":"Just another WordPress site","potentialAction":[{"@type":"SearchAction","target":{"@type":"EntryPoint","urlTemplate":"https:\/\/www.aspb.cat\/?s={search_term_string}"},"query-input":{"@type":"PropertyValueSpecification","valueRequired":true,"valueName":"search_term_string"}}],"inLanguage":"es"}]}},"_links":{"self":[{"href":"https:\/\/www.aspb.cat\/es\/wp-json\/wp\/v2\/documento\/33328","targetHints":{"allow":["GET"]}}],"collection":[{"href":"https:\/\/www.aspb.cat\/es\/wp-json\/wp\/v2\/documento"}],"about":[{"href":"https:\/\/www.aspb.cat\/es\/wp-json\/wp\/v2\/types\/documento"}],"version-history":[{"count":3,"href":"https:\/\/www.aspb.cat\/es\/wp-json\/wp\/v2\/documento\/33328\/revisions"}],"predecessor-version":[{"id":62578,"href":"https:\/\/www.aspb.cat\/es\/wp-json\/wp\/v2\/documento\/33328\/revisions\/62578"}],"wp:featuredmedia":[{"embeddable":true,"href":"https:\/\/www.aspb.cat\/es\/wp-json\/wp\/v2\/media\/33330"}],"wp:attachment":[{"href":"https:\/\/www.aspb.cat\/es\/wp-json\/wp\/v2\/media?parent=33328"}],"wp:term":[{"taxonomy":"tema","embeddable":true,"href":"https:\/\/www.aspb.cat\/es\/wp-json\/wp\/v2\/tema?post=33328"},{"taxonomy":"tipusdocument","embeddable":true,"href":"https:\/\/www.aspb.cat\/es\/wp-json\/wp\/v2\/tipusdocument?post=33328"}],"curies":[{"name":"wp","href":"https:\/\/api.w.org\/{rel}","templated":true}]}}

<p>El documento Riesgo laboral y prestaciones por riesgo durante el embarazo y la lactancia natural trata los conceptos básicos de este tipo de riesgo, las prestaciones asociadas, las situaciones que protegen, como se solicitan o su duración. También ofrece información sobre los riesgos laborales más frecuentes durante el embarazo y la lactancia natural y las ocupaciones o actividades que pueden estar relacionadas.<br />
Está organizado en forma de preguntas y respuestas breves y claras, y se dirige tanto al personal sanitario implicado en su gestión como a las mujeres trabajadoras.<span class="texto_pequeno"><br />
</span></p>
