{"id":33320,"date":"2020-07-22T16:38:47","date_gmt":"2020-07-22T16:38:47","guid":{"rendered":"https:\/\/www.aspb.cat\/documents\/indicadors-salut-treball-2018\/"},"modified":"2025-01-14T10:36:51","modified_gmt":"2025-01-14T10:36:51","slug":"indicadors-salut-treball-2018","status":"publish","type":"documento","link":"https:\/\/www.aspb.cat\/es\/documentos\/indicadors-salut-treball-2018\/","title":{"rendered":"Indicadors de salut i treball de Barcelona 2018"},"content":{"rendered":"\n<p><p>En aquest informe es presenta la situaci\u00f3 de la salut i el treball a la ciutat de Barcelona, per l\u2019any 2018, a partir d\u2019indicadors obtinguts de diverses fonts d\u2019informaci\u00f3. Es fa un abordatge integral del treball en incloure tant el treball remunerat com el treball de cura i dom\u00e8stic no remunerat, atenent el marc conceptual de la relaci\u00f3 entre el treball i la salut i el benestar de les persones, aix\u00ed com la generaci\u00f3 de desigualtats en salut i benestar relacionades amb el treball.<\/p>\n\n<p>Es presenten dades sobre les caracter\u00edstiques del mercat laboral, les condicions d\u2019ocupaci\u00f3, els trastorns de salut laboral i els recursos per a la prevenci\u00f3 en l\u2019\u00e0mbit del treball remunerat. I pel que fa a l\u2019entorn del treball no remunerat, es presenten dades sobre les caracter\u00edstiques sociodemogr\u00e0fiques de la poblaci\u00f3 que viu en llars amb necessitats de treball de cura i dom\u00e8stic, la seva dedicaci\u00f3 a la cura de persones i a les feines de la llar i el seu estat de salut.<\/p>\n\n<p>At\u00e8s que enguany \u00e9s el des\u00e8 any que es publiquen els indicadors de l\u2019\u00e0mbit del treball remunerat, a m\u00e9s dels resultats de l\u2019any 2018, s\u2019inclou una an\u00e0lisi comparativa del per\u00edode 2009-2018.<\/p><\/p>\n\n\n\n<br>\n\n\n<p style=\"text-align: center;\"><span class=\"texto_pequeno\"> <a href=\"http:\/\/creativecommons.org\/licenses\/by-nc-nd\/4.0\/\" target=\"_blank\" rel=\"license noopener noreferrer\"><img decoding=\"async\" style=\"border-width: 0;\" src=\"https:\/\/i.creativecommons.org\/l\/by-nc-nd\/4.0\/88x31.png\" alt=\"Llic\u00e8ncia de Creative Commons\"><\/a> <br>\u00abIndicadors de salut i treball de Barcelona 2018\u00bb de l`<a href=\"https:\/\/www.aspb.cat\/es\/\" rel=\"cc:attributionURL\">Ag\u00e8ncia de Salut P\u00fablica de Barcelona<\/a> <br>est\u00e0 subjecta a una llic\u00e8ncia de <a href=\"http:\/\/creativecommons.org\/licenses\/by-nc-nd\/4.0\/\" target=\"_blank\" rel=\"license noopener noreferrer\">Reconeixement-NoComercial-SenseObraDerivada 4.0 Internacional de Creative Commons<\/a> <br>Els permisos addicionals als d&#8217;aquesta llic\u00e8ncia es poden trobar a<br><a href=\"https:\/\/www.aspb.cat\/wp-content\/uploads\/2020\/07\/ASPB-Indicadors-salut-treball-2018.pdf\" target=\"_blank\" rel=\"noopener noreferrer\">https:\/\/www.aspb.cat\/wp-content\/uploads\/2020\/07\/ASPB-Indicadors-salut-treball-2018.pdf<\/a><\/span><\/p>","protected":false},"featured_media":33322,"template":"","tema":[197,198,192,196],"tipusdocument":[167],"class_list":["post-33320","documento","type-documento","status-publish","has-post-thumbnail","hentry","tema-trabajo","tema-sistema-dinformacio-en-salut-laboral-es","tema-entornos","tema-salud-y-trabajo","tipusdocument-informes","publish","author-ext_acaillab","impar","primero"],"acf":[],"yoast_head":"<!-- This site is optimized with the Yoast SEO Premium plugin v27.5 (Yoast SEO v27.5) - https:\/\/yoast.com\/product\/yoast-seo-premium-wordpress\/ -->\n<title>Indicadors de salut i treball de Barcelona 2018 - ASPB<\/title>\n<meta name=\"robots\" content=\"index, follow, max-snippet:-1, max-image-preview:large, max-video-preview:-1\" \/>\n<link rel=\"canonical\" href=\"https:\/\/www.aspb.cat\/es\/documentos\/indicadors-salut-treball-2018\/\" \/>\n<meta property=\"og:locale\" content=\"es_ES\" \/>\n<meta property=\"og:type\" content=\"article\" \/>\n<meta property=\"og:title\" content=\"Indicadors de salut i treball de Barcelona 2018\" \/>\n<meta property=\"og:description\" content=\"En aquest informe es presenta la situaci\u00f3 de la salut i el treball a la [&hellip;]\" \/>\n<meta property=\"og:url\" content=\"https:\/\/www.aspb.cat\/es\/documentos\/indicadors-salut-treball-2018\/\" \/>\n<meta property=\"og:site_name\" content=\"ASPB\" \/>\n<meta property=\"article:publisher\" content=\"https:\/\/www.facebook.com\/salutpublicabcn\" \/>\n<meta property=\"article:modified_time\" content=\"2025-01-14T10:36:51+00:00\" \/>\n<meta property=\"og:image\" content=\"https:\/\/www.aspb.cat\/wp-content\/uploads\/2020\/07\/indicadors-salut-treball-2018.jpg\" \/>\n\t<meta property=\"og:image:width\" content=\"595\" \/>\n\t<meta property=\"og:image:height\" content=\"842\" \/>\n\t<meta property=\"og:image:type\" content=\"image\/jpeg\" \/>\n<meta name=\"twitter:card\" content=\"summary_large_image\" \/>\n<meta name=\"twitter:site\" content=\"@salutpublicabcn\" \/>\n<meta name=\"twitter:label1\" content=\"Tiempo de lectura\" \/>\n\t<meta name=\"twitter:data1\" content=\"2 minutos\" \/>\n<script type=\"application\/ld+json\" class=\"yoast-schema-graph\">{\"@context\":\"https:\\\/\\\/schema.org\",\"@graph\":[{\"@type\":\"WebPage\",\"@id\":\"https:\\\/\\\/www.aspb.cat\\\/es\\\/documentos\\\/indicadors-salut-treball-2018\\\/\",\"url\":\"https:\\\/\\\/www.aspb.cat\\\/es\\\/documentos\\\/indicadors-salut-treball-2018\\\/\",\"name\":\"Indicadors de salut i treball de Barcelona 2018 - ASPB\",\"isPartOf\":{\"@id\":\"https:\\\/\\\/www.aspb.cat\\\/#website\"},\"primaryImageOfPage\":{\"@id\":\"https:\\\/\\\/www.aspb.cat\\\/es\\\/documentos\\\/indicadors-salut-treball-2018\\\/#primaryimage\"},\"image\":{\"@id\":\"https:\\\/\\\/www.aspb.cat\\\/es\\\/documentos\\\/indicadors-salut-treball-2018\\\/#primaryimage\"},\"thumbnailUrl\":\"https:\\\/\\\/www.aspb.cat\\\/wp-content\\\/uploads\\\/2020\\\/07\\\/indicadors-salut-treball-2018.jpg\",\"datePublished\":\"2020-07-22T16:38:47+00:00\",\"dateModified\":\"2025-01-14T10:36:51+00:00\",\"breadcrumb\":{\"@id\":\"https:\\\/\\\/www.aspb.cat\\\/es\\\/documentos\\\/indicadors-salut-treball-2018\\\/#breadcrumb\"},\"inLanguage\":\"es\",\"potentialAction\":[{\"@type\":\"ReadAction\",\"target\":[\"https:\\\/\\\/www.aspb.cat\\\/es\\\/documentos\\\/indicadors-salut-treball-2018\\\/\"]}]},{\"@type\":\"ImageObject\",\"inLanguage\":\"es\",\"@id\":\"https:\\\/\\\/www.aspb.cat\\\/es\\\/documentos\\\/indicadors-salut-treball-2018\\\/#primaryimage\",\"url\":\"https:\\\/\\\/www.aspb.cat\\\/wp-content\\\/uploads\\\/2020\\\/07\\\/indicadors-salut-treball-2018.jpg\",\"contentUrl\":\"https:\\\/\\\/www.aspb.cat\\\/wp-content\\\/uploads\\\/2020\\\/07\\\/indicadors-salut-treball-2018.jpg\",\"width\":595,\"height\":842},{\"@type\":\"BreadcrumbList\",\"@id\":\"https:\\\/\\\/www.aspb.cat\\\/es\\\/documentos\\\/indicadors-salut-treball-2018\\\/#breadcrumb\",\"itemListElement\":[{\"@type\":\"ListItem\",\"position\":1,\"name\":\"Inici\",\"item\":\"https:\\\/\\\/www.aspb.cat\\\/es\\\/\"},{\"@type\":\"ListItem\",\"position\":2,\"name\":\"Documents\",\"item\":\"https:\\\/\\\/www.aspb.cat\\\/documents\\\/\"},{\"@type\":\"ListItem\",\"position\":3,\"name\":\"Indicadors de salut i treball de Barcelona 2018\"}]},{\"@type\":\"WebSite\",\"@id\":\"https:\\\/\\\/www.aspb.cat\\\/#website\",\"url\":\"https:\\\/\\\/www.aspb.cat\\\/\",\"name\":\"ASPB\",\"description\":\"Just another WordPress site\",\"potentialAction\":[{\"@type\":\"SearchAction\",\"target\":{\"@type\":\"EntryPoint\",\"urlTemplate\":\"https:\\\/\\\/www.aspb.cat\\\/?s={search_term_string}\"},\"query-input\":{\"@type\":\"PropertyValueSpecification\",\"valueRequired\":true,\"valueName\":\"search_term_string\"}}],\"inLanguage\":\"es\"}]}<\/script>\n<!-- \/ Yoast SEO Premium plugin. -->","yoast_head_json":{"title":"Indicadors de salut i treball de Barcelona 2018 - ASPB","robots":{"index":"index","follow":"follow","max-snippet":"max-snippet:-1","max-image-preview":"max-image-preview:large","max-video-preview":"max-video-preview:-1"},"canonical":"https:\/\/www.aspb.cat\/es\/documentos\/indicadors-salut-treball-2018\/","og_locale":"es_ES","og_type":"article","og_title":"Indicadors de salut i treball de Barcelona 2018","og_description":"En aquest informe es presenta la situaci\u00f3 de la salut i el treball a la [&hellip;]","og_url":"https:\/\/www.aspb.cat\/es\/documentos\/indicadors-salut-treball-2018\/","og_site_name":"ASPB","article_publisher":"https:\/\/www.facebook.com\/salutpublicabcn","article_modified_time":"2025-01-14T10:36:51+00:00","og_image":[{"width":595,"height":842,"url":"https:\/\/www.aspb.cat\/wp-content\/uploads\/2020\/07\/indicadors-salut-treball-2018.jpg","type":"image\/jpeg"}],"twitter_card":"summary_large_image","twitter_site":"@salutpublicabcn","twitter_misc":{"Tiempo de lectura":"2 minutos"},"schema":{"@context":"https:\/\/schema.org","@graph":[{"@type":"WebPage","@id":"https:\/\/www.aspb.cat\/es\/documentos\/indicadors-salut-treball-2018\/","url":"https:\/\/www.aspb.cat\/es\/documentos\/indicadors-salut-treball-2018\/","name":"Indicadors de salut i treball de Barcelona 2018 - ASPB","isPartOf":{"@id":"https:\/\/www.aspb.cat\/#website"},"primaryImageOfPage":{"@id":"https:\/\/www.aspb.cat\/es\/documentos\/indicadors-salut-treball-2018\/#primaryimage"},"image":{"@id":"https:\/\/www.aspb.cat\/es\/documentos\/indicadors-salut-treball-2018\/#primaryimage"},"thumbnailUrl":"https:\/\/www.aspb.cat\/wp-content\/uploads\/2020\/07\/indicadors-salut-treball-2018.jpg","datePublished":"2020-07-22T16:38:47+00:00","dateModified":"2025-01-14T10:36:51+00:00","breadcrumb":{"@id":"https:\/\/www.aspb.cat\/es\/documentos\/indicadors-salut-treball-2018\/#breadcrumb"},"inLanguage":"es","potentialAction":[{"@type":"ReadAction","target":["https:\/\/www.aspb.cat\/es\/documentos\/indicadors-salut-treball-2018\/"]}]},{"@type":"ImageObject","inLanguage":"es","@id":"https:\/\/www.aspb.cat\/es\/documentos\/indicadors-salut-treball-2018\/#primaryimage","url":"https:\/\/www.aspb.cat\/wp-content\/uploads\/2020\/07\/indicadors-salut-treball-2018.jpg","contentUrl":"https:\/\/www.aspb.cat\/wp-content\/uploads\/2020\/07\/indicadors-salut-treball-2018.jpg","width":595,"height":842},{"@type":"BreadcrumbList","@id":"https:\/\/www.aspb.cat\/es\/documentos\/indicadors-salut-treball-2018\/#breadcrumb","itemListElement":[{"@type":"ListItem","position":1,"name":"Inici","item":"https:\/\/www.aspb.cat\/es\/"},{"@type":"ListItem","position":2,"name":"Documents","item":"https:\/\/www.aspb.cat\/documents\/"},{"@type":"ListItem","position":3,"name":"Indicadors de salut i treball de Barcelona 2018"}]},{"@type":"WebSite","@id":"https:\/\/www.aspb.cat\/#website","url":"https:\/\/www.aspb.cat\/","name":"ASPB","description":"Just another WordPress site","potentialAction":[{"@type":"SearchAction","target":{"@type":"EntryPoint","urlTemplate":"https:\/\/www.aspb.cat\/?s={search_term_string}"},"query-input":{"@type":"PropertyValueSpecification","valueRequired":true,"valueName":"search_term_string"}}],"inLanguage":"es"}]}},"_links":{"self":[{"href":"https:\/\/www.aspb.cat\/es\/wp-json\/wp\/v2\/documento\/33320","targetHints":{"allow":["GET"]}}],"collection":[{"href":"https:\/\/www.aspb.cat\/es\/wp-json\/wp\/v2\/documento"}],"about":[{"href":"https:\/\/www.aspb.cat\/es\/wp-json\/wp\/v2\/types\/documento"}],"version-history":[{"count":3,"href":"https:\/\/www.aspb.cat\/es\/wp-json\/wp\/v2\/documento\/33320\/revisions"}],"predecessor-version":[{"id":39198,"href":"https:\/\/www.aspb.cat\/es\/wp-json\/wp\/v2\/documento\/33320\/revisions\/39198"}],"wp:featuredmedia":[{"embeddable":true,"href":"https:\/\/www.aspb.cat\/es\/wp-json\/wp\/v2\/media\/33322"}],"wp:attachment":[{"href":"https:\/\/www.aspb.cat\/es\/wp-json\/wp\/v2\/media?parent=33320"}],"wp:term":[{"taxonomy":"tema","embeddable":true,"href":"https:\/\/www.aspb.cat\/es\/wp-json\/wp\/v2\/tema?post=33320"},{"taxonomy":"tipusdocument","embeddable":true,"href":"https:\/\/www.aspb.cat\/es\/wp-json\/wp\/v2\/tipusdocument?post=33320"}],"curies":[{"name":"wp","href":"https:\/\/api.w.org\/{rel}","templated":true}]}}

<p><p>En aquest informe es presenta la situació de la salut i el treball a la ciutat de Barcelona, per l’any 2018, a partir d’indicadors obtinguts de diverses fonts d’informació. Es fa un abordatge integral del treball en incloure tant el treball remunerat com el treball de cura i domèstic no remunerat, atenent el marc conceptual de la relació entre el treball i la salut i el benestar de les persones, així com la generació de desigualtats en salut i benestar relacionades amb el treball.</p>

<p>Es presenten dades sobre les característiques del mercat laboral, les condicions d’ocupació, els trastorns de salut laboral i els recursos per a la prevenció en l’àmbit del treball remunerat. I pel que fa a l’entorn del treball no remunerat, es presenten dades sobre les característiques sociodemogràfiques de la població que viu en llars amb necessitats de treball de cura i domèstic, la seva dedicació a la cura de persones i a les feines de la llar i el seu estat de salut.</p>

<p>Atès que enguany és el desè any que es publiquen els indicadors de l’àmbit del treball remunerat, a més dels resultats de l’any 2018, s’inclou una anàlisi comparativa del període 2009-2018.</p></p>



<br>


<p style="text-align: center;"><span class="texto_pequeno"> <a href="http://creativecommons.org/licenses/by-nc-nd/4.0/" target="_blank" rel="license noopener noreferrer"><img decoding="async" style="border-width: 0;" src="https://i.creativecommons.org/l/by-nc-nd/4.0/88x31.png" alt="Llicència de Creative Commons"></a> <br>«Indicadors de salut i treball de Barcelona 2018» de l`<a href="https://www.aspb.cat/es/" rel="cc:attributionURL">Agència de Salut Pública de Barcelona</a> <br>està subjecta a una llicència de <a href="http://creativecommons.org/licenses/by-nc-nd/4.0/" target="_blank" rel="license noopener noreferrer">Reconeixement-NoComercial-SenseObraDerivada 4.0 Internacional de Creative Commons</a> <br>Els permisos addicionals als d&#8217;aquesta llicència es poden trobar a<br><a href="https://www.aspb.cat/wp-content/uploads/2020/07/ASPB-Indicadors-salut-treball-2018.pdf" target="_blank" rel="noopener noreferrer">https://www.aspb.cat/wp-content/uploads/2020/07/ASPB-Indicadors-salut-treball-2018.pdf</a></span></p>

<!-- This site is optimized with the Yoast SEO Premium plugin v27.5 (Yoast SEO v27.5) - https://yoast.com/product/yoast-seo-premium-wordpress/ -->
<title>Indicadors de salut i treball de Barcelona 2018 - ASPB</title>
<meta name="robots" content="index, follow, max-snippet:-1, max-image-preview:large, max-video-preview:-1" />
<link rel="canonical" href="https://www.aspb.cat/es/documentos/indicadors-salut-treball-2018/" />
<meta property="og:locale" content="es_ES" />
<meta property="og:type" content="article" />
<meta property="og:title" content="Indicadors de salut i treball de Barcelona 2018" />
<meta property="og:description" content="En aquest informe es presenta la situació de la salut i el treball a la [&hellip;]" />
<meta property="og:url" content="https://www.aspb.cat/es/documentos/indicadors-salut-treball-2018/" />
<meta property="og:site_name" content="ASPB" />
<meta property="article:publisher" content="https://www.facebook.com/salutpublicabcn" />
<meta property="article:modified_time" content="2025-01-14T10:36:51+00:00" />
<meta property="og:image" content="https://www.aspb.cat/wp-content/uploads/2020/07/indicadors-salut-treball-2018.jpg" />
	<meta property="og:image:width" content="595" />
	<meta property="og:image:height" content="842" />
	<meta property="og:image:type" content="image/jpeg" />
<meta name="twitter:card" content="summary_large_image" />
<meta name="twitter:site" content="@salutpublicabcn" />
<meta name="twitter:label1" content="Tiempo de lectura" />
	<meta name="twitter:data1" content="2 minutos" />
<script type="application/ld+json" class="yoast-schema-graph">{"@context":"https:\/\/schema.org","@graph":[{"@type":"WebPage","@id":"https:\/\/www.aspb.cat\/es\/documentos\/indicadors-salut-treball-2018\/","url":"https:\/\/www.aspb.cat\/es\/documentos\/indicadors-salut-treball-2018\/","name":"Indicadors de salut i treball de Barcelona 2018 - ASPB","isPartOf":{"@id":"https:\/\/www.aspb.cat\/#website"},"primaryImageOfPage":{"@id":"https:\/\/www.aspb.cat\/es\/documentos\/indicadors-salut-treball-2018\/#primaryimage"},"image":{"@id":"https:\/\/www.aspb.cat\/es\/documentos\/indicadors-salut-treball-2018\/#primaryimage"},"thumbnailUrl":"https:\/\/www.aspb.cat\/wp-content\/uploads\/2020\/07\/indicadors-salut-treball-2018.jpg","datePublished":"2020-07-22T16:38:47+00:00","dateModified":"2025-01-14T10:36:51+00:00","breadcrumb":{"@id":"https:\/\/www.aspb.cat\/es\/documentos\/indicadors-salut-treball-2018\/#breadcrumb"},"inLanguage":"es","potentialAction":[{"@type":"ReadAction","target":["https:\/\/www.aspb.cat\/es\/documentos\/indicadors-salut-treball-2018\/"]}]},{"@type":"ImageObject","inLanguage":"es","@id":"https:\/\/www.aspb.cat\/es\/documentos\/indicadors-salut-treball-2018\/#primaryimage","url":"https:\/\/www.aspb.cat\/wp-content\/uploads\/2020\/07\/indicadors-salut-treball-2018.jpg","contentUrl":"https:\/\/www.aspb.cat\/wp-content\/uploads\/2020\/07\/indicadors-salut-treball-2018.jpg","width":595,"height":842},{"@type":"BreadcrumbList","@id":"https:\/\/www.aspb.cat\/es\/documentos\/indicadors-salut-treball-2018\/#breadcrumb","itemListElement":[{"@type":"ListItem","position":1,"name":"Inici","item":"https:\/\/www.aspb.cat\/es\/"},{"@type":"ListItem","position":2,"name":"Documents","item":"https:\/\/www.aspb.cat\/documents\/"},{"@type":"ListItem","position":3,"name":"Indicadors de salut i treball de Barcelona 2018"}]},{"@type":"WebSite","@id":"https:\/\/www.aspb.cat\/#website","url":"https:\/\/www.aspb.cat\/","name":"ASPB","description":"Just another WordPress site","potentialAction":[{"@type":"SearchAction","target":{"@type":"EntryPoint","urlTemplate":"https:\/\/www.aspb.cat\/?s={search_term_string}"},"query-input":{"@type":"PropertyValueSpecification","valueRequired":true,"valueName":"search_term_string"}}],"inLanguage":"es"}]}</script>
<!-- / Yoast SEO Premium plugin. -->

En aquest informe es presenta la situació de la salut i el treball a la [&hellip;]
