{"id":33305,"date":"2017-12-22T12:22:43","date_gmt":"2017-12-22T12:22:43","guid":{"rendered":"https:\/\/www.aspb.cat\/documents\/recomanacions-reduir-lexposicio-contaminacio-atmosferica-protegir-salut-poblacio\/"},"modified":"2021-07-29T09:43:31","modified_gmt":"2021-07-29T09:43:31","slug":"recomendaciones-reducir-exposicion-contaminacion-atmosferica-proteger-salud-poblacion","status":"publish","type":"documento","link":"https:\/\/www.aspb.cat\/es\/documentos\/recomendaciones-reducir-exposicion-contaminacion-atmosferica-proteger-salud-poblacion\/","title":{"rendered":"Recomendaciones para reducir la exposici\u00f3n a la contaminaci\u00f3n atmosf\u00e9rica y proteger la salud de la poblaci\u00f3n"},"content":{"rendered":"<p>Desde la <em>Ag\u00e8ncia de Salut P\u00fablica de Barcelona<\/em> (ASPB) hacemos unas recomendaciones para reducir la exposici\u00f3n a la contaminaci\u00f3n atmosf\u00e9rica de la ciudadan\u00eda de Barcelona y proteger as\u00ed la salud. Las recomendaciones son sobre pol\u00edticas, sobre actividades cotidianas, y para las escuelas.<\/p>\n\n\n<div class=\"figure\"><\/div>\n","protected":false},"featured_media":33307,"template":"","tema":[153,154],"tipusdocument":[155],"class_list":["post-33305","documento","type-documento","status-publish","has-post-thumbnail","hentry","tema-calidad-aire","tema-salud-ambiental","tipusdocument-material-divulgativo","publish","author-ext_acaillab","impar","primero"],"acf":[],"yoast_head":"<!-- This site is optimized with the Yoast SEO Premium plugin v27.5 (Yoast SEO v27.5) - https:\/\/yoast.com\/product\/yoast-seo-premium-wordpress\/ -->\n<title>Recomendaciones para reducir la exposici\u00f3n a la contaminaci\u00f3n atmosf\u00e9rica y proteger la salud de la poblaci\u00f3n - ASPB<\/title>\n<meta name=\"robots\" content=\"index, follow, max-snippet:-1, max-image-preview:large, max-video-preview:-1\" \/>\n<link rel=\"canonical\" href=\"https:\/\/www.aspb.cat\/es\/documents\/recomendaciones-reducir-exposicion-contaminacion-atmosferica-proteger-salud-poblacion\/\" \/>\n<meta property=\"og:locale\" content=\"es_ES\" \/>\n<meta property=\"og:type\" content=\"article\" \/>\n<meta property=\"og:title\" content=\"Recomendaciones para reducir la exposici\u00f3n a la contaminaci\u00f3n atmosf\u00e9rica y proteger la salud de la poblaci\u00f3n\" \/>\n<meta property=\"og:description\" content=\"Desde la Ag\u00e8ncia de Salut P\u00fablica de Barcelona (ASPB) hacemos unas recomendaciones para reducir la [&hellip;]\" \/>\n<meta property=\"og:url\" content=\"https:\/\/www.aspb.cat\/es\/documents\/recomendaciones-reducir-exposicion-contaminacion-atmosferica-proteger-salud-poblacion\/\" \/>\n<meta property=\"og:site_name\" content=\"ASPB\" \/>\n<meta property=\"article:publisher\" content=\"https:\/\/www.facebook.com\/salutpublicabcn\" \/>\n<meta property=\"article:modified_time\" content=\"2021-07-29T09:43:31+00:00\" \/>\n<meta property=\"og:image\" content=\"https:\/\/www.aspb.cat\/wp-content\/uploads\/2017\/12\/Recomanacions-reduir-contaminacio-atmosferica-protegir-salut.jpg\" \/>\n\t<meta property=\"og:image:width\" content=\"595\" \/>\n\t<meta property=\"og:image:height\" content=\"842\" \/>\n\t<meta property=\"og:image:type\" content=\"image\/jpeg\" \/>\n<meta name=\"twitter:card\" content=\"summary_large_image\" \/>\n<meta name=\"twitter:site\" content=\"@salutpublicabcn\" \/>\n<meta name=\"twitter:label1\" content=\"Tiempo de lectura\" \/>\n\t<meta name=\"twitter:data1\" content=\"1 minuto\" \/>\n<script type=\"application\/ld+json\" class=\"yoast-schema-graph\">{\"@context\":\"https:\\\/\\\/schema.org\",\"@graph\":[{\"@type\":\"WebPage\",\"@id\":\"https:\\\/\\\/www.aspb.cat\\\/es\\\/documents\\\/recomendaciones-reducir-exposicion-contaminacion-atmosferica-proteger-salud-poblacion\\\/\",\"url\":\"https:\\\/\\\/www.aspb.cat\\\/es\\\/documents\\\/recomendaciones-reducir-exposicion-contaminacion-atmosferica-proteger-salud-poblacion\\\/\",\"name\":\"Recomendaciones para reducir la exposici\u00f3n a la contaminaci\u00f3n atmosf\u00e9rica y proteger la salud de la poblaci\u00f3n - ASPB\",\"isPartOf\":{\"@id\":\"https:\\\/\\\/www.aspb.cat\\\/#website\"},\"primaryImageOfPage\":{\"@id\":\"https:\\\/\\\/www.aspb.cat\\\/es\\\/documents\\\/recomendaciones-reducir-exposicion-contaminacion-atmosferica-proteger-salud-poblacion\\\/#primaryimage\"},\"image\":{\"@id\":\"https:\\\/\\\/www.aspb.cat\\\/es\\\/documents\\\/recomendaciones-reducir-exposicion-contaminacion-atmosferica-proteger-salud-poblacion\\\/#primaryimage\"},\"thumbnailUrl\":\"https:\\\/\\\/www.aspb.cat\\\/wp-content\\\/uploads\\\/2017\\\/12\\\/Recomanacions-reduir-contaminacio-atmosferica-protegir-salut.jpg\",\"datePublished\":\"2017-12-22T12:22:43+00:00\",\"dateModified\":\"2021-07-29T09:43:31+00:00\",\"breadcrumb\":{\"@id\":\"https:\\\/\\\/www.aspb.cat\\\/es\\\/documents\\\/recomendaciones-reducir-exposicion-contaminacion-atmosferica-proteger-salud-poblacion\\\/#breadcrumb\"},\"inLanguage\":\"es\",\"potentialAction\":[{\"@type\":\"ReadAction\",\"target\":[\"https:\\\/\\\/www.aspb.cat\\\/es\\\/documents\\\/recomendaciones-reducir-exposicion-contaminacion-atmosferica-proteger-salud-poblacion\\\/\"]}]},{\"@type\":\"ImageObject\",\"inLanguage\":\"es\",\"@id\":\"https:\\\/\\\/www.aspb.cat\\\/es\\\/documents\\\/recomendaciones-reducir-exposicion-contaminacion-atmosferica-proteger-salud-poblacion\\\/#primaryimage\",\"url\":\"https:\\\/\\\/www.aspb.cat\\\/wp-content\\\/uploads\\\/2017\\\/12\\\/Recomanacions-reduir-contaminacio-atmosferica-protegir-salut.jpg\",\"contentUrl\":\"https:\\\/\\\/www.aspb.cat\\\/wp-content\\\/uploads\\\/2017\\\/12\\\/Recomanacions-reduir-contaminacio-atmosferica-protegir-salut.jpg\",\"width\":595,\"height\":842},{\"@type\":\"BreadcrumbList\",\"@id\":\"https:\\\/\\\/www.aspb.cat\\\/es\\\/documents\\\/recomendaciones-reducir-exposicion-contaminacion-atmosferica-proteger-salud-poblacion\\\/#breadcrumb\",\"itemListElement\":[{\"@type\":\"ListItem\",\"position\":1,\"name\":\"Inici\",\"item\":\"https:\\\/\\\/www.aspb.cat\\\/es\\\/\"},{\"@type\":\"ListItem\",\"position\":2,\"name\":\"Documents\",\"item\":\"https:\\\/\\\/www.aspb.cat\\\/documents\\\/\"},{\"@type\":\"ListItem\",\"position\":3,\"name\":\"Recomendaciones para reducir la exposici\u00f3n a la contaminaci\u00f3n atmosf\u00e9rica y proteger la salud de la poblaci\u00f3n\"}]},{\"@type\":\"WebSite\",\"@id\":\"https:\\\/\\\/www.aspb.cat\\\/#website\",\"url\":\"https:\\\/\\\/www.aspb.cat\\\/\",\"name\":\"ASPB\",\"description\":\"Just another WordPress site\",\"potentialAction\":[{\"@type\":\"SearchAction\",\"target\":{\"@type\":\"EntryPoint\",\"urlTemplate\":\"https:\\\/\\\/www.aspb.cat\\\/?s={search_term_string}\"},\"query-input\":{\"@type\":\"PropertyValueSpecification\",\"valueRequired\":true,\"valueName\":\"search_term_string\"}}],\"inLanguage\":\"es\"}]}<\/script>\n<!-- \/ Yoast SEO Premium plugin. -->","yoast_head_json":{"title":"Recomendaciones para reducir la exposici\u00f3n a la contaminaci\u00f3n atmosf\u00e9rica y proteger la salud de la poblaci\u00f3n - ASPB","robots":{"index":"index","follow":"follow","max-snippet":"max-snippet:-1","max-image-preview":"max-image-preview:large","max-video-preview":"max-video-preview:-1"},"canonical":"https:\/\/www.aspb.cat\/es\/documents\/recomendaciones-reducir-exposicion-contaminacion-atmosferica-proteger-salud-poblacion\/","og_locale":"es_ES","og_type":"article","og_title":"Recomendaciones para reducir la exposici\u00f3n a la contaminaci\u00f3n atmosf\u00e9rica y proteger la salud de la poblaci\u00f3n","og_description":"Desde la Ag\u00e8ncia de Salut P\u00fablica de Barcelona (ASPB) hacemos unas recomendaciones para reducir la [&hellip;]","og_url":"https:\/\/www.aspb.cat\/es\/documents\/recomendaciones-reducir-exposicion-contaminacion-atmosferica-proteger-salud-poblacion\/","og_site_name":"ASPB","article_publisher":"https:\/\/www.facebook.com\/salutpublicabcn","article_modified_time":"2021-07-29T09:43:31+00:00","og_image":[{"width":595,"height":842,"url":"https:\/\/www.aspb.cat\/wp-content\/uploads\/2017\/12\/Recomanacions-reduir-contaminacio-atmosferica-protegir-salut.jpg","type":"image\/jpeg"}],"twitter_card":"summary_large_image","twitter_site":"@salutpublicabcn","twitter_misc":{"Tiempo de lectura":"1 minuto"},"schema":{"@context":"https:\/\/schema.org","@graph":[{"@type":"WebPage","@id":"https:\/\/www.aspb.cat\/es\/documents\/recomendaciones-reducir-exposicion-contaminacion-atmosferica-proteger-salud-poblacion\/","url":"https:\/\/www.aspb.cat\/es\/documents\/recomendaciones-reducir-exposicion-contaminacion-atmosferica-proteger-salud-poblacion\/","name":"Recomendaciones para reducir la exposici\u00f3n a la contaminaci\u00f3n atmosf\u00e9rica y proteger la salud de la poblaci\u00f3n - ASPB","isPartOf":{"@id":"https:\/\/www.aspb.cat\/#website"},"primaryImageOfPage":{"@id":"https:\/\/www.aspb.cat\/es\/documents\/recomendaciones-reducir-exposicion-contaminacion-atmosferica-proteger-salud-poblacion\/#primaryimage"},"image":{"@id":"https:\/\/www.aspb.cat\/es\/documents\/recomendaciones-reducir-exposicion-contaminacion-atmosferica-proteger-salud-poblacion\/#primaryimage"},"thumbnailUrl":"https:\/\/www.aspb.cat\/wp-content\/uploads\/2017\/12\/Recomanacions-reduir-contaminacio-atmosferica-protegir-salut.jpg","datePublished":"2017-12-22T12:22:43+00:00","dateModified":"2021-07-29T09:43:31+00:00","breadcrumb":{"@id":"https:\/\/www.aspb.cat\/es\/documents\/recomendaciones-reducir-exposicion-contaminacion-atmosferica-proteger-salud-poblacion\/#breadcrumb"},"inLanguage":"es","potentialAction":[{"@type":"ReadAction","target":["https:\/\/www.aspb.cat\/es\/documents\/recomendaciones-reducir-exposicion-contaminacion-atmosferica-proteger-salud-poblacion\/"]}]},{"@type":"ImageObject","inLanguage":"es","@id":"https:\/\/www.aspb.cat\/es\/documents\/recomendaciones-reducir-exposicion-contaminacion-atmosferica-proteger-salud-poblacion\/#primaryimage","url":"https:\/\/www.aspb.cat\/wp-content\/uploads\/2017\/12\/Recomanacions-reduir-contaminacio-atmosferica-protegir-salut.jpg","contentUrl":"https:\/\/www.aspb.cat\/wp-content\/uploads\/2017\/12\/Recomanacions-reduir-contaminacio-atmosferica-protegir-salut.jpg","width":595,"height":842},{"@type":"BreadcrumbList","@id":"https:\/\/www.aspb.cat\/es\/documents\/recomendaciones-reducir-exposicion-contaminacion-atmosferica-proteger-salud-poblacion\/#breadcrumb","itemListElement":[{"@type":"ListItem","position":1,"name":"Inici","item":"https:\/\/www.aspb.cat\/es\/"},{"@type":"ListItem","position":2,"name":"Documents","item":"https:\/\/www.aspb.cat\/documents\/"},{"@type":"ListItem","position":3,"name":"Recomendaciones para reducir la exposici\u00f3n a la contaminaci\u00f3n atmosf\u00e9rica y proteger la salud de la poblaci\u00f3n"}]},{"@type":"WebSite","@id":"https:\/\/www.aspb.cat\/#website","url":"https:\/\/www.aspb.cat\/","name":"ASPB","description":"Just another WordPress site","potentialAction":[{"@type":"SearchAction","target":{"@type":"EntryPoint","urlTemplate":"https:\/\/www.aspb.cat\/?s={search_term_string}"},"query-input":{"@type":"PropertyValueSpecification","valueRequired":true,"valueName":"search_term_string"}}],"inLanguage":"es"}]}},"_links":{"self":[{"href":"https:\/\/www.aspb.cat\/es\/wp-json\/wp\/v2\/documento\/33305","targetHints":{"allow":["GET"]}}],"collection":[{"href":"https:\/\/www.aspb.cat\/es\/wp-json\/wp\/v2\/documento"}],"about":[{"href":"https:\/\/www.aspb.cat\/es\/wp-json\/wp\/v2\/types\/documento"}],"version-history":[{"count":2,"href":"https:\/\/www.aspb.cat\/es\/wp-json\/wp\/v2\/documento\/33305\/revisions"}],"predecessor-version":[{"id":34619,"href":"https:\/\/www.aspb.cat\/es\/wp-json\/wp\/v2\/documento\/33305\/revisions\/34619"}],"wp:featuredmedia":[{"embeddable":true,"href":"https:\/\/www.aspb.cat\/es\/wp-json\/wp\/v2\/media\/33307"}],"wp:attachment":[{"href":"https:\/\/www.aspb.cat\/es\/wp-json\/wp\/v2\/media?parent=33305"}],"wp:term":[{"taxonomy":"tema","embeddable":true,"href":"https:\/\/www.aspb.cat\/es\/wp-json\/wp\/v2\/tema?post=33305"},{"taxonomy":"tipusdocument","embeddable":true,"href":"https:\/\/www.aspb.cat\/es\/wp-json\/wp\/v2\/tipusdocument?post=33305"}],"curies":[{"name":"wp","href":"https:\/\/api.w.org\/{rel}","templated":true}]}}

Recomendaciones para reducir la exposición a la contaminación atmosférica y proteger la salud de la población

<p>Desde la <em>Agència de Salut Pública de Barcelona</em> (ASPB) hacemos unas recomendaciones para reducir la exposición a la contaminación atmosférica de la ciudadanía de Barcelona y proteger así la salud. Las recomendaciones son sobre políticas, sobre actividades cotidianas, y para las escuelas.</p>


<div class="figure"></div>

<!-- This site is optimized with the Yoast SEO Premium plugin v27.5 (Yoast SEO v27.5) - https://yoast.com/product/yoast-seo-premium-wordpress/ -->
<title>Recomendaciones para reducir la exposición a la contaminación atmosférica y proteger la salud de la población - ASPB</title>
<meta name="robots" content="index, follow, max-snippet:-1, max-image-preview:large, max-video-preview:-1" />
<link rel="canonical" href="https://www.aspb.cat/es/documents/recomendaciones-reducir-exposicion-contaminacion-atmosferica-proteger-salud-poblacion/" />
<meta property="og:locale" content="es_ES" />
<meta property="og:type" content="article" />
<meta property="og:title" content="Recomendaciones para reducir la exposición a la contaminación atmosférica y proteger la salud de la población" />
<meta property="og:description" content="Desde la Agència de Salut Pública de Barcelona (ASPB) hacemos unas recomendaciones para reducir la [&hellip;]" />
<meta property="og:url" content="https://www.aspb.cat/es/documents/recomendaciones-reducir-exposicion-contaminacion-atmosferica-proteger-salud-poblacion/" />
<meta property="og:site_name" content="ASPB" />
<meta property="article:publisher" content="https://www.facebook.com/salutpublicabcn" />
<meta property="article:modified_time" content="2021-07-29T09:43:31+00:00" />
<meta property="og:image" content="https://www.aspb.cat/wp-content/uploads/2017/12/Recomanacions-reduir-contaminacio-atmosferica-protegir-salut.jpg" />
	<meta property="og:image:width" content="595" />
	<meta property="og:image:height" content="842" />
	<meta property="og:image:type" content="image/jpeg" />
<meta name="twitter:card" content="summary_large_image" />
<meta name="twitter:site" content="@salutpublicabcn" />
<meta name="twitter:label1" content="Tiempo de lectura" />
	<meta name="twitter:data1" content="1 minuto" />
<script type="application/ld+json" class="yoast-schema-graph">{"@context":"https:\/\/schema.org","@graph":[{"@type":"WebPage","@id":"https:\/\/www.aspb.cat\/es\/documents\/recomendaciones-reducir-exposicion-contaminacion-atmosferica-proteger-salud-poblacion\/","url":"https:\/\/www.aspb.cat\/es\/documents\/recomendaciones-reducir-exposicion-contaminacion-atmosferica-proteger-salud-poblacion\/","name":"Recomendaciones para reducir la exposición a la contaminación atmosférica y proteger la salud de la población - ASPB","isPartOf":{"@id":"https:\/\/www.aspb.cat\/#website"},"primaryImageOfPage":{"@id":"https:\/\/www.aspb.cat\/es\/documents\/recomendaciones-reducir-exposicion-contaminacion-atmosferica-proteger-salud-poblacion\/#primaryimage"},"image":{"@id":"https:\/\/www.aspb.cat\/es\/documents\/recomendaciones-reducir-exposicion-contaminacion-atmosferica-proteger-salud-poblacion\/#primaryimage"},"thumbnailUrl":"https:\/\/www.aspb.cat\/wp-content\/uploads\/2017\/12\/Recomanacions-reduir-contaminacio-atmosferica-protegir-salut.jpg","datePublished":"2017-12-22T12:22:43+00:00","dateModified":"2021-07-29T09:43:31+00:00","breadcrumb":{"@id":"https:\/\/www.aspb.cat\/es\/documents\/recomendaciones-reducir-exposicion-contaminacion-atmosferica-proteger-salud-poblacion\/#breadcrumb"},"inLanguage":"es","potentialAction":[{"@type":"ReadAction","target":["https:\/\/www.aspb.cat\/es\/documents\/recomendaciones-reducir-exposicion-contaminacion-atmosferica-proteger-salud-poblacion\/"]}]},{"@type":"ImageObject","inLanguage":"es","@id":"https:\/\/www.aspb.cat\/es\/documents\/recomendaciones-reducir-exposicion-contaminacion-atmosferica-proteger-salud-poblacion\/#primaryimage","url":"https:\/\/www.aspb.cat\/wp-content\/uploads\/2017\/12\/Recomanacions-reduir-contaminacio-atmosferica-protegir-salut.jpg","contentUrl":"https:\/\/www.aspb.cat\/wp-content\/uploads\/2017\/12\/Recomanacions-reduir-contaminacio-atmosferica-protegir-salut.jpg","width":595,"height":842},{"@type":"BreadcrumbList","@id":"https:\/\/www.aspb.cat\/es\/documents\/recomendaciones-reducir-exposicion-contaminacion-atmosferica-proteger-salud-poblacion\/#breadcrumb","itemListElement":[{"@type":"ListItem","position":1,"name":"Inici","item":"https:\/\/www.aspb.cat\/es\/"},{"@type":"ListItem","position":2,"name":"Documents","item":"https:\/\/www.aspb.cat\/documents\/"},{"@type":"ListItem","position":3,"name":"Recomendaciones para reducir la exposición a la contaminación atmosférica y proteger la salud de la población"}]},{"@type":"WebSite","@id":"https:\/\/www.aspb.cat\/#website","url":"https:\/\/www.aspb.cat\/","name":"ASPB","description":"Just another WordPress site","potentialAction":[{"@type":"SearchAction","target":{"@type":"EntryPoint","urlTemplate":"https:\/\/www.aspb.cat\/?s={search_term_string}"},"query-input":{"@type":"PropertyValueSpecification","valueRequired":true,"valueName":"search_term_string"}}],"inLanguage":"es"}]}</script>
<!-- / Yoast SEO Premium plugin. -->

Recomendaciones para reducir la exposición a la contaminación atmosférica y proteger la salud de la población - ASPB

Desde la Agència de Salut Pública de Barcelona (ASPB) hacemos unas recomendaciones para reducir la [&hellip;]
