{"id":33282,"date":"2021-04-15T16:59:07","date_gmt":"2021-04-15T16:59:07","guid":{"rendered":"https:\/\/www.aspb.cat\/documents\/sorollambientalisalut-infografia\/"},"modified":"2021-06-14T16:20:14","modified_gmt":"2021-06-14T16:20:14","slug":"ruidoambientalisalud-infografia","status":"publish","type":"documento","link":"https:\/\/www.aspb.cat\/es\/documentos\/ruidoambientalisalud-infografia\/","title":{"rendered":"Ruido ambiental y salud en la ciudad de Barcelona (infograf\u00eda)"},"content":{"rendered":"\n<p>Hay evidencia cient\u00edfica que la exposici\u00f3n cr\u00f3nica al ruido ambiental tiene efectos importantes sobre la salud y la calidad de vida de las personas. El ruido ambiental afecta el bienestar emocional, psicol\u00f3gico y social, y tambi\u00e9n causa trastornos del sue\u00f1o, enfermedades cardiovasculares y muerte por causa cardiovascular, trastornos metab\u00f3licos en adultos y problemas del desarrollo cognitivo en ni\u00f1os. En la Uni\u00f3n Europea, tras la contaminaci\u00f3n atmosf\u00e9rica, el ruido es el segundo factor ambiental que m\u00e1s impacta la salud de la poblaci\u00f3n.<\/p>\n\n\n\n<p>En este contexto, la <em>Ag\u00e8ncia de Salut P\u00fablica de Barcelona<\/em> (ASPB) ha definido el nuevo Sistema de vigilancia del impacto sobre la salud del ruido ambiental en Barcelona (VISSAB) para hacer el seguimiento de la exposici\u00f3n al ruido y el impacto en salud en la ciudad. As\u00ed como, para evaluar las medidas implantadas en la ciudad para reducir la exposici\u00f3n y el impacto. En esta infograf\u00eda se presentan los principales resultados obtenidos. <\/p>\n","protected":false},"featured_media":31728,"template":"","tema":[154,384],"tipusdocument":[155],"class_list":["post-33282","documento","type-documento","status-publish","has-post-thumbnail","hentry","tema-salud-ambiental","tema-informacio-sobre-altres-riscos-ambientals-es","tipusdocument-material-divulgativo","publish","author-ext_acaillab","impar","primero"],"acf":[],"yoast_head":"<!-- This site is optimized with the Yoast SEO Premium plugin v27.5 (Yoast SEO v27.5) - https:\/\/yoast.com\/product\/yoast-seo-premium-wordpress\/ -->\n<title>Ruido ambiental y salud en la ciudad de Barcelona (infograf\u00eda) - ASPB<\/title>\n<meta name=\"robots\" content=\"index, follow, max-snippet:-1, max-image-preview:large, max-video-preview:-1\" \/>\n<link rel=\"canonical\" href=\"https:\/\/www.aspb.cat\/es\/documents\/ruidoambientalisalud-infografia\/\" \/>\n<meta property=\"og:locale\" content=\"es_ES\" \/>\n<meta property=\"og:type\" content=\"article\" \/>\n<meta property=\"og:title\" content=\"Ruido ambiental y salud en la ciudad de Barcelona (infograf\u00eda)\" \/>\n<meta property=\"og:description\" content=\"Hay evidencia cient\u00edfica que la exposici\u00f3n cr\u00f3nica al ruido ambiental tiene efectos importantes sobre la [&hellip;]\" \/>\n<meta property=\"og:url\" content=\"https:\/\/www.aspb.cat\/es\/documents\/ruidoambientalisalud-infografia\/\" \/>\n<meta property=\"og:site_name\" content=\"ASPB\" \/>\n<meta property=\"article:publisher\" content=\"https:\/\/www.facebook.com\/salutpublicabcn\" \/>\n<meta property=\"article:modified_time\" content=\"2021-06-14T16:20:14+00:00\" \/>\n<meta property=\"og:image\" content=\"https:\/\/www.aspb.cat\/wp-content\/uploads\/2021\/04\/sorollambientalisalut-infografia.jpg\" \/>\n\t<meta property=\"og:image:width\" content=\"595\" \/>\n\t<meta property=\"og:image:height\" content=\"842\" \/>\n\t<meta property=\"og:image:type\" content=\"image\/jpeg\" \/>\n<meta name=\"twitter:card\" content=\"summary_large_image\" \/>\n<meta name=\"twitter:site\" content=\"@salutpublicabcn\" \/>\n<meta name=\"twitter:label1\" content=\"Tiempo de lectura\" \/>\n\t<meta name=\"twitter:data1\" content=\"1 minuto\" \/>\n<script type=\"application\/ld+json\" class=\"yoast-schema-graph\">{\"@context\":\"https:\\\/\\\/schema.org\",\"@graph\":[{\"@type\":\"WebPage\",\"@id\":\"https:\\\/\\\/www.aspb.cat\\\/es\\\/documents\\\/ruidoambientalisalud-infografia\\\/\",\"url\":\"https:\\\/\\\/www.aspb.cat\\\/es\\\/documents\\\/ruidoambientalisalud-infografia\\\/\",\"name\":\"Ruido ambiental y salud en la ciudad de Barcelona (infograf\u00eda) - ASPB\",\"isPartOf\":{\"@id\":\"https:\\\/\\\/www.aspb.cat\\\/#website\"},\"primaryImageOfPage\":{\"@id\":\"https:\\\/\\\/www.aspb.cat\\\/es\\\/documents\\\/ruidoambientalisalud-infografia\\\/#primaryimage\"},\"image\":{\"@id\":\"https:\\\/\\\/www.aspb.cat\\\/es\\\/documents\\\/ruidoambientalisalud-infografia\\\/#primaryimage\"},\"thumbnailUrl\":\"https:\\\/\\\/www.aspb.cat\\\/wp-content\\\/uploads\\\/2021\\\/04\\\/sorollambientalisalut-infografia.jpg\",\"datePublished\":\"2021-04-15T16:59:07+00:00\",\"dateModified\":\"2021-06-14T16:20:14+00:00\",\"breadcrumb\":{\"@id\":\"https:\\\/\\\/www.aspb.cat\\\/es\\\/documents\\\/ruidoambientalisalud-infografia\\\/#breadcrumb\"},\"inLanguage\":\"es\",\"potentialAction\":[{\"@type\":\"ReadAction\",\"target\":[\"https:\\\/\\\/www.aspb.cat\\\/es\\\/documents\\\/ruidoambientalisalud-infografia\\\/\"]}]},{\"@type\":\"ImageObject\",\"inLanguage\":\"es\",\"@id\":\"https:\\\/\\\/www.aspb.cat\\\/es\\\/documents\\\/ruidoambientalisalud-infografia\\\/#primaryimage\",\"url\":\"https:\\\/\\\/www.aspb.cat\\\/wp-content\\\/uploads\\\/2021\\\/04\\\/sorollambientalisalut-infografia.jpg\",\"contentUrl\":\"https:\\\/\\\/www.aspb.cat\\\/wp-content\\\/uploads\\\/2021\\\/04\\\/sorollambientalisalut-infografia.jpg\",\"width\":595,\"height\":842},{\"@type\":\"BreadcrumbList\",\"@id\":\"https:\\\/\\\/www.aspb.cat\\\/es\\\/documents\\\/ruidoambientalisalud-infografia\\\/#breadcrumb\",\"itemListElement\":[{\"@type\":\"ListItem\",\"position\":1,\"name\":\"Inici\",\"item\":\"https:\\\/\\\/www.aspb.cat\\\/es\\\/\"},{\"@type\":\"ListItem\",\"position\":2,\"name\":\"Documents\",\"item\":\"https:\\\/\\\/www.aspb.cat\\\/documents\\\/\"},{\"@type\":\"ListItem\",\"position\":3,\"name\":\"Ruido ambiental y salud en la ciudad de Barcelona (infograf\u00eda)\"}]},{\"@type\":\"WebSite\",\"@id\":\"https:\\\/\\\/www.aspb.cat\\\/#website\",\"url\":\"https:\\\/\\\/www.aspb.cat\\\/\",\"name\":\"ASPB\",\"description\":\"Just another WordPress site\",\"potentialAction\":[{\"@type\":\"SearchAction\",\"target\":{\"@type\":\"EntryPoint\",\"urlTemplate\":\"https:\\\/\\\/www.aspb.cat\\\/?s={search_term_string}\"},\"query-input\":{\"@type\":\"PropertyValueSpecification\",\"valueRequired\":true,\"valueName\":\"search_term_string\"}}],\"inLanguage\":\"es\"}]}<\/script>\n<!-- \/ Yoast SEO Premium plugin. -->","yoast_head_json":{"title":"Ruido ambiental y salud en la ciudad de Barcelona (infograf\u00eda) - ASPB","robots":{"index":"index","follow":"follow","max-snippet":"max-snippet:-1","max-image-preview":"max-image-preview:large","max-video-preview":"max-video-preview:-1"},"canonical":"https:\/\/www.aspb.cat\/es\/documents\/ruidoambientalisalud-infografia\/","og_locale":"es_ES","og_type":"article","og_title":"Ruido ambiental y salud en la ciudad de Barcelona (infograf\u00eda)","og_description":"Hay evidencia cient\u00edfica que la exposici\u00f3n cr\u00f3nica al ruido ambiental tiene efectos importantes sobre la [&hellip;]","og_url":"https:\/\/www.aspb.cat\/es\/documents\/ruidoambientalisalud-infografia\/","og_site_name":"ASPB","article_publisher":"https:\/\/www.facebook.com\/salutpublicabcn","article_modified_time":"2021-06-14T16:20:14+00:00","og_image":[{"width":595,"height":842,"url":"https:\/\/www.aspb.cat\/wp-content\/uploads\/2021\/04\/sorollambientalisalut-infografia.jpg","type":"image\/jpeg"}],"twitter_card":"summary_large_image","twitter_site":"@salutpublicabcn","twitter_misc":{"Tiempo de lectura":"1 minuto"},"schema":{"@context":"https:\/\/schema.org","@graph":[{"@type":"WebPage","@id":"https:\/\/www.aspb.cat\/es\/documents\/ruidoambientalisalud-infografia\/","url":"https:\/\/www.aspb.cat\/es\/documents\/ruidoambientalisalud-infografia\/","name":"Ruido ambiental y salud en la ciudad de Barcelona (infograf\u00eda) - ASPB","isPartOf":{"@id":"https:\/\/www.aspb.cat\/#website"},"primaryImageOfPage":{"@id":"https:\/\/www.aspb.cat\/es\/documents\/ruidoambientalisalud-infografia\/#primaryimage"},"image":{"@id":"https:\/\/www.aspb.cat\/es\/documents\/ruidoambientalisalud-infografia\/#primaryimage"},"thumbnailUrl":"https:\/\/www.aspb.cat\/wp-content\/uploads\/2021\/04\/sorollambientalisalut-infografia.jpg","datePublished":"2021-04-15T16:59:07+00:00","dateModified":"2021-06-14T16:20:14+00:00","breadcrumb":{"@id":"https:\/\/www.aspb.cat\/es\/documents\/ruidoambientalisalud-infografia\/#breadcrumb"},"inLanguage":"es","potentialAction":[{"@type":"ReadAction","target":["https:\/\/www.aspb.cat\/es\/documents\/ruidoambientalisalud-infografia\/"]}]},{"@type":"ImageObject","inLanguage":"es","@id":"https:\/\/www.aspb.cat\/es\/documents\/ruidoambientalisalud-infografia\/#primaryimage","url":"https:\/\/www.aspb.cat\/wp-content\/uploads\/2021\/04\/sorollambientalisalut-infografia.jpg","contentUrl":"https:\/\/www.aspb.cat\/wp-content\/uploads\/2021\/04\/sorollambientalisalut-infografia.jpg","width":595,"height":842},{"@type":"BreadcrumbList","@id":"https:\/\/www.aspb.cat\/es\/documents\/ruidoambientalisalud-infografia\/#breadcrumb","itemListElement":[{"@type":"ListItem","position":1,"name":"Inici","item":"https:\/\/www.aspb.cat\/es\/"},{"@type":"ListItem","position":2,"name":"Documents","item":"https:\/\/www.aspb.cat\/documents\/"},{"@type":"ListItem","position":3,"name":"Ruido ambiental y salud en la ciudad de Barcelona (infograf\u00eda)"}]},{"@type":"WebSite","@id":"https:\/\/www.aspb.cat\/#website","url":"https:\/\/www.aspb.cat\/","name":"ASPB","description":"Just another WordPress site","potentialAction":[{"@type":"SearchAction","target":{"@type":"EntryPoint","urlTemplate":"https:\/\/www.aspb.cat\/?s={search_term_string}"},"query-input":{"@type":"PropertyValueSpecification","valueRequired":true,"valueName":"search_term_string"}}],"inLanguage":"es"}]}},"_links":{"self":[{"href":"https:\/\/www.aspb.cat\/es\/wp-json\/wp\/v2\/documento\/33282","targetHints":{"allow":["GET"]}}],"collection":[{"href":"https:\/\/www.aspb.cat\/es\/wp-json\/wp\/v2\/documento"}],"about":[{"href":"https:\/\/www.aspb.cat\/es\/wp-json\/wp\/v2\/types\/documento"}],"version-history":[{"count":2,"href":"https:\/\/www.aspb.cat\/es\/wp-json\/wp\/v2\/documento\/33282\/revisions"}],"predecessor-version":[{"id":33612,"href":"https:\/\/www.aspb.cat\/es\/wp-json\/wp\/v2\/documento\/33282\/revisions\/33612"}],"wp:featuredmedia":[{"embeddable":true,"href":"https:\/\/www.aspb.cat\/es\/wp-json\/wp\/v2\/media\/31728"}],"wp:attachment":[{"href":"https:\/\/www.aspb.cat\/es\/wp-json\/wp\/v2\/media?parent=33282"}],"wp:term":[{"taxonomy":"tema","embeddable":true,"href":"https:\/\/www.aspb.cat\/es\/wp-json\/wp\/v2\/tema?post=33282"},{"taxonomy":"tipusdocument","embeddable":true,"href":"https:\/\/www.aspb.cat\/es\/wp-json\/wp\/v2\/tipusdocument?post=33282"}],"curies":[{"name":"wp","href":"https:\/\/api.w.org\/{rel}","templated":true}]}}

Ruido ambiental y salud en la ciudad de Barcelona (infografía)

<p>Hay evidencia científica que la exposición crónica al ruido ambiental tiene efectos importantes sobre la salud y la calidad de vida de las personas. El ruido ambiental afecta el bienestar emocional, psicológico y social, y también causa trastornos del sueño, enfermedades cardiovasculares y muerte por causa cardiovascular, trastornos metabólicos en adultos y problemas del desarrollo cognitivo en niños. En la Unión Europea, tras la contaminación atmosférica, el ruido es el segundo factor ambiental que más impacta la salud de la población.</p>



<p>En este contexto, la <em>Agència de Salut Pública de Barcelona</em> (ASPB) ha definido el nuevo Sistema de vigilancia del impacto sobre la salud del ruido ambiental en Barcelona (VISSAB) para hacer el seguimiento de la exposición al ruido y el impacto en salud en la ciudad. Así como, para evaluar las medidas implantadas en la ciudad para reducir la exposición y el impacto. En esta infografía se presentan los principales resultados obtenidos. </p>

<!-- This site is optimized with the Yoast SEO Premium plugin v27.5 (Yoast SEO v27.5) - https://yoast.com/product/yoast-seo-premium-wordpress/ -->
<title>Ruido ambiental y salud en la ciudad de Barcelona (infografía) - ASPB</title>
<meta name="robots" content="index, follow, max-snippet:-1, max-image-preview:large, max-video-preview:-1" />
<link rel="canonical" href="https://www.aspb.cat/es/documents/ruidoambientalisalud-infografia/" />
<meta property="og:locale" content="es_ES" />
<meta property="og:type" content="article" />
<meta property="og:title" content="Ruido ambiental y salud en la ciudad de Barcelona (infografía)" />
<meta property="og:description" content="Hay evidencia científica que la exposición crónica al ruido ambiental tiene efectos importantes sobre la [&hellip;]" />
<meta property="og:url" content="https://www.aspb.cat/es/documents/ruidoambientalisalud-infografia/" />
<meta property="og:site_name" content="ASPB" />
<meta property="article:publisher" content="https://www.facebook.com/salutpublicabcn" />
<meta property="article:modified_time" content="2021-06-14T16:20:14+00:00" />
<meta property="og:image" content="https://www.aspb.cat/wp-content/uploads/2021/04/sorollambientalisalut-infografia.jpg" />
	<meta property="og:image:width" content="595" />
	<meta property="og:image:height" content="842" />
	<meta property="og:image:type" content="image/jpeg" />
<meta name="twitter:card" content="summary_large_image" />
<meta name="twitter:site" content="@salutpublicabcn" />
<meta name="twitter:label1" content="Tiempo de lectura" />
	<meta name="twitter:data1" content="1 minuto" />
<script type="application/ld+json" class="yoast-schema-graph">{"@context":"https:\/\/schema.org","@graph":[{"@type":"WebPage","@id":"https:\/\/www.aspb.cat\/es\/documents\/ruidoambientalisalud-infografia\/","url":"https:\/\/www.aspb.cat\/es\/documents\/ruidoambientalisalud-infografia\/","name":"Ruido ambiental y salud en la ciudad de Barcelona (infografía) - ASPB","isPartOf":{"@id":"https:\/\/www.aspb.cat\/#website"},"primaryImageOfPage":{"@id":"https:\/\/www.aspb.cat\/es\/documents\/ruidoambientalisalud-infografia\/#primaryimage"},"image":{"@id":"https:\/\/www.aspb.cat\/es\/documents\/ruidoambientalisalud-infografia\/#primaryimage"},"thumbnailUrl":"https:\/\/www.aspb.cat\/wp-content\/uploads\/2021\/04\/sorollambientalisalut-infografia.jpg","datePublished":"2021-04-15T16:59:07+00:00","dateModified":"2021-06-14T16:20:14+00:00","breadcrumb":{"@id":"https:\/\/www.aspb.cat\/es\/documents\/ruidoambientalisalud-infografia\/#breadcrumb"},"inLanguage":"es","potentialAction":[{"@type":"ReadAction","target":["https:\/\/www.aspb.cat\/es\/documents\/ruidoambientalisalud-infografia\/"]}]},{"@type":"ImageObject","inLanguage":"es","@id":"https:\/\/www.aspb.cat\/es\/documents\/ruidoambientalisalud-infografia\/#primaryimage","url":"https:\/\/www.aspb.cat\/wp-content\/uploads\/2021\/04\/sorollambientalisalut-infografia.jpg","contentUrl":"https:\/\/www.aspb.cat\/wp-content\/uploads\/2021\/04\/sorollambientalisalut-infografia.jpg","width":595,"height":842},{"@type":"BreadcrumbList","@id":"https:\/\/www.aspb.cat\/es\/documents\/ruidoambientalisalud-infografia\/#breadcrumb","itemListElement":[{"@type":"ListItem","position":1,"name":"Inici","item":"https:\/\/www.aspb.cat\/es\/"},{"@type":"ListItem","position":2,"name":"Documents","item":"https:\/\/www.aspb.cat\/documents\/"},{"@type":"ListItem","position":3,"name":"Ruido ambiental y salud en la ciudad de Barcelona (infografía)"}]},{"@type":"WebSite","@id":"https:\/\/www.aspb.cat\/#website","url":"https:\/\/www.aspb.cat\/","name":"ASPB","description":"Just another WordPress site","potentialAction":[{"@type":"SearchAction","target":{"@type":"EntryPoint","urlTemplate":"https:\/\/www.aspb.cat\/?s={search_term_string}"},"query-input":{"@type":"PropertyValueSpecification","valueRequired":true,"valueName":"search_term_string"}}],"inLanguage":"es"}]}</script>
<!-- / Yoast SEO Premium plugin. -->

Ruido ambiental y salud en la ciudad de Barcelona (infografía) - ASPB

Hay evidencia científica que la exposición crónica al ruido ambiental tiene efectos importantes sobre la [&hellip;]
