{"id":30947,"date":"2021-03-01T16:07:00","date_gmt":"2021-03-01T16:07:00","guid":{"rendered":"https:\/\/www.aspb.cat\/documents\/sorollambientalisalut-bcn2021\/"},"modified":"2022-04-21T12:38:18","modified_gmt":"2022-04-21T12:38:18","slug":"ruidoambientalsalud-bcn2021","status":"publish","type":"documento","link":"https:\/\/www.aspb.cat\/es\/documentos\/ruidoambientalsalud-bcn2021\/","title":{"rendered":"Ruido ambiental y salud en la ciudad de Barcelona"},"content":{"rendered":"\n<p>Este informe analiza la exposici\u00f3n al ruido ambiental en la ciudad de Barcelona desde la perspectiva de la salud teniendo en cuenta la percepci\u00f3n y las desigualdades sociales, sintetiza la evidencia sobre los efectos del ruido ambiental en la salud y estima el impacto que el ruido tiene actualmente en la salud de la poblaci\u00f3n de Barcelona. As\u00ed, el documento presenta por primera vez el nuevo Sistema de vigilancia del impacto sobre la salud del ruido ambiental en Barcelona (VISSAB) que defini\u00f3 la <em>Ag\u00e8ncia de Salut P\u00fablica de Barcelona<\/em> (ASPB) para hacer seguimiento de la exposici\u00f3n al ruido y el impacto en salud en la ciudad y evaluar las medidas aplicadas en la ciudad.<\/p>\n","protected":false},"featured_media":30471,"template":"","tema":[154,384],"tipusdocument":[167],"class_list":["post-30947","documento","type-documento","status-publish","has-post-thumbnail","hentry","tema-salud-ambiental","tema-informacio-sobre-altres-riscos-ambientals-es","tipusdocument-informes","publish","author-ext_acaillab","impar","primero"],"acf":[],"yoast_head":"<!-- This site is optimized with the Yoast SEO Premium plugin v27.5 (Yoast SEO v27.5) - https:\/\/yoast.com\/product\/yoast-seo-premium-wordpress\/ -->\n<title>Ruido ambiental y salud en la ciudad de Barcelona - ASPB<\/title>\n<meta name=\"robots\" content=\"index, follow, max-snippet:-1, max-image-preview:large, max-video-preview:-1\" \/>\n<link rel=\"canonical\" href=\"https:\/\/www.aspb.cat\/es\/documents\/ruidoambientalsalud-bcn2021\/\" \/>\n<meta property=\"og:locale\" content=\"es_ES\" \/>\n<meta property=\"og:type\" content=\"article\" \/>\n<meta property=\"og:title\" content=\"Ruido ambiental y salud en la ciudad de Barcelona\" \/>\n<meta property=\"og:description\" content=\"Este informe analiza la exposici\u00f3n al ruido ambiental en la ciudad de Barcelona desde la [&hellip;]\" \/>\n<meta property=\"og:url\" content=\"https:\/\/www.aspb.cat\/es\/documents\/ruidoambientalsalud-bcn2021\/\" \/>\n<meta property=\"og:site_name\" content=\"ASPB\" \/>\n<meta property=\"article:publisher\" content=\"https:\/\/www.facebook.com\/salutpublicabcn\" \/>\n<meta property=\"article:modified_time\" content=\"2022-04-21T12:38:18+00:00\" \/>\n<meta property=\"og:image\" content=\"https:\/\/www.aspb.cat\/wp-content\/uploads\/2021\/03\/sorollambientalisalut-bcn2021.jpg\" \/>\n\t<meta property=\"og:image:width\" content=\"595\" \/>\n\t<meta property=\"og:image:height\" content=\"842\" \/>\n\t<meta property=\"og:image:type\" content=\"image\/jpeg\" \/>\n<meta name=\"twitter:card\" content=\"summary_large_image\" \/>\n<meta name=\"twitter:site\" content=\"@salutpublicabcn\" \/>\n<meta name=\"twitter:label1\" content=\"Tiempo de lectura\" \/>\n\t<meta name=\"twitter:data1\" content=\"1 minuto\" \/>\n<script type=\"application\/ld+json\" class=\"yoast-schema-graph\">{\"@context\":\"https:\\\/\\\/schema.org\",\"@graph\":[{\"@type\":\"WebPage\",\"@id\":\"https:\\\/\\\/www.aspb.cat\\\/es\\\/documents\\\/ruidoambientalsalud-bcn2021\\\/\",\"url\":\"https:\\\/\\\/www.aspb.cat\\\/es\\\/documents\\\/ruidoambientalsalud-bcn2021\\\/\",\"name\":\"Ruido ambiental y salud en la ciudad de Barcelona - ASPB\",\"isPartOf\":{\"@id\":\"https:\\\/\\\/www.aspb.cat\\\/#website\"},\"primaryImageOfPage\":{\"@id\":\"https:\\\/\\\/www.aspb.cat\\\/es\\\/documents\\\/ruidoambientalsalud-bcn2021\\\/#primaryimage\"},\"image\":{\"@id\":\"https:\\\/\\\/www.aspb.cat\\\/es\\\/documents\\\/ruidoambientalsalud-bcn2021\\\/#primaryimage\"},\"thumbnailUrl\":\"https:\\\/\\\/www.aspb.cat\\\/wp-content\\\/uploads\\\/2021\\\/03\\\/sorollambientalisalut-bcn2021.jpg\",\"datePublished\":\"2021-03-01T16:07:00+00:00\",\"dateModified\":\"2022-04-21T12:38:18+00:00\",\"breadcrumb\":{\"@id\":\"https:\\\/\\\/www.aspb.cat\\\/es\\\/documents\\\/ruidoambientalsalud-bcn2021\\\/#breadcrumb\"},\"inLanguage\":\"es\",\"potentialAction\":[{\"@type\":\"ReadAction\",\"target\":[\"https:\\\/\\\/www.aspb.cat\\\/es\\\/documents\\\/ruidoambientalsalud-bcn2021\\\/\"]}]},{\"@type\":\"ImageObject\",\"inLanguage\":\"es\",\"@id\":\"https:\\\/\\\/www.aspb.cat\\\/es\\\/documents\\\/ruidoambientalsalud-bcn2021\\\/#primaryimage\",\"url\":\"https:\\\/\\\/www.aspb.cat\\\/wp-content\\\/uploads\\\/2021\\\/03\\\/sorollambientalisalut-bcn2021.jpg\",\"contentUrl\":\"https:\\\/\\\/www.aspb.cat\\\/wp-content\\\/uploads\\\/2021\\\/03\\\/sorollambientalisalut-bcn2021.jpg\",\"width\":595,\"height\":842},{\"@type\":\"BreadcrumbList\",\"@id\":\"https:\\\/\\\/www.aspb.cat\\\/es\\\/documents\\\/ruidoambientalsalud-bcn2021\\\/#breadcrumb\",\"itemListElement\":[{\"@type\":\"ListItem\",\"position\":1,\"name\":\"Inici\",\"item\":\"https:\\\/\\\/www.aspb.cat\\\/es\\\/\"},{\"@type\":\"ListItem\",\"position\":2,\"name\":\"Documents\",\"item\":\"https:\\\/\\\/www.aspb.cat\\\/documents\\\/\"},{\"@type\":\"ListItem\",\"position\":3,\"name\":\"Ruido ambiental y salud en la ciudad de Barcelona\"}]},{\"@type\":\"WebSite\",\"@id\":\"https:\\\/\\\/www.aspb.cat\\\/#website\",\"url\":\"https:\\\/\\\/www.aspb.cat\\\/\",\"name\":\"ASPB\",\"description\":\"Just another WordPress site\",\"potentialAction\":[{\"@type\":\"SearchAction\",\"target\":{\"@type\":\"EntryPoint\",\"urlTemplate\":\"https:\\\/\\\/www.aspb.cat\\\/?s={search_term_string}\"},\"query-input\":{\"@type\":\"PropertyValueSpecification\",\"valueRequired\":true,\"valueName\":\"search_term_string\"}}],\"inLanguage\":\"es\"}]}<\/script>\n<!-- \/ Yoast SEO Premium plugin. -->","yoast_head_json":{"title":"Ruido ambiental y salud en la ciudad de Barcelona - ASPB","robots":{"index":"index","follow":"follow","max-snippet":"max-snippet:-1","max-image-preview":"max-image-preview:large","max-video-preview":"max-video-preview:-1"},"canonical":"https:\/\/www.aspb.cat\/es\/documents\/ruidoambientalsalud-bcn2021\/","og_locale":"es_ES","og_type":"article","og_title":"Ruido ambiental y salud en la ciudad de Barcelona","og_description":"Este informe analiza la exposici\u00f3n al ruido ambiental en la ciudad de Barcelona desde la [&hellip;]","og_url":"https:\/\/www.aspb.cat\/es\/documents\/ruidoambientalsalud-bcn2021\/","og_site_name":"ASPB","article_publisher":"https:\/\/www.facebook.com\/salutpublicabcn","article_modified_time":"2022-04-21T12:38:18+00:00","og_image":[{"width":595,"height":842,"url":"https:\/\/www.aspb.cat\/wp-content\/uploads\/2021\/03\/sorollambientalisalut-bcn2021.jpg","type":"image\/jpeg"}],"twitter_card":"summary_large_image","twitter_site":"@salutpublicabcn","twitter_misc":{"Tiempo de lectura":"1 minuto"},"schema":{"@context":"https:\/\/schema.org","@graph":[{"@type":"WebPage","@id":"https:\/\/www.aspb.cat\/es\/documents\/ruidoambientalsalud-bcn2021\/","url":"https:\/\/www.aspb.cat\/es\/documents\/ruidoambientalsalud-bcn2021\/","name":"Ruido ambiental y salud en la ciudad de Barcelona - ASPB","isPartOf":{"@id":"https:\/\/www.aspb.cat\/#website"},"primaryImageOfPage":{"@id":"https:\/\/www.aspb.cat\/es\/documents\/ruidoambientalsalud-bcn2021\/#primaryimage"},"image":{"@id":"https:\/\/www.aspb.cat\/es\/documents\/ruidoambientalsalud-bcn2021\/#primaryimage"},"thumbnailUrl":"https:\/\/www.aspb.cat\/wp-content\/uploads\/2021\/03\/sorollambientalisalut-bcn2021.jpg","datePublished":"2021-03-01T16:07:00+00:00","dateModified":"2022-04-21T12:38:18+00:00","breadcrumb":{"@id":"https:\/\/www.aspb.cat\/es\/documents\/ruidoambientalsalud-bcn2021\/#breadcrumb"},"inLanguage":"es","potentialAction":[{"@type":"ReadAction","target":["https:\/\/www.aspb.cat\/es\/documents\/ruidoambientalsalud-bcn2021\/"]}]},{"@type":"ImageObject","inLanguage":"es","@id":"https:\/\/www.aspb.cat\/es\/documents\/ruidoambientalsalud-bcn2021\/#primaryimage","url":"https:\/\/www.aspb.cat\/wp-content\/uploads\/2021\/03\/sorollambientalisalut-bcn2021.jpg","contentUrl":"https:\/\/www.aspb.cat\/wp-content\/uploads\/2021\/03\/sorollambientalisalut-bcn2021.jpg","width":595,"height":842},{"@type":"BreadcrumbList","@id":"https:\/\/www.aspb.cat\/es\/documents\/ruidoambientalsalud-bcn2021\/#breadcrumb","itemListElement":[{"@type":"ListItem","position":1,"name":"Inici","item":"https:\/\/www.aspb.cat\/es\/"},{"@type":"ListItem","position":2,"name":"Documents","item":"https:\/\/www.aspb.cat\/documents\/"},{"@type":"ListItem","position":3,"name":"Ruido ambiental y salud en la ciudad de Barcelona"}]},{"@type":"WebSite","@id":"https:\/\/www.aspb.cat\/#website","url":"https:\/\/www.aspb.cat\/","name":"ASPB","description":"Just another WordPress site","potentialAction":[{"@type":"SearchAction","target":{"@type":"EntryPoint","urlTemplate":"https:\/\/www.aspb.cat\/?s={search_term_string}"},"query-input":{"@type":"PropertyValueSpecification","valueRequired":true,"valueName":"search_term_string"}}],"inLanguage":"es"}]}},"_links":{"self":[{"href":"https:\/\/www.aspb.cat\/es\/wp-json\/wp\/v2\/documento\/30947","targetHints":{"allow":["GET"]}}],"collection":[{"href":"https:\/\/www.aspb.cat\/es\/wp-json\/wp\/v2\/documento"}],"about":[{"href":"https:\/\/www.aspb.cat\/es\/wp-json\/wp\/v2\/types\/documento"}],"version-history":[{"count":3,"href":"https:\/\/www.aspb.cat\/es\/wp-json\/wp\/v2\/documento\/30947\/revisions"}],"predecessor-version":[{"id":42302,"href":"https:\/\/www.aspb.cat\/es\/wp-json\/wp\/v2\/documento\/30947\/revisions\/42302"}],"wp:featuredmedia":[{"embeddable":true,"href":"https:\/\/www.aspb.cat\/es\/wp-json\/wp\/v2\/media\/30471"}],"wp:attachment":[{"href":"https:\/\/www.aspb.cat\/es\/wp-json\/wp\/v2\/media?parent=30947"}],"wp:term":[{"taxonomy":"tema","embeddable":true,"href":"https:\/\/www.aspb.cat\/es\/wp-json\/wp\/v2\/tema?post=30947"},{"taxonomy":"tipusdocument","embeddable":true,"href":"https:\/\/www.aspb.cat\/es\/wp-json\/wp\/v2\/tipusdocument?post=30947"}],"curies":[{"name":"wp","href":"https:\/\/api.w.org\/{rel}","templated":true}]}}

<p>Este informe analiza la exposición al ruido ambiental en la ciudad de Barcelona desde la perspectiva de la salud teniendo en cuenta la percepción y las desigualdades sociales, sintetiza la evidencia sobre los efectos del ruido ambiental en la salud y estima el impacto que el ruido tiene actualmente en la salud de la población de Barcelona. Así, el documento presenta por primera vez el nuevo Sistema de vigilancia del impacto sobre la salud del ruido ambiental en Barcelona (VISSAB) que definió la <em>Agència de Salut Pública de Barcelona</em> (ASPB) para hacer seguimiento de la exposición al ruido y el impacto en salud en la ciudad y evaluar las medidas aplicadas en la ciudad.</p>

<!-- This site is optimized with the Yoast SEO Premium plugin v27.5 (Yoast SEO v27.5) - https://yoast.com/product/yoast-seo-premium-wordpress/ -->
<title>Ruido ambiental y salud en la ciudad de Barcelona - ASPB</title>
<meta name="robots" content="index, follow, max-snippet:-1, max-image-preview:large, max-video-preview:-1" />
<link rel="canonical" href="https://www.aspb.cat/es/documents/ruidoambientalsalud-bcn2021/" />
<meta property="og:locale" content="es_ES" />
<meta property="og:type" content="article" />
<meta property="og:title" content="Ruido ambiental y salud en la ciudad de Barcelona" />
<meta property="og:description" content="Este informe analiza la exposición al ruido ambiental en la ciudad de Barcelona desde la [&hellip;]" />
<meta property="og:url" content="https://www.aspb.cat/es/documents/ruidoambientalsalud-bcn2021/" />
<meta property="og:site_name" content="ASPB" />
<meta property="article:publisher" content="https://www.facebook.com/salutpublicabcn" />
<meta property="article:modified_time" content="2022-04-21T12:38:18+00:00" />
<meta property="og:image" content="https://www.aspb.cat/wp-content/uploads/2021/03/sorollambientalisalut-bcn2021.jpg" />
	<meta property="og:image:width" content="595" />
	<meta property="og:image:height" content="842" />
	<meta property="og:image:type" content="image/jpeg" />
<meta name="twitter:card" content="summary_large_image" />
<meta name="twitter:site" content="@salutpublicabcn" />
<meta name="twitter:label1" content="Tiempo de lectura" />
	<meta name="twitter:data1" content="1 minuto" />
<script type="application/ld+json" class="yoast-schema-graph">{"@context":"https:\/\/schema.org","@graph":[{"@type":"WebPage","@id":"https:\/\/www.aspb.cat\/es\/documents\/ruidoambientalsalud-bcn2021\/","url":"https:\/\/www.aspb.cat\/es\/documents\/ruidoambientalsalud-bcn2021\/","name":"Ruido ambiental y salud en la ciudad de Barcelona - ASPB","isPartOf":{"@id":"https:\/\/www.aspb.cat\/#website"},"primaryImageOfPage":{"@id":"https:\/\/www.aspb.cat\/es\/documents\/ruidoambientalsalud-bcn2021\/#primaryimage"},"image":{"@id":"https:\/\/www.aspb.cat\/es\/documents\/ruidoambientalsalud-bcn2021\/#primaryimage"},"thumbnailUrl":"https:\/\/www.aspb.cat\/wp-content\/uploads\/2021\/03\/sorollambientalisalut-bcn2021.jpg","datePublished":"2021-03-01T16:07:00+00:00","dateModified":"2022-04-21T12:38:18+00:00","breadcrumb":{"@id":"https:\/\/www.aspb.cat\/es\/documents\/ruidoambientalsalud-bcn2021\/#breadcrumb"},"inLanguage":"es","potentialAction":[{"@type":"ReadAction","target":["https:\/\/www.aspb.cat\/es\/documents\/ruidoambientalsalud-bcn2021\/"]}]},{"@type":"ImageObject","inLanguage":"es","@id":"https:\/\/www.aspb.cat\/es\/documents\/ruidoambientalsalud-bcn2021\/#primaryimage","url":"https:\/\/www.aspb.cat\/wp-content\/uploads\/2021\/03\/sorollambientalisalut-bcn2021.jpg","contentUrl":"https:\/\/www.aspb.cat\/wp-content\/uploads\/2021\/03\/sorollambientalisalut-bcn2021.jpg","width":595,"height":842},{"@type":"BreadcrumbList","@id":"https:\/\/www.aspb.cat\/es\/documents\/ruidoambientalsalud-bcn2021\/#breadcrumb","itemListElement":[{"@type":"ListItem","position":1,"name":"Inici","item":"https:\/\/www.aspb.cat\/es\/"},{"@type":"ListItem","position":2,"name":"Documents","item":"https:\/\/www.aspb.cat\/documents\/"},{"@type":"ListItem","position":3,"name":"Ruido ambiental y salud en la ciudad de Barcelona"}]},{"@type":"WebSite","@id":"https:\/\/www.aspb.cat\/#website","url":"https:\/\/www.aspb.cat\/","name":"ASPB","description":"Just another WordPress site","potentialAction":[{"@type":"SearchAction","target":{"@type":"EntryPoint","urlTemplate":"https:\/\/www.aspb.cat\/?s={search_term_string}"},"query-input":{"@type":"PropertyValueSpecification","valueRequired":true,"valueName":"search_term_string"}}],"inLanguage":"es"}]}</script>
<!-- / Yoast SEO Premium plugin. -->

Este informe analiza la exposición al ruido ambiental en la ciudad de Barcelona desde la [&hellip;]
