{"id":30316,"date":"2020-11-03T10:33:04","date_gmt":"2020-11-03T10:33:04","guid":{"rendered":"https:\/\/www.aspb.cat\/documents\/covid19aldiabcn\/"},"modified":"2021-12-16T17:15:02","modified_gmt":"2021-12-16T17:15:02","slug":"covid19aldiabcn","status":"publish","type":"documento","link":"https:\/\/www.aspb.cat\/es\/documentos\/covid19aldiabcn\/","title":{"rendered":"\u00bfC\u00f3mo afecta a la COVID-19 en la poblaci\u00f3n de Barcelona?"},"content":{"rendered":"\n<div style=\"height:20px\" aria-hidden=\"true\" class=\"wp-block-spacer\"><\/div>\n\n\n<p style=\"text-align: center;\"><a href=\"https:\/\/aspb.shinyapps.io\/COVID19_BCN\/\" target=\"_blank\" rel=\"noopener noreferrer\"><span class=\"boton\">Visualizar los datos<\/span><\/a> <a href=\"https:\/\/webs.aspb.cat\/covid19aldiabcn\/\" target=\"_blank\" rel=\"noopener noreferrer\"><span class=\"boton\">Ampliar informaci\u00f3n<\/span><\/a><\/p>\n\n\n<div class=\"moure_faqs_aqui\"><\/div>\n\n\n<div class=\"caixa_avis\">\n<p>A fecha de 30 mayo de 2020 ha habido un cambio en la informaci\u00f3n utilizada en esta web, para que los datos provengan de la misma fuente validada y ajustada por el Departamento de Salud. Este cambio implica la actualizaci\u00f3n de toda la serie y, por tanto, algunos cambios respeto los datos mostrados con anterioridad a esta fecha.<\/p>\n<\/div>\n\n\n<div style=\"height:30px\" aria-hidden=\"true\" class=\"wp-block-spacer\"><\/div>\n","protected":false},"featured_media":30318,"template":"","tema":[149,150,288,318,319],"tipusdocument":[178],"class_list":["post-30316","documento","type-documento","status-publish","has-post-thumbnail","hentry","tema-salud-barcelona","tema-salud-cifras-es","tema-covid19-es","tema-covid-epidemiologia-es","tema-covid-salud-cifras-es","tipusdocument-datos","publish","author-ext_acaillab","impar","primero"],"acf":[],"yoast_head":"<!-- This site is optimized with the Yoast SEO Premium plugin v27.5 (Yoast SEO v27.5) - https:\/\/yoast.com\/product\/yoast-seo-premium-wordpress\/ -->\n<title>\u00bfC\u00f3mo afecta a la COVID-19 en la poblaci\u00f3n de Barcelona? - ASPB<\/title>\n<meta name=\"robots\" content=\"index, follow, max-snippet:-1, max-image-preview:large, max-video-preview:-1\" \/>\n<link rel=\"canonical\" href=\"https:\/\/www.aspb.cat\/es\/documents\/covid19aldiabcn\/\" \/>\n<meta property=\"og:locale\" content=\"es_ES\" \/>\n<meta property=\"og:type\" content=\"article\" \/>\n<meta property=\"og:title\" content=\"\u00bfC\u00f3mo afecta a la COVID-19 en la poblaci\u00f3n de Barcelona?\" \/>\n<meta property=\"og:description\" content=\"Visualizar los datos Ampliar informaci\u00f3n A fecha de 30 mayo de 2020 ha habido un [&hellip;]\" \/>\n<meta property=\"og:url\" content=\"https:\/\/www.aspb.cat\/es\/documents\/covid19aldiabcn\/\" \/>\n<meta property=\"og:site_name\" content=\"ASPB\" \/>\n<meta property=\"article:publisher\" content=\"https:\/\/www.facebook.com\/salutpublicabcn\" \/>\n<meta property=\"article:modified_time\" content=\"2021-12-16T17:15:02+00:00\" \/>\n<meta property=\"og:image\" content=\"https:\/\/www.aspb.cat\/wp-content\/uploads\/2020\/11\/covid19aldiabcn-DOC-02.jpg\" \/>\n\t<meta property=\"og:image:width\" content=\"1460\" \/>\n\t<meta property=\"og:image:height\" content=\"918\" \/>\n\t<meta property=\"og:image:type\" content=\"image\/jpeg\" \/>\n<meta name=\"twitter:card\" content=\"summary_large_image\" \/>\n<meta name=\"twitter:site\" content=\"@salutpublicabcn\" \/>\n<meta name=\"twitter:label1\" content=\"Tiempo de lectura\" \/>\n\t<meta name=\"twitter:data1\" content=\"1 minuto\" \/>\n<script type=\"application\/ld+json\" class=\"yoast-schema-graph\">{\"@context\":\"https:\\\/\\\/schema.org\",\"@graph\":[{\"@type\":\"WebPage\",\"@id\":\"https:\\\/\\\/www.aspb.cat\\\/es\\\/documents\\\/covid19aldiabcn\\\/\",\"url\":\"https:\\\/\\\/www.aspb.cat\\\/es\\\/documents\\\/covid19aldiabcn\\\/\",\"name\":\"\u00bfC\u00f3mo afecta a la COVID-19 en la poblaci\u00f3n de Barcelona? - ASPB\",\"isPartOf\":{\"@id\":\"https:\\\/\\\/www.aspb.cat\\\/#website\"},\"primaryImageOfPage\":{\"@id\":\"https:\\\/\\\/www.aspb.cat\\\/es\\\/documents\\\/covid19aldiabcn\\\/#primaryimage\"},\"image\":{\"@id\":\"https:\\\/\\\/www.aspb.cat\\\/es\\\/documents\\\/covid19aldiabcn\\\/#primaryimage\"},\"thumbnailUrl\":\"https:\\\/\\\/www.aspb.cat\\\/wp-content\\\/uploads\\\/2020\\\/11\\\/covid19aldiabcn-DOC-02.jpg\",\"datePublished\":\"2020-11-03T10:33:04+00:00\",\"dateModified\":\"2021-12-16T17:15:02+00:00\",\"breadcrumb\":{\"@id\":\"https:\\\/\\\/www.aspb.cat\\\/es\\\/documents\\\/covid19aldiabcn\\\/#breadcrumb\"},\"inLanguage\":\"es\",\"potentialAction\":[{\"@type\":\"ReadAction\",\"target\":[\"https:\\\/\\\/www.aspb.cat\\\/es\\\/documents\\\/covid19aldiabcn\\\/\"]}]},{\"@type\":\"ImageObject\",\"inLanguage\":\"es\",\"@id\":\"https:\\\/\\\/www.aspb.cat\\\/es\\\/documents\\\/covid19aldiabcn\\\/#primaryimage\",\"url\":\"https:\\\/\\\/www.aspb.cat\\\/wp-content\\\/uploads\\\/2020\\\/11\\\/covid19aldiabcn-DOC-02.jpg\",\"contentUrl\":\"https:\\\/\\\/www.aspb.cat\\\/wp-content\\\/uploads\\\/2020\\\/11\\\/covid19aldiabcn-DOC-02.jpg\",\"width\":1460,\"height\":918},{\"@type\":\"BreadcrumbList\",\"@id\":\"https:\\\/\\\/www.aspb.cat\\\/es\\\/documents\\\/covid19aldiabcn\\\/#breadcrumb\",\"itemListElement\":[{\"@type\":\"ListItem\",\"position\":1,\"name\":\"Inici\",\"item\":\"https:\\\/\\\/www.aspb.cat\\\/es\\\/\"},{\"@type\":\"ListItem\",\"position\":2,\"name\":\"Documents\",\"item\":\"https:\\\/\\\/www.aspb.cat\\\/documents\\\/\"},{\"@type\":\"ListItem\",\"position\":3,\"name\":\"\u00bfC\u00f3mo afecta a la COVID-19 en la poblaci\u00f3n de Barcelona?\"}]},{\"@type\":\"WebSite\",\"@id\":\"https:\\\/\\\/www.aspb.cat\\\/#website\",\"url\":\"https:\\\/\\\/www.aspb.cat\\\/\",\"name\":\"ASPB\",\"description\":\"Just another WordPress site\",\"potentialAction\":[{\"@type\":\"SearchAction\",\"target\":{\"@type\":\"EntryPoint\",\"urlTemplate\":\"https:\\\/\\\/www.aspb.cat\\\/?s={search_term_string}\"},\"query-input\":{\"@type\":\"PropertyValueSpecification\",\"valueRequired\":true,\"valueName\":\"search_term_string\"}}],\"inLanguage\":\"es\"}]}<\/script>\n<!-- \/ Yoast SEO Premium plugin. -->","yoast_head_json":{"title":"\u00bfC\u00f3mo afecta a la COVID-19 en la poblaci\u00f3n de Barcelona? - ASPB","robots":{"index":"index","follow":"follow","max-snippet":"max-snippet:-1","max-image-preview":"max-image-preview:large","max-video-preview":"max-video-preview:-1"},"canonical":"https:\/\/www.aspb.cat\/es\/documents\/covid19aldiabcn\/","og_locale":"es_ES","og_type":"article","og_title":"\u00bfC\u00f3mo afecta a la COVID-19 en la poblaci\u00f3n de Barcelona?","og_description":"Visualizar los datos Ampliar informaci\u00f3n A fecha de 30 mayo de 2020 ha habido un [&hellip;]","og_url":"https:\/\/www.aspb.cat\/es\/documents\/covid19aldiabcn\/","og_site_name":"ASPB","article_publisher":"https:\/\/www.facebook.com\/salutpublicabcn","article_modified_time":"2021-12-16T17:15:02+00:00","og_image":[{"width":1460,"height":918,"url":"https:\/\/www.aspb.cat\/wp-content\/uploads\/2020\/11\/covid19aldiabcn-DOC-02.jpg","type":"image\/jpeg"}],"twitter_card":"summary_large_image","twitter_site":"@salutpublicabcn","twitter_misc":{"Tiempo de lectura":"1 minuto"},"schema":{"@context":"https:\/\/schema.org","@graph":[{"@type":"WebPage","@id":"https:\/\/www.aspb.cat\/es\/documents\/covid19aldiabcn\/","url":"https:\/\/www.aspb.cat\/es\/documents\/covid19aldiabcn\/","name":"\u00bfC\u00f3mo afecta a la COVID-19 en la poblaci\u00f3n de Barcelona? - ASPB","isPartOf":{"@id":"https:\/\/www.aspb.cat\/#website"},"primaryImageOfPage":{"@id":"https:\/\/www.aspb.cat\/es\/documents\/covid19aldiabcn\/#primaryimage"},"image":{"@id":"https:\/\/www.aspb.cat\/es\/documents\/covid19aldiabcn\/#primaryimage"},"thumbnailUrl":"https:\/\/www.aspb.cat\/wp-content\/uploads\/2020\/11\/covid19aldiabcn-DOC-02.jpg","datePublished":"2020-11-03T10:33:04+00:00","dateModified":"2021-12-16T17:15:02+00:00","breadcrumb":{"@id":"https:\/\/www.aspb.cat\/es\/documents\/covid19aldiabcn\/#breadcrumb"},"inLanguage":"es","potentialAction":[{"@type":"ReadAction","target":["https:\/\/www.aspb.cat\/es\/documents\/covid19aldiabcn\/"]}]},{"@type":"ImageObject","inLanguage":"es","@id":"https:\/\/www.aspb.cat\/es\/documents\/covid19aldiabcn\/#primaryimage","url":"https:\/\/www.aspb.cat\/wp-content\/uploads\/2020\/11\/covid19aldiabcn-DOC-02.jpg","contentUrl":"https:\/\/www.aspb.cat\/wp-content\/uploads\/2020\/11\/covid19aldiabcn-DOC-02.jpg","width":1460,"height":918},{"@type":"BreadcrumbList","@id":"https:\/\/www.aspb.cat\/es\/documents\/covid19aldiabcn\/#breadcrumb","itemListElement":[{"@type":"ListItem","position":1,"name":"Inici","item":"https:\/\/www.aspb.cat\/es\/"},{"@type":"ListItem","position":2,"name":"Documents","item":"https:\/\/www.aspb.cat\/documents\/"},{"@type":"ListItem","position":3,"name":"\u00bfC\u00f3mo afecta a la COVID-19 en la poblaci\u00f3n de Barcelona?"}]},{"@type":"WebSite","@id":"https:\/\/www.aspb.cat\/#website","url":"https:\/\/www.aspb.cat\/","name":"ASPB","description":"Just another WordPress site","potentialAction":[{"@type":"SearchAction","target":{"@type":"EntryPoint","urlTemplate":"https:\/\/www.aspb.cat\/?s={search_term_string}"},"query-input":{"@type":"PropertyValueSpecification","valueRequired":true,"valueName":"search_term_string"}}],"inLanguage":"es"}]}},"_links":{"self":[{"href":"https:\/\/www.aspb.cat\/es\/wp-json\/wp\/v2\/documento\/30316","targetHints":{"allow":["GET"]}}],"collection":[{"href":"https:\/\/www.aspb.cat\/es\/wp-json\/wp\/v2\/documento"}],"about":[{"href":"https:\/\/www.aspb.cat\/es\/wp-json\/wp\/v2\/types\/documento"}],"version-history":[{"count":5,"href":"https:\/\/www.aspb.cat\/es\/wp-json\/wp\/v2\/documento\/30316\/revisions"}],"predecessor-version":[{"id":38890,"href":"https:\/\/www.aspb.cat\/es\/wp-json\/wp\/v2\/documento\/30316\/revisions\/38890"}],"wp:featuredmedia":[{"embeddable":true,"href":"https:\/\/www.aspb.cat\/es\/wp-json\/wp\/v2\/media\/30318"}],"wp:attachment":[{"href":"https:\/\/www.aspb.cat\/es\/wp-json\/wp\/v2\/media?parent=30316"}],"wp:term":[{"taxonomy":"tema","embeddable":true,"href":"https:\/\/www.aspb.cat\/es\/wp-json\/wp\/v2\/tema?post=30316"},{"taxonomy":"tipusdocument","embeddable":true,"href":"https:\/\/www.aspb.cat\/es\/wp-json\/wp\/v2\/tipusdocument?post=30316"}],"curies":[{"name":"wp","href":"https:\/\/api.w.org\/{rel}","templated":true}]}}

¿Cómo afecta a la COVID-19 en la población de Barcelona?

<div style="height:20px" aria-hidden="true" class="wp-block-spacer"></div>


<p style="text-align: center;"><a href="https://aspb.shinyapps.io/COVID19_BCN/" target="_blank" rel="noopener noreferrer"><span class="boton">Visualizar los datos</span></a> <a href="https://webs.aspb.cat/covid19aldiabcn/" target="_blank" rel="noopener noreferrer"><span class="boton">Ampliar información</span></a></p>


<div class="moure_faqs_aqui"></div>


<div class="caixa_avis">
<p>A fecha de 30 mayo de 2020 ha habido un cambio en la información utilizada en esta web, para que los datos provengan de la misma fuente validada y ajustada por el Departamento de Salud. Este cambio implica la actualización de toda la serie y, por tanto, algunos cambios respeto los datos mostrados con anterioridad a esta fecha.</p>
</div>


<div style="height:30px" aria-hidden="true" class="wp-block-spacer"></div>

<!-- This site is optimized with the Yoast SEO Premium plugin v27.5 (Yoast SEO v27.5) - https://yoast.com/product/yoast-seo-premium-wordpress/ -->
<title>¿Cómo afecta a la COVID-19 en la población de Barcelona? - ASPB</title>
<meta name="robots" content="index, follow, max-snippet:-1, max-image-preview:large, max-video-preview:-1" />
<link rel="canonical" href="https://www.aspb.cat/es/documents/covid19aldiabcn/" />
<meta property="og:locale" content="es_ES" />
<meta property="og:type" content="article" />
<meta property="og:title" content="¿Cómo afecta a la COVID-19 en la población de Barcelona?" />
<meta property="og:description" content="Visualizar los datos Ampliar información A fecha de 30 mayo de 2020 ha habido un [&hellip;]" />
<meta property="og:url" content="https://www.aspb.cat/es/documents/covid19aldiabcn/" />
<meta property="og:site_name" content="ASPB" />
<meta property="article:publisher" content="https://www.facebook.com/salutpublicabcn" />
<meta property="article:modified_time" content="2021-12-16T17:15:02+00:00" />
<meta property="og:image" content="https://www.aspb.cat/wp-content/uploads/2020/11/covid19aldiabcn-DOC-02.jpg" />
	<meta property="og:image:width" content="1460" />
	<meta property="og:image:height" content="918" />
	<meta property="og:image:type" content="image/jpeg" />
<meta name="twitter:card" content="summary_large_image" />
<meta name="twitter:site" content="@salutpublicabcn" />
<meta name="twitter:label1" content="Tiempo de lectura" />
	<meta name="twitter:data1" content="1 minuto" />
<script type="application/ld+json" class="yoast-schema-graph">{"@context":"https:\/\/schema.org","@graph":[{"@type":"WebPage","@id":"https:\/\/www.aspb.cat\/es\/documents\/covid19aldiabcn\/","url":"https:\/\/www.aspb.cat\/es\/documents\/covid19aldiabcn\/","name":"¿Cómo afecta a la COVID-19 en la población de Barcelona? - ASPB","isPartOf":{"@id":"https:\/\/www.aspb.cat\/#website"},"primaryImageOfPage":{"@id":"https:\/\/www.aspb.cat\/es\/documents\/covid19aldiabcn\/#primaryimage"},"image":{"@id":"https:\/\/www.aspb.cat\/es\/documents\/covid19aldiabcn\/#primaryimage"},"thumbnailUrl":"https:\/\/www.aspb.cat\/wp-content\/uploads\/2020\/11\/covid19aldiabcn-DOC-02.jpg","datePublished":"2020-11-03T10:33:04+00:00","dateModified":"2021-12-16T17:15:02+00:00","breadcrumb":{"@id":"https:\/\/www.aspb.cat\/es\/documents\/covid19aldiabcn\/#breadcrumb"},"inLanguage":"es","potentialAction":[{"@type":"ReadAction","target":["https:\/\/www.aspb.cat\/es\/documents\/covid19aldiabcn\/"]}]},{"@type":"ImageObject","inLanguage":"es","@id":"https:\/\/www.aspb.cat\/es\/documents\/covid19aldiabcn\/#primaryimage","url":"https:\/\/www.aspb.cat\/wp-content\/uploads\/2020\/11\/covid19aldiabcn-DOC-02.jpg","contentUrl":"https:\/\/www.aspb.cat\/wp-content\/uploads\/2020\/11\/covid19aldiabcn-DOC-02.jpg","width":1460,"height":918},{"@type":"BreadcrumbList","@id":"https:\/\/www.aspb.cat\/es\/documents\/covid19aldiabcn\/#breadcrumb","itemListElement":[{"@type":"ListItem","position":1,"name":"Inici","item":"https:\/\/www.aspb.cat\/es\/"},{"@type":"ListItem","position":2,"name":"Documents","item":"https:\/\/www.aspb.cat\/documents\/"},{"@type":"ListItem","position":3,"name":"¿Cómo afecta a la COVID-19 en la población de Barcelona?"}]},{"@type":"WebSite","@id":"https:\/\/www.aspb.cat\/#website","url":"https:\/\/www.aspb.cat\/","name":"ASPB","description":"Just another WordPress site","potentialAction":[{"@type":"SearchAction","target":{"@type":"EntryPoint","urlTemplate":"https:\/\/www.aspb.cat\/?s={search_term_string}"},"query-input":{"@type":"PropertyValueSpecification","valueRequired":true,"valueName":"search_term_string"}}],"inLanguage":"es"}]}</script>
<!-- / Yoast SEO Premium plugin. -->

¿Cómo afecta a la COVID-19 en la población de Barcelona? - ASPB

Visualizar los datos Ampliar información A fecha de 30 mayo de 2020 ha habido un [&hellip;]
