{"id":30307,"date":"2020-07-21T12:07:53","date_gmt":"2020-07-21T12:07:53","guid":{"rendered":"https:\/\/www.aspb.cat\/documents\/pobresa-energetica-salut\/"},"modified":"2022-06-14T13:29:03","modified_gmt":"2022-06-14T13:29:03","slug":"pobresa-energetica-salud","status":"publish","type":"documento","link":"https:\/\/www.aspb.cat\/es\/documentos\/pobresa-energetica-salud\/","title":{"rendered":"Emergencia habitacional, pobreza energ\u00e9tica y salud"},"content":{"rendered":"\n<p>El informe analiza la problem\u00e1tica de la p\u00e9rdida de la vivienda y el acceso a los suministros y sus consecuencias en salud a trav\u00e9s de entrevistas a personas participantes de la Plataforma de Afectadas por la Hipoteca (PAH) y la Alianza contra la Pobreza Energ\u00e9tica (APE) de la ciudad de Barcelona entre los a\u00f1os 2017 y 2020.<\/p>\n\n\n\n<p>El informe ha sido elaborado conjuntamente entre la Plataforma de Afectadas por la Hipoteca (PAH) de Barcelona, la Alianza contra la Pobreza Energ\u00e9tica (APE), Ingenier\u00eda Sin Fronteras (ISF), el Observatorio de los Derechos Econ\u00f3micos Sociales y Culturales (Observatorio DESC) y la <em>Ag\u00e8ncia de Salut P\u00fablica de Barcelona<\/em> (ASPB).<\/p>\n","protected":false},"featured_media":31341,"template":"","tema":[192,340],"tipusdocument":[167],"class_list":["post-30307","documento","type-documento","status-publish","has-post-thumbnail","hentry","tema-entornos","tema-vivienda","tipusdocument-informes","publish","author-ext_acaillab","impar","primero"],"acf":[],"yoast_head":"<!-- This site is optimized with the Yoast SEO Premium plugin v27.5 (Yoast SEO v27.5) - https:\/\/yoast.com\/product\/yoast-seo-premium-wordpress\/ -->\n<title>Emergencia habitacional, pobreza energ\u00e9tica y salud - ASPB<\/title>\n<meta name=\"robots\" content=\"index, follow, max-snippet:-1, max-image-preview:large, max-video-preview:-1\" \/>\n<link rel=\"canonical\" href=\"https:\/\/www.aspb.cat\/es\/documents\/pobresa-energetica-salud\/\" \/>\n<meta property=\"og:locale\" content=\"es_ES\" \/>\n<meta property=\"og:type\" content=\"article\" \/>\n<meta property=\"og:title\" content=\"Emergencia habitacional, pobreza energ\u00e9tica y salud\" \/>\n<meta property=\"og:description\" content=\"El informe analiza la problem\u00e1tica de la p\u00e9rdida de la vivienda y el acceso a [&hellip;]\" \/>\n<meta property=\"og:url\" content=\"https:\/\/www.aspb.cat\/es\/documents\/pobresa-energetica-salud\/\" \/>\n<meta property=\"og:site_name\" content=\"ASPB\" \/>\n<meta property=\"article:publisher\" content=\"https:\/\/www.facebook.com\/salutpublicabcn\" \/>\n<meta property=\"article:modified_time\" content=\"2022-06-14T13:29:03+00:00\" \/>\n<meta property=\"og:image\" content=\"https:\/\/www.aspb.cat\/wp-content\/uploads\/2020\/07\/Pobresa-energetica-salud-CAST.jpg\" \/>\n\t<meta property=\"og:image:width\" content=\"595\" \/>\n\t<meta property=\"og:image:height\" content=\"842\" \/>\n\t<meta property=\"og:image:type\" content=\"image\/jpeg\" \/>\n<meta name=\"twitter:card\" content=\"summary_large_image\" \/>\n<meta name=\"twitter:site\" content=\"@salutpublicabcn\" \/>\n<meta name=\"twitter:label1\" content=\"Tiempo de lectura\" \/>\n\t<meta name=\"twitter:data1\" content=\"1 minuto\" \/>\n<script type=\"application\/ld+json\" class=\"yoast-schema-graph\">{\"@context\":\"https:\\\/\\\/schema.org\",\"@graph\":[{\"@type\":\"WebPage\",\"@id\":\"https:\\\/\\\/www.aspb.cat\\\/es\\\/documents\\\/pobresa-energetica-salud\\\/\",\"url\":\"https:\\\/\\\/www.aspb.cat\\\/es\\\/documents\\\/pobresa-energetica-salud\\\/\",\"name\":\"Emergencia habitacional, pobreza energ\u00e9tica y salud - ASPB\",\"isPartOf\":{\"@id\":\"https:\\\/\\\/www.aspb.cat\\\/#website\"},\"primaryImageOfPage\":{\"@id\":\"https:\\\/\\\/www.aspb.cat\\\/es\\\/documents\\\/pobresa-energetica-salud\\\/#primaryimage\"},\"image\":{\"@id\":\"https:\\\/\\\/www.aspb.cat\\\/es\\\/documents\\\/pobresa-energetica-salud\\\/#primaryimage\"},\"thumbnailUrl\":\"https:\\\/\\\/www.aspb.cat\\\/wp-content\\\/uploads\\\/2020\\\/07\\\/Pobresa-energetica-salud-CAST.jpg\",\"datePublished\":\"2020-07-21T12:07:53+00:00\",\"dateModified\":\"2022-06-14T13:29:03+00:00\",\"breadcrumb\":{\"@id\":\"https:\\\/\\\/www.aspb.cat\\\/es\\\/documents\\\/pobresa-energetica-salud\\\/#breadcrumb\"},\"inLanguage\":\"es\",\"potentialAction\":[{\"@type\":\"ReadAction\",\"target\":[\"https:\\\/\\\/www.aspb.cat\\\/es\\\/documents\\\/pobresa-energetica-salud\\\/\"]}]},{\"@type\":\"ImageObject\",\"inLanguage\":\"es\",\"@id\":\"https:\\\/\\\/www.aspb.cat\\\/es\\\/documents\\\/pobresa-energetica-salud\\\/#primaryimage\",\"url\":\"https:\\\/\\\/www.aspb.cat\\\/wp-content\\\/uploads\\\/2020\\\/07\\\/Pobresa-energetica-salud-CAST.jpg\",\"contentUrl\":\"https:\\\/\\\/www.aspb.cat\\\/wp-content\\\/uploads\\\/2020\\\/07\\\/Pobresa-energetica-salud-CAST.jpg\",\"width\":595,\"height\":842},{\"@type\":\"BreadcrumbList\",\"@id\":\"https:\\\/\\\/www.aspb.cat\\\/es\\\/documents\\\/pobresa-energetica-salud\\\/#breadcrumb\",\"itemListElement\":[{\"@type\":\"ListItem\",\"position\":1,\"name\":\"Inici\",\"item\":\"https:\\\/\\\/www.aspb.cat\\\/es\\\/\"},{\"@type\":\"ListItem\",\"position\":2,\"name\":\"Documents\",\"item\":\"https:\\\/\\\/www.aspb.cat\\\/documents\\\/\"},{\"@type\":\"ListItem\",\"position\":3,\"name\":\"Emergencia habitacional, pobreza energ\u00e9tica y salud\"}]},{\"@type\":\"WebSite\",\"@id\":\"https:\\\/\\\/www.aspb.cat\\\/#website\",\"url\":\"https:\\\/\\\/www.aspb.cat\\\/\",\"name\":\"ASPB\",\"description\":\"Just another WordPress site\",\"potentialAction\":[{\"@type\":\"SearchAction\",\"target\":{\"@type\":\"EntryPoint\",\"urlTemplate\":\"https:\\\/\\\/www.aspb.cat\\\/?s={search_term_string}\"},\"query-input\":{\"@type\":\"PropertyValueSpecification\",\"valueRequired\":true,\"valueName\":\"search_term_string\"}}],\"inLanguage\":\"es\"}]}<\/script>\n<!-- \/ Yoast SEO Premium plugin. -->","yoast_head_json":{"title":"Emergencia habitacional, pobreza energ\u00e9tica y salud - ASPB","robots":{"index":"index","follow":"follow","max-snippet":"max-snippet:-1","max-image-preview":"max-image-preview:large","max-video-preview":"max-video-preview:-1"},"canonical":"https:\/\/www.aspb.cat\/es\/documents\/pobresa-energetica-salud\/","og_locale":"es_ES","og_type":"article","og_title":"Emergencia habitacional, pobreza energ\u00e9tica y salud","og_description":"El informe analiza la problem\u00e1tica de la p\u00e9rdida de la vivienda y el acceso a [&hellip;]","og_url":"https:\/\/www.aspb.cat\/es\/documents\/pobresa-energetica-salud\/","og_site_name":"ASPB","article_publisher":"https:\/\/www.facebook.com\/salutpublicabcn","article_modified_time":"2022-06-14T13:29:03+00:00","og_image":[{"width":595,"height":842,"url":"https:\/\/www.aspb.cat\/wp-content\/uploads\/2020\/07\/Pobresa-energetica-salud-CAST.jpg","type":"image\/jpeg"}],"twitter_card":"summary_large_image","twitter_site":"@salutpublicabcn","twitter_misc":{"Tiempo de lectura":"1 minuto"},"schema":{"@context":"https:\/\/schema.org","@graph":[{"@type":"WebPage","@id":"https:\/\/www.aspb.cat\/es\/documents\/pobresa-energetica-salud\/","url":"https:\/\/www.aspb.cat\/es\/documents\/pobresa-energetica-salud\/","name":"Emergencia habitacional, pobreza energ\u00e9tica y salud - ASPB","isPartOf":{"@id":"https:\/\/www.aspb.cat\/#website"},"primaryImageOfPage":{"@id":"https:\/\/www.aspb.cat\/es\/documents\/pobresa-energetica-salud\/#primaryimage"},"image":{"@id":"https:\/\/www.aspb.cat\/es\/documents\/pobresa-energetica-salud\/#primaryimage"},"thumbnailUrl":"https:\/\/www.aspb.cat\/wp-content\/uploads\/2020\/07\/Pobresa-energetica-salud-CAST.jpg","datePublished":"2020-07-21T12:07:53+00:00","dateModified":"2022-06-14T13:29:03+00:00","breadcrumb":{"@id":"https:\/\/www.aspb.cat\/es\/documents\/pobresa-energetica-salud\/#breadcrumb"},"inLanguage":"es","potentialAction":[{"@type":"ReadAction","target":["https:\/\/www.aspb.cat\/es\/documents\/pobresa-energetica-salud\/"]}]},{"@type":"ImageObject","inLanguage":"es","@id":"https:\/\/www.aspb.cat\/es\/documents\/pobresa-energetica-salud\/#primaryimage","url":"https:\/\/www.aspb.cat\/wp-content\/uploads\/2020\/07\/Pobresa-energetica-salud-CAST.jpg","contentUrl":"https:\/\/www.aspb.cat\/wp-content\/uploads\/2020\/07\/Pobresa-energetica-salud-CAST.jpg","width":595,"height":842},{"@type":"BreadcrumbList","@id":"https:\/\/www.aspb.cat\/es\/documents\/pobresa-energetica-salud\/#breadcrumb","itemListElement":[{"@type":"ListItem","position":1,"name":"Inici","item":"https:\/\/www.aspb.cat\/es\/"},{"@type":"ListItem","position":2,"name":"Documents","item":"https:\/\/www.aspb.cat\/documents\/"},{"@type":"ListItem","position":3,"name":"Emergencia habitacional, pobreza energ\u00e9tica y salud"}]},{"@type":"WebSite","@id":"https:\/\/www.aspb.cat\/#website","url":"https:\/\/www.aspb.cat\/","name":"ASPB","description":"Just another WordPress site","potentialAction":[{"@type":"SearchAction","target":{"@type":"EntryPoint","urlTemplate":"https:\/\/www.aspb.cat\/?s={search_term_string}"},"query-input":{"@type":"PropertyValueSpecification","valueRequired":true,"valueName":"search_term_string"}}],"inLanguage":"es"}]}},"_links":{"self":[{"href":"https:\/\/www.aspb.cat\/es\/wp-json\/wp\/v2\/documento\/30307","targetHints":{"allow":["GET"]}}],"collection":[{"href":"https:\/\/www.aspb.cat\/es\/wp-json\/wp\/v2\/documento"}],"about":[{"href":"https:\/\/www.aspb.cat\/es\/wp-json\/wp\/v2\/types\/documento"}],"version-history":[{"count":6,"href":"https:\/\/www.aspb.cat\/es\/wp-json\/wp\/v2\/documento\/30307\/revisions"}],"predecessor-version":[{"id":43645,"href":"https:\/\/www.aspb.cat\/es\/wp-json\/wp\/v2\/documento\/30307\/revisions\/43645"}],"wp:featuredmedia":[{"embeddable":true,"href":"https:\/\/www.aspb.cat\/es\/wp-json\/wp\/v2\/media\/31341"}],"wp:attachment":[{"href":"https:\/\/www.aspb.cat\/es\/wp-json\/wp\/v2\/media?parent=30307"}],"wp:term":[{"taxonomy":"tema","embeddable":true,"href":"https:\/\/www.aspb.cat\/es\/wp-json\/wp\/v2\/tema?post=30307"},{"taxonomy":"tipusdocument","embeddable":true,"href":"https:\/\/www.aspb.cat\/es\/wp-json\/wp\/v2\/tipusdocument?post=30307"}],"curies":[{"name":"wp","href":"https:\/\/api.w.org\/{rel}","templated":true}]}}

Emergencia habitacional, pobreza energética y salud

<p>El informe analiza la problemática de la pérdida de la vivienda y el acceso a los suministros y sus consecuencias en salud a través de entrevistas a personas participantes de la Plataforma de Afectadas por la Hipoteca (PAH) y la Alianza contra la Pobreza Energética (APE) de la ciudad de Barcelona entre los años 2017 y 2020.</p>



<p>El informe ha sido elaborado conjuntamente entre la Plataforma de Afectadas por la Hipoteca (PAH) de Barcelona, la Alianza contra la Pobreza Energética (APE), Ingeniería Sin Fronteras (ISF), el Observatorio de los Derechos Económicos Sociales y Culturales (Observatorio DESC) y la <em>Agència de Salut Pública de Barcelona</em> (ASPB).</p>

<!-- This site is optimized with the Yoast SEO Premium plugin v27.5 (Yoast SEO v27.5) - https://yoast.com/product/yoast-seo-premium-wordpress/ -->
<title>Emergencia habitacional, pobreza energética y salud - ASPB</title>
<meta name="robots" content="index, follow, max-snippet:-1, max-image-preview:large, max-video-preview:-1" />
<link rel="canonical" href="https://www.aspb.cat/es/documents/pobresa-energetica-salud/" />
<meta property="og:locale" content="es_ES" />
<meta property="og:type" content="article" />
<meta property="og:title" content="Emergencia habitacional, pobreza energética y salud" />
<meta property="og:description" content="El informe analiza la problemática de la pérdida de la vivienda y el acceso a [&hellip;]" />
<meta property="og:url" content="https://www.aspb.cat/es/documents/pobresa-energetica-salud/" />
<meta property="og:site_name" content="ASPB" />
<meta property="article:publisher" content="https://www.facebook.com/salutpublicabcn" />
<meta property="article:modified_time" content="2022-06-14T13:29:03+00:00" />
<meta property="og:image" content="https://www.aspb.cat/wp-content/uploads/2020/07/Pobresa-energetica-salud-CAST.jpg" />
	<meta property="og:image:width" content="595" />
	<meta property="og:image:height" content="842" />
	<meta property="og:image:type" content="image/jpeg" />
<meta name="twitter:card" content="summary_large_image" />
<meta name="twitter:site" content="@salutpublicabcn" />
<meta name="twitter:label1" content="Tiempo de lectura" />
	<meta name="twitter:data1" content="1 minuto" />
<script type="application/ld+json" class="yoast-schema-graph">{"@context":"https:\/\/schema.org","@graph":[{"@type":"WebPage","@id":"https:\/\/www.aspb.cat\/es\/documents\/pobresa-energetica-salud\/","url":"https:\/\/www.aspb.cat\/es\/documents\/pobresa-energetica-salud\/","name":"Emergencia habitacional, pobreza energética y salud - ASPB","isPartOf":{"@id":"https:\/\/www.aspb.cat\/#website"},"primaryImageOfPage":{"@id":"https:\/\/www.aspb.cat\/es\/documents\/pobresa-energetica-salud\/#primaryimage"},"image":{"@id":"https:\/\/www.aspb.cat\/es\/documents\/pobresa-energetica-salud\/#primaryimage"},"thumbnailUrl":"https:\/\/www.aspb.cat\/wp-content\/uploads\/2020\/07\/Pobresa-energetica-salud-CAST.jpg","datePublished":"2020-07-21T12:07:53+00:00","dateModified":"2022-06-14T13:29:03+00:00","breadcrumb":{"@id":"https:\/\/www.aspb.cat\/es\/documents\/pobresa-energetica-salud\/#breadcrumb"},"inLanguage":"es","potentialAction":[{"@type":"ReadAction","target":["https:\/\/www.aspb.cat\/es\/documents\/pobresa-energetica-salud\/"]}]},{"@type":"ImageObject","inLanguage":"es","@id":"https:\/\/www.aspb.cat\/es\/documents\/pobresa-energetica-salud\/#primaryimage","url":"https:\/\/www.aspb.cat\/wp-content\/uploads\/2020\/07\/Pobresa-energetica-salud-CAST.jpg","contentUrl":"https:\/\/www.aspb.cat\/wp-content\/uploads\/2020\/07\/Pobresa-energetica-salud-CAST.jpg","width":595,"height":842},{"@type":"BreadcrumbList","@id":"https:\/\/www.aspb.cat\/es\/documents\/pobresa-energetica-salud\/#breadcrumb","itemListElement":[{"@type":"ListItem","position":1,"name":"Inici","item":"https:\/\/www.aspb.cat\/es\/"},{"@type":"ListItem","position":2,"name":"Documents","item":"https:\/\/www.aspb.cat\/documents\/"},{"@type":"ListItem","position":3,"name":"Emergencia habitacional, pobreza energética y salud"}]},{"@type":"WebSite","@id":"https:\/\/www.aspb.cat\/#website","url":"https:\/\/www.aspb.cat\/","name":"ASPB","description":"Just another WordPress site","potentialAction":[{"@type":"SearchAction","target":{"@type":"EntryPoint","urlTemplate":"https:\/\/www.aspb.cat\/?s={search_term_string}"},"query-input":{"@type":"PropertyValueSpecification","valueRequired":true,"valueName":"search_term_string"}}],"inLanguage":"es"}]}</script>
<!-- / Yoast SEO Premium plugin. -->

Emergencia habitacional, pobreza energética y salud - ASPB

El informe analiza la problemática de la pérdida de la vivienda y el acceso a [&hellip;]
