{"id":29805,"date":"2020-08-17T12:24:56","date_gmt":"2020-08-17T12:24:56","guid":{"rendered":"https:\/\/www.aspb.cat\/documents\/persones-mortes-barcelona-lesions-collisio-transit-2019\/"},"modified":"2022-05-23T13:46:37","modified_gmt":"2022-05-23T13:46:37","slug":"persones-muertas-barcelona-lesiones-colisiones-transito","status":"publish","type":"documento","link":"https:\/\/www.aspb.cat\/es\/documentos\/persones-muertas-barcelona-lesiones-colisiones-transito\/","title":{"rendered":"Personas muertas en Barcelona por lesiones causadas por colisiones de tr\u00e1fico"},"content":{"rendered":"<p>En este documento se analiza la informaci\u00f3n proporcionada por el <em>Institut de Medicina Legal i Ci\u00e8ncies Forenses de Catalunya<\/em> (IMLCFC). Este informe tiene como objetivos describir las caracter\u00edsticas de las personas fallecidas en Barcelona por lesiones por tr\u00e1fico, en funci\u00f3n de variables sociodemogr\u00e1ficas, caracter\u00edsticas de la colisi\u00f3n, y tipos de lesi\u00f3n y describir la evoluci\u00f3n y las caracter\u00edsticas de las personas fallecidas en Barcelona por colisiones de tr\u00e1fico desde el a\u00f1o 1997. Cabe se\u00f1alar que se incluyen a las personas fallecidas en Barcelona por lesiones por tr\u00e1fico, tanto si la colisi\u00f3n ha ocurrido en Barcelona ciudad, como si ha ocurrido fuera, pero la persona ha fallecido en Barcelona tras ser trasladada a un hospital de la ciudad. El an\u00e1lisis estad\u00edstico incluye todos los casos menos en dos cap\u00edtulos en los que se analiza la muestra incluyendo s\u00f3lo los casos en los que la colisi\u00f3n ha tenido lugar en Barcelona.<\/p>\n<p>En 2020, el confinamiento, y la consecuente reducci\u00f3n de tr\u00e1fico en Barcelona, redujeron el n\u00famero de colisiones y las muertes derivadas. Asimismo se produjeron 27 fallecidos, 19 de ellos en accidentes producidos en la ciudad.<\/p>\n<div class=\"moure_faqs_aqui\"><\/div>\n\n","protected":false},"featured_media":40684,"template":"","tema":[150,169],"tipusdocument":[167],"class_list":["post-29805","documento","type-documento","status-publish","has-post-thumbnail","hentry","tema-salud-cifras-es","tema-lesions-transit","tipusdocument-informes","publish","author-ext_acaillab","impar","primero"],"acf":[],"yoast_head":"<!-- This site is optimized with the Yoast SEO Premium plugin v27.5 (Yoast SEO v27.5) - https:\/\/yoast.com\/product\/yoast-seo-premium-wordpress\/ -->\n<title>Personas muertas en Barcelona por lesiones causadas por colisiones de tr\u00e1fico - ASPB<\/title>\n<meta name=\"robots\" content=\"index, follow, max-snippet:-1, max-image-preview:large, max-video-preview:-1\" \/>\n<link rel=\"canonical\" href=\"https:\/\/www.aspb.cat\/es\/documents\/persones-muertas-barcelona-lesiones-colisiones-transito\/\" \/>\n<meta property=\"og:locale\" content=\"es_ES\" \/>\n<meta property=\"og:type\" content=\"article\" \/>\n<meta property=\"og:title\" content=\"Personas muertas en Barcelona por lesiones causadas por colisiones de tr\u00e1fico\" \/>\n<meta property=\"og:description\" content=\"En este documento se analiza la informaci\u00f3n proporcionada por el Institut de Medicina Legal i [&hellip;]\" \/>\n<meta property=\"og:url\" content=\"https:\/\/www.aspb.cat\/es\/documents\/persones-muertas-barcelona-lesiones-colisiones-transito\/\" \/>\n<meta property=\"og:site_name\" content=\"ASPB\" \/>\n<meta property=\"article:publisher\" content=\"https:\/\/www.facebook.com\/salutpublicabcn\" \/>\n<meta property=\"article:modified_time\" content=\"2022-05-23T13:46:37+00:00\" \/>\n<meta property=\"og:image\" content=\"https:\/\/www.aspb.cat\/wp-content\/uploads\/2020\/08\/ASPB-persones-mortes-barcelona-lesions-collisio-transit-2020-IMG.jpg\" \/>\n\t<meta property=\"og:image:width\" content=\"595\" \/>\n\t<meta property=\"og:image:height\" content=\"842\" \/>\n\t<meta property=\"og:image:type\" content=\"image\/jpeg\" \/>\n<meta name=\"twitter:card\" content=\"summary_large_image\" \/>\n<meta name=\"twitter:site\" content=\"@salutpublicabcn\" \/>\n<meta name=\"twitter:label1\" content=\"Tiempo de lectura\" \/>\n\t<meta name=\"twitter:data1\" content=\"2 minutos\" \/>\n<script type=\"application\/ld+json\" class=\"yoast-schema-graph\">{\"@context\":\"https:\\\/\\\/schema.org\",\"@graph\":[{\"@type\":\"WebPage\",\"@id\":\"https:\\\/\\\/www.aspb.cat\\\/es\\\/documents\\\/persones-muertas-barcelona-lesiones-colisiones-transito\\\/\",\"url\":\"https:\\\/\\\/www.aspb.cat\\\/es\\\/documents\\\/persones-muertas-barcelona-lesiones-colisiones-transito\\\/\",\"name\":\"Personas muertas en Barcelona por lesiones causadas por colisiones de tr\u00e1fico - ASPB\",\"isPartOf\":{\"@id\":\"https:\\\/\\\/www.aspb.cat\\\/#website\"},\"primaryImageOfPage\":{\"@id\":\"https:\\\/\\\/www.aspb.cat\\\/es\\\/documents\\\/persones-muertas-barcelona-lesiones-colisiones-transito\\\/#primaryimage\"},\"image\":{\"@id\":\"https:\\\/\\\/www.aspb.cat\\\/es\\\/documents\\\/persones-muertas-barcelona-lesiones-colisiones-transito\\\/#primaryimage\"},\"thumbnailUrl\":\"https:\\\/\\\/www.aspb.cat\\\/wp-content\\\/uploads\\\/2020\\\/08\\\/ASPB-persones-mortes-barcelona-lesions-collisio-transit-2020-IMG.jpg\",\"datePublished\":\"2020-08-17T12:24:56+00:00\",\"dateModified\":\"2022-05-23T13:46:37+00:00\",\"breadcrumb\":{\"@id\":\"https:\\\/\\\/www.aspb.cat\\\/es\\\/documents\\\/persones-muertas-barcelona-lesiones-colisiones-transito\\\/#breadcrumb\"},\"inLanguage\":\"es\",\"potentialAction\":[{\"@type\":\"ReadAction\",\"target\":[\"https:\\\/\\\/www.aspb.cat\\\/es\\\/documents\\\/persones-muertas-barcelona-lesiones-colisiones-transito\\\/\"]}]},{\"@type\":\"ImageObject\",\"inLanguage\":\"es\",\"@id\":\"https:\\\/\\\/www.aspb.cat\\\/es\\\/documents\\\/persones-muertas-barcelona-lesiones-colisiones-transito\\\/#primaryimage\",\"url\":\"https:\\\/\\\/www.aspb.cat\\\/wp-content\\\/uploads\\\/2020\\\/08\\\/ASPB-persones-mortes-barcelona-lesions-collisio-transit-2020-IMG.jpg\",\"contentUrl\":\"https:\\\/\\\/www.aspb.cat\\\/wp-content\\\/uploads\\\/2020\\\/08\\\/ASPB-persones-mortes-barcelona-lesions-collisio-transit-2020-IMG.jpg\",\"width\":595,\"height\":842},{\"@type\":\"BreadcrumbList\",\"@id\":\"https:\\\/\\\/www.aspb.cat\\\/es\\\/documents\\\/persones-muertas-barcelona-lesiones-colisiones-transito\\\/#breadcrumb\",\"itemListElement\":[{\"@type\":\"ListItem\",\"position\":1,\"name\":\"Inici\",\"item\":\"https:\\\/\\\/www.aspb.cat\\\/es\\\/\"},{\"@type\":\"ListItem\",\"position\":2,\"name\":\"Documents\",\"item\":\"https:\\\/\\\/www.aspb.cat\\\/documents\\\/\"},{\"@type\":\"ListItem\",\"position\":3,\"name\":\"Personas muertas en Barcelona por lesiones causadas por colisiones de tr\u00e1fico\"}]},{\"@type\":\"WebSite\",\"@id\":\"https:\\\/\\\/www.aspb.cat\\\/#website\",\"url\":\"https:\\\/\\\/www.aspb.cat\\\/\",\"name\":\"ASPB\",\"description\":\"Just another WordPress site\",\"potentialAction\":[{\"@type\":\"SearchAction\",\"target\":{\"@type\":\"EntryPoint\",\"urlTemplate\":\"https:\\\/\\\/www.aspb.cat\\\/?s={search_term_string}\"},\"query-input\":{\"@type\":\"PropertyValueSpecification\",\"valueRequired\":true,\"valueName\":\"search_term_string\"}}],\"inLanguage\":\"es\"}]}<\/script>\n<!-- \/ Yoast SEO Premium plugin. -->","yoast_head_json":{"title":"Personas muertas en Barcelona por lesiones causadas por colisiones de tr\u00e1fico - ASPB","robots":{"index":"index","follow":"follow","max-snippet":"max-snippet:-1","max-image-preview":"max-image-preview:large","max-video-preview":"max-video-preview:-1"},"canonical":"https:\/\/www.aspb.cat\/es\/documents\/persones-muertas-barcelona-lesiones-colisiones-transito\/","og_locale":"es_ES","og_type":"article","og_title":"Personas muertas en Barcelona por lesiones causadas por colisiones de tr\u00e1fico","og_description":"En este documento se analiza la informaci\u00f3n proporcionada por el Institut de Medicina Legal i [&hellip;]","og_url":"https:\/\/www.aspb.cat\/es\/documents\/persones-muertas-barcelona-lesiones-colisiones-transito\/","og_site_name":"ASPB","article_publisher":"https:\/\/www.facebook.com\/salutpublicabcn","article_modified_time":"2022-05-23T13:46:37+00:00","og_image":[{"width":595,"height":842,"url":"https:\/\/www.aspb.cat\/wp-content\/uploads\/2020\/08\/ASPB-persones-mortes-barcelona-lesions-collisio-transit-2020-IMG.jpg","type":"image\/jpeg"}],"twitter_card":"summary_large_image","twitter_site":"@salutpublicabcn","twitter_misc":{"Tiempo de lectura":"2 minutos"},"schema":{"@context":"https:\/\/schema.org","@graph":[{"@type":"WebPage","@id":"https:\/\/www.aspb.cat\/es\/documents\/persones-muertas-barcelona-lesiones-colisiones-transito\/","url":"https:\/\/www.aspb.cat\/es\/documents\/persones-muertas-barcelona-lesiones-colisiones-transito\/","name":"Personas muertas en Barcelona por lesiones causadas por colisiones de tr\u00e1fico - ASPB","isPartOf":{"@id":"https:\/\/www.aspb.cat\/#website"},"primaryImageOfPage":{"@id":"https:\/\/www.aspb.cat\/es\/documents\/persones-muertas-barcelona-lesiones-colisiones-transito\/#primaryimage"},"image":{"@id":"https:\/\/www.aspb.cat\/es\/documents\/persones-muertas-barcelona-lesiones-colisiones-transito\/#primaryimage"},"thumbnailUrl":"https:\/\/www.aspb.cat\/wp-content\/uploads\/2020\/08\/ASPB-persones-mortes-barcelona-lesions-collisio-transit-2020-IMG.jpg","datePublished":"2020-08-17T12:24:56+00:00","dateModified":"2022-05-23T13:46:37+00:00","breadcrumb":{"@id":"https:\/\/www.aspb.cat\/es\/documents\/persones-muertas-barcelona-lesiones-colisiones-transito\/#breadcrumb"},"inLanguage":"es","potentialAction":[{"@type":"ReadAction","target":["https:\/\/www.aspb.cat\/es\/documents\/persones-muertas-barcelona-lesiones-colisiones-transito\/"]}]},{"@type":"ImageObject","inLanguage":"es","@id":"https:\/\/www.aspb.cat\/es\/documents\/persones-muertas-barcelona-lesiones-colisiones-transito\/#primaryimage","url":"https:\/\/www.aspb.cat\/wp-content\/uploads\/2020\/08\/ASPB-persones-mortes-barcelona-lesions-collisio-transit-2020-IMG.jpg","contentUrl":"https:\/\/www.aspb.cat\/wp-content\/uploads\/2020\/08\/ASPB-persones-mortes-barcelona-lesions-collisio-transit-2020-IMG.jpg","width":595,"height":842},{"@type":"BreadcrumbList","@id":"https:\/\/www.aspb.cat\/es\/documents\/persones-muertas-barcelona-lesiones-colisiones-transito\/#breadcrumb","itemListElement":[{"@type":"ListItem","position":1,"name":"Inici","item":"https:\/\/www.aspb.cat\/es\/"},{"@type":"ListItem","position":2,"name":"Documents","item":"https:\/\/www.aspb.cat\/documents\/"},{"@type":"ListItem","position":3,"name":"Personas muertas en Barcelona por lesiones causadas por colisiones de tr\u00e1fico"}]},{"@type":"WebSite","@id":"https:\/\/www.aspb.cat\/#website","url":"https:\/\/www.aspb.cat\/","name":"ASPB","description":"Just another WordPress site","potentialAction":[{"@type":"SearchAction","target":{"@type":"EntryPoint","urlTemplate":"https:\/\/www.aspb.cat\/?s={search_term_string}"},"query-input":{"@type":"PropertyValueSpecification","valueRequired":true,"valueName":"search_term_string"}}],"inLanguage":"es"}]}},"_links":{"self":[{"href":"https:\/\/www.aspb.cat\/es\/wp-json\/wp\/v2\/documento\/29805","targetHints":{"allow":["GET"]}}],"collection":[{"href":"https:\/\/www.aspb.cat\/es\/wp-json\/wp\/v2\/documento"}],"about":[{"href":"https:\/\/www.aspb.cat\/es\/wp-json\/wp\/v2\/types\/documento"}],"version-history":[{"count":5,"href":"https:\/\/www.aspb.cat\/es\/wp-json\/wp\/v2\/documento\/29805\/revisions"}],"predecessor-version":[{"id":43169,"href":"https:\/\/www.aspb.cat\/es\/wp-json\/wp\/v2\/documento\/29805\/revisions\/43169"}],"wp:featuredmedia":[{"embeddable":true,"href":"https:\/\/www.aspb.cat\/es\/wp-json\/wp\/v2\/media\/40684"}],"wp:attachment":[{"href":"https:\/\/www.aspb.cat\/es\/wp-json\/wp\/v2\/media?parent=29805"}],"wp:term":[{"taxonomy":"tema","embeddable":true,"href":"https:\/\/www.aspb.cat\/es\/wp-json\/wp\/v2\/tema?post=29805"},{"taxonomy":"tipusdocument","embeddable":true,"href":"https:\/\/www.aspb.cat\/es\/wp-json\/wp\/v2\/tipusdocument?post=29805"}],"curies":[{"name":"wp","href":"https:\/\/api.w.org\/{rel}","templated":true}]}}

Personas muertas en Barcelona por lesiones causadas por colisiones de tráfico

<p>En este documento se analiza la información proporcionada por el <em>Institut de Medicina Legal i Ciències Forenses de Catalunya</em> (IMLCFC). Este informe tiene como objetivos describir las características de las personas fallecidas en Barcelona por lesiones por tráfico, en función de variables sociodemográficas, características de la colisión, y tipos de lesión y describir la evolución y las características de las personas fallecidas en Barcelona por colisiones de tráfico desde el año 1997. Cabe señalar que se incluyen a las personas fallecidas en Barcelona por lesiones por tráfico, tanto si la colisión ha ocurrido en Barcelona ciudad, como si ha ocurrido fuera, pero la persona ha fallecido en Barcelona tras ser trasladada a un hospital de la ciudad. El análisis estadístico incluye todos los casos menos en dos capítulos en los que se analiza la muestra incluyendo sólo los casos en los que la colisión ha tenido lugar en Barcelona.</p>
<p>En 2020, el confinamiento, y la consecuente reducción de tráfico en Barcelona, redujeron el número de colisiones y las muertes derivadas. Asimismo se produjeron 27 fallecidos, 19 de ellos en accidentes producidos en la ciudad.</p>
<div class="moure_faqs_aqui"></div>

<!-- This site is optimized with the Yoast SEO Premium plugin v27.5 (Yoast SEO v27.5) - https://yoast.com/product/yoast-seo-premium-wordpress/ -->
<title>Personas muertas en Barcelona por lesiones causadas por colisiones de tráfico - ASPB</title>
<meta name="robots" content="index, follow, max-snippet:-1, max-image-preview:large, max-video-preview:-1" />
<link rel="canonical" href="https://www.aspb.cat/es/documents/persones-muertas-barcelona-lesiones-colisiones-transito/" />
<meta property="og:locale" content="es_ES" />
<meta property="og:type" content="article" />
<meta property="og:title" content="Personas muertas en Barcelona por lesiones causadas por colisiones de tráfico" />
<meta property="og:description" content="En este documento se analiza la información proporcionada por el Institut de Medicina Legal i [&hellip;]" />
<meta property="og:url" content="https://www.aspb.cat/es/documents/persones-muertas-barcelona-lesiones-colisiones-transito/" />
<meta property="og:site_name" content="ASPB" />
<meta property="article:publisher" content="https://www.facebook.com/salutpublicabcn" />
<meta property="article:modified_time" content="2022-05-23T13:46:37+00:00" />
<meta property="og:image" content="https://www.aspb.cat/wp-content/uploads/2020/08/ASPB-persones-mortes-barcelona-lesions-collisio-transit-2020-IMG.jpg" />
	<meta property="og:image:width" content="595" />
	<meta property="og:image:height" content="842" />
	<meta property="og:image:type" content="image/jpeg" />
<meta name="twitter:card" content="summary_large_image" />
<meta name="twitter:site" content="@salutpublicabcn" />
<meta name="twitter:label1" content="Tiempo de lectura" />
	<meta name="twitter:data1" content="2 minutos" />
<script type="application/ld+json" class="yoast-schema-graph">{"@context":"https:\/\/schema.org","@graph":[{"@type":"WebPage","@id":"https:\/\/www.aspb.cat\/es\/documents\/persones-muertas-barcelona-lesiones-colisiones-transito\/","url":"https:\/\/www.aspb.cat\/es\/documents\/persones-muertas-barcelona-lesiones-colisiones-transito\/","name":"Personas muertas en Barcelona por lesiones causadas por colisiones de tráfico - ASPB","isPartOf":{"@id":"https:\/\/www.aspb.cat\/#website"},"primaryImageOfPage":{"@id":"https:\/\/www.aspb.cat\/es\/documents\/persones-muertas-barcelona-lesiones-colisiones-transito\/#primaryimage"},"image":{"@id":"https:\/\/www.aspb.cat\/es\/documents\/persones-muertas-barcelona-lesiones-colisiones-transito\/#primaryimage"},"thumbnailUrl":"https:\/\/www.aspb.cat\/wp-content\/uploads\/2020\/08\/ASPB-persones-mortes-barcelona-lesions-collisio-transit-2020-IMG.jpg","datePublished":"2020-08-17T12:24:56+00:00","dateModified":"2022-05-23T13:46:37+00:00","breadcrumb":{"@id":"https:\/\/www.aspb.cat\/es\/documents\/persones-muertas-barcelona-lesiones-colisiones-transito\/#breadcrumb"},"inLanguage":"es","potentialAction":[{"@type":"ReadAction","target":["https:\/\/www.aspb.cat\/es\/documents\/persones-muertas-barcelona-lesiones-colisiones-transito\/"]}]},{"@type":"ImageObject","inLanguage":"es","@id":"https:\/\/www.aspb.cat\/es\/documents\/persones-muertas-barcelona-lesiones-colisiones-transito\/#primaryimage","url":"https:\/\/www.aspb.cat\/wp-content\/uploads\/2020\/08\/ASPB-persones-mortes-barcelona-lesions-collisio-transit-2020-IMG.jpg","contentUrl":"https:\/\/www.aspb.cat\/wp-content\/uploads\/2020\/08\/ASPB-persones-mortes-barcelona-lesions-collisio-transit-2020-IMG.jpg","width":595,"height":842},{"@type":"BreadcrumbList","@id":"https:\/\/www.aspb.cat\/es\/documents\/persones-muertas-barcelona-lesiones-colisiones-transito\/#breadcrumb","itemListElement":[{"@type":"ListItem","position":1,"name":"Inici","item":"https:\/\/www.aspb.cat\/es\/"},{"@type":"ListItem","position":2,"name":"Documents","item":"https:\/\/www.aspb.cat\/documents\/"},{"@type":"ListItem","position":3,"name":"Personas muertas en Barcelona por lesiones causadas por colisiones de tráfico"}]},{"@type":"WebSite","@id":"https:\/\/www.aspb.cat\/#website","url":"https:\/\/www.aspb.cat\/","name":"ASPB","description":"Just another WordPress site","potentialAction":[{"@type":"SearchAction","target":{"@type":"EntryPoint","urlTemplate":"https:\/\/www.aspb.cat\/?s={search_term_string}"},"query-input":{"@type":"PropertyValueSpecification","valueRequired":true,"valueName":"search_term_string"}}],"inLanguage":"es"}]}</script>
<!-- / Yoast SEO Premium plugin. -->

Personas muertas en Barcelona por lesiones causadas por colisiones de tráfico - ASPB

En este documento se analiza la información proporcionada por el Institut de Medicina Legal i [&hellip;]
